{"id":171009,"date":"2025-07-07T17:19:20","date_gmt":"2025-07-07T15:19:20","guid":{"rendered":"https:\/\/bassin-arcachon.com\/agenda-et-sorties\/les-yeux-dla-tete\/"},"modified":"2026-04-29T04:35:16","modified_gmt":"2026-04-29T02:35:16","slug":"die-augen-des-kopfes","status":"publish","type":"agenda","link":"https:\/\/bassin-arcachon.com\/de\/agenda-et-sorties\/les-yeux-dla-tete\/","title":{"rendered":"Les Yeux d'la t\u00eate (Die Augen des Kopfes)"},"content":{"rendered":"<p>Ein poetisch-festives Konzert!<\/p>\n<p>Nach \u00fcber 1000 Konzerten in nicht weniger als einem Dutzend L\u00e4ndern nehmen Sie Les Yeux d'la t\u00eate fr\u00f6hlich an Bord ihres poetisch-festiven Flo\u00dfes...<\/p>\n<p>Aus dem Gesang? Vom Dancefloor? Viel von beidem bitte und ohne M\u00e4\u00dfigung!<\/p>\n<p>Eine Europatournee, triumphierende Festivals und nun sind die sechs gro\u00dfz\u00fcgigen und lebendigen Musiker wieder da, um ihr siebtes Album vorzustellen!<\/p>\n<p>Sch\u00f6ne Worte zu gutem Sound, einnehmende, witzige, poetische und hoffnungsvolle Texte zu fein ziselierter, energiegeladener und herzlicher Musik.<\/p>\n<p>\u00abEchte B\u00fchnentiere, deren Energie alles wegfegt, was sich ihnen in den Weg stellt!\u00bb La Provence<\/p>","protected":false},"featured_media":247558,"template":"","villea":[2175],"cat-event":[2188],"class_list":["post-171009","agenda","type-agenda","status-publish","has-post-thumbnail","hentry","villea-andernos-les-bains","cat-event-culture"],"acf":[],"uagb_featured_image_src":{"full":["https:\/\/bassin-arcachon.com\/wp-content\/uploads\/2026\/04\/sirtaqui-6c16c97242b9d437bf3134211b7f6fc7.jpg",533,512,false],"thumbnail":["https:\/\/bassin-arcachon.com\/wp-content\/uploads\/2026\/04\/sirtaqui-6c16c97242b9d437bf3134211b7f6fc7-150x150.jpg",150,150,true],"medium":["https:\/\/bassin-arcachon.com\/wp-content\/uploads\/2026\/04\/sirtaqui-6c16c97242b9d437bf3134211b7f6fc7.jpg",533,512,false],"medium_large":["https:\/\/bassin-arcachon.com\/wp-content\/uploads\/2026\/04\/sirtaqui-6c16c97242b9d437bf3134211b7f6fc7.jpg",533,512,false],"large":["https:\/\/bassin-arcachon.com\/wp-content\/uploads\/2026\/04\/sirtaqui-6c16c97242b9d437bf3134211b7f6fc7.jpg",533,512,false],"1536x1536":["https:\/\/bassin-arcachon.com\/wp-content\/uploads\/2026\/04\/sirtaqui-6c16c97242b9d437bf3134211b7f6fc7.jpg",533,512,false],"2048x2048":["https:\/\/bassin-arcachon.com\/wp-content\/uploads\/2026\/04\/sirtaqui-6c16c97242b9d437bf3134211b7f6fc7.jpg",533,512,false],"trp-custom-language-flag":["https:\/\/bassin-arcachon.com\/wp-content\/uploads\/2026\/04\/sirtaqui-6c16c97242b9d437bf3134211b7f6fc7-12x12.jpg",12,12,true]},"uagb_author_info":{"display_name":"","author_link":"https:\/\/bassin-arcachon.com\/de\/author\/"},"uagb_comment_info":0,"uagb_excerpt":"Un concert po\u00e9tico-festif ! Apr\u00e8s plus de 1000 concerts dans pas moins d\u2019une douzaine de pays, Les Yeux d\u2019la t\u00eate vous embarquent joyeusement sur leur radeau po\u00e9tico-festif\u2026 De la chanson [&hellip;]","_links":{"self":[{"href":"https:\/\/bassin-arcachon.com\/de\/wp-json\/wp\/v2\/agenda\/171009","targetHints":{"allow":["GET"]}}],"collection":[{"href":"https:\/\/bassin-arcachon.com\/de\/wp-json\/wp\/v2\/agenda"}],"about":[{"href":"https:\/\/bassin-arcachon.com\/de\/wp-json\/wp\/v2\/types\/agenda"}],"version-history":[{"count":1,"href":"https:\/\/bassin-arcachon.com\/de\/wp-json\/wp\/v2\/agenda\/171009\/revisions"}],"predecessor-version":[{"id":171201,"href":"https:\/\/bassin-arcachon.com\/de\/wp-json\/wp\/v2\/agenda\/171009\/revisions\/171201"}],"wp:featuredmedia":[{"embeddable":true,"href":"https:\/\/bassin-arcachon.com\/de\/wp-json\/wp\/v2\/media\/247558"}],"wp:attachment":[{"href":"https:\/\/bassin-arcachon.com\/de\/wp-json\/wp\/v2\/media?parent=171009"}],"wp:term":[{"taxonomy":"villea","embeddable":true,"href":"https:\/\/bassin-arcachon.com\/de\/wp-json\/wp\/v2\/villea?post=171009"},{"taxonomy":"cat-event","embeddable":true,"href":"https:\/\/bassin-arcachon.com\/de\/wp-json\/wp\/v2\/cat-event?post=171009"}],"curies":[{"name":"wp","href":"https:\/\/api.w.org\/{rel}","templated":true}]}}

Les Yeux d'la tête (Die Augen des Kopfes)

<p>Ein poetisch-festives Konzert!</p>
<p>Nach über 1000 Konzerten in nicht weniger als einem Dutzend Ländern nehmen Sie Les Yeux d'la tête fröhlich an Bord ihres poetisch-festiven Floßes...</p>
<p>Aus dem Gesang? Vom Dancefloor? Viel von beidem bitte und ohne Mäßigung!</p>
<p>Eine Europatournee, triumphierende Festivals und nun sind die sechs großzügigen und lebendigen Musiker wieder da, um ihr siebtes Album vorzustellen!</p>
<p>Schöne Worte zu gutem Sound, einnehmende, witzige, poetische und hoffnungsvolle Texte zu fein ziselierter, energiegeladener und herzlicher Musik.</p>
<p>«Echte Bühnentiere, deren Energie alles wegfegt, was sich ihnen in den Weg stellt!» La Provence</p>

Un concert poético-festif ! Après plus de 1000 concerts dans pas moins d’une douzaine de pays, Les Yeux d’la tête vous embarquent joyeusement sur leur radeau poético-festif… De la chanson [&hellip;]
