{"id":217953,"date":"2008-09-18T15:18:00","date_gmt":"2008-09-18T13:18:00","guid":{"rendered":"https:\/\/bassin-arcachon.com\/agenda-et-sorties\/marche-de-la-teste-de-buch\/"},"modified":"2026-05-01T04:25:24","modified_gmt":"2026-05-01T02:25:24","slug":"buch-head-walk","status":"publish","type":"agenda","link":"https:\/\/bassin-arcachon.com\/de\/agenda-et-sorties\/marche-de-la-teste-de-buch\/","title":{"rendered":"Teste de Buch-Markt"},"content":{"rendered":"<p>Es ist der unumg\u00e4ngliche Markt im Becken von Arcachon (und das nicht nur, weil wir ihn lieben!).<br \/>\nDieser Markt befindet sich in der Rue des Halles, im Herzen von La Teste de Buch und ist ein wahres Festival der<br \/>\nFarben und Aromen. Mehr als 100 H\u00e4ndler, lokale Produzenten und Handwerker kommen zusammen, um Ihnen frische, hochwertige und saisonale Produkte anzubieten.<br \/>\nKnackiges Obst und Gem\u00fcse, frischer Fisch aus dem Wasser, K\u00e4se, der nach<br \/>\nTerroir, ohne die Kreationen aus Textilien und Lederwaren zu vergessen \u2026<br \/>\nDies ist der Ort, wo sich Authentizit\u00e4t mit Geselligkeit vermischt, der obligatorische Treffpunkt der<br \/>\neinheimischer Tourist.<\/p>","protected":false},"featured_media":218073,"template":"","villea":[2174],"cat-event":[],"class_list":["post-217953","agenda","type-agenda","status-publish","has-post-thumbnail","hentry","villea-la-teste-de-buch"],"acf":[],"uagb_featured_image_src":{"full":["https:\/\/bassin-arcachon.com\/wp-content\/uploads\/2026\/01\/sirtaqui-b5cd67f5f3e27ed2a9b7b1c0916216f2.jpg",886,588,false],"thumbnail":["https:\/\/bassin-arcachon.com\/wp-content\/uploads\/2026\/01\/sirtaqui-b5cd67f5f3e27ed2a9b7b1c0916216f2-150x150.jpg",150,150,true],"medium":["https:\/\/bassin-arcachon.com\/wp-content\/uploads\/2026\/01\/sirtaqui-b5cd67f5f3e27ed2a9b7b1c0916216f2-600x398.jpg",600,398,true],"medium_large":["https:\/\/bassin-arcachon.com\/wp-content\/uploads\/2026\/01\/sirtaqui-b5cd67f5f3e27ed2a9b7b1c0916216f2-768x510.jpg",768,510,true],"large":["https:\/\/bassin-arcachon.com\/wp-content\/uploads\/2026\/01\/sirtaqui-b5cd67f5f3e27ed2a9b7b1c0916216f2.jpg",886,588,false],"1536x1536":["https:\/\/bassin-arcachon.com\/wp-content\/uploads\/2026\/01\/sirtaqui-b5cd67f5f3e27ed2a9b7b1c0916216f2.jpg",886,588,false],"2048x2048":["https:\/\/bassin-arcachon.com\/wp-content\/uploads\/2026\/01\/sirtaqui-b5cd67f5f3e27ed2a9b7b1c0916216f2.jpg",886,588,false],"trp-custom-language-flag":["https:\/\/bassin-arcachon.com\/wp-content\/uploads\/2026\/01\/sirtaqui-b5cd67f5f3e27ed2a9b7b1c0916216f2-18x12.jpg",18,12,true]},"uagb_author_info":{"display_name":"","author_link":"https:\/\/bassin-arcachon.com\/de\/author\/"},"uagb_comment_info":0,"uagb_excerpt":"C\u2019est le march\u00e9 incontournable du bassin d\u2019Arcachon (et pas juste parce qu\u2019on l\u2019adore !). Situ\u00e9 rue des Halles, au c\u0153ur de La Teste de Buch, ce march\u00e9 est un v\u00e9ritable [&hellip;]","_links":{"self":[{"href":"https:\/\/bassin-arcachon.com\/de\/wp-json\/wp\/v2\/agenda\/217953","targetHints":{"allow":["GET"]}}],"collection":[{"href":"https:\/\/bassin-arcachon.com\/de\/wp-json\/wp\/v2\/agenda"}],"about":[{"href":"https:\/\/bassin-arcachon.com\/de\/wp-json\/wp\/v2\/types\/agenda"}],"version-history":[{"count":1,"href":"https:\/\/bassin-arcachon.com\/de\/wp-json\/wp\/v2\/agenda\/217953\/revisions"}],"predecessor-version":[{"id":218072,"href":"https:\/\/bassin-arcachon.com\/de\/wp-json\/wp\/v2\/agenda\/217953\/revisions\/218072"}],"wp:featuredmedia":[{"embeddable":true,"href":"https:\/\/bassin-arcachon.com\/de\/wp-json\/wp\/v2\/media\/218073"}],"wp:attachment":[{"href":"https:\/\/bassin-arcachon.com\/de\/wp-json\/wp\/v2\/media?parent=217953"}],"wp:term":[{"taxonomy":"villea","embeddable":true,"href":"https:\/\/bassin-arcachon.com\/de\/wp-json\/wp\/v2\/villea?post=217953"},{"taxonomy":"cat-event","embeddable":true,"href":"https:\/\/bassin-arcachon.com\/de\/wp-json\/wp\/v2\/cat-event?post=217953"}],"curies":[{"name":"wp","href":"https:\/\/api.w.org\/{rel}","templated":true}]}}

<p>Es ist der unumgängliche Markt im Becken von Arcachon (und das nicht nur, weil wir ihn lieben!).<br />
Dieser Markt befindet sich in der Rue des Halles, im Herzen von La Teste de Buch und ist ein wahres Festival der<br />
Farben und Aromen. Mehr als 100 Händler, lokale Produzenten und Handwerker kommen zusammen, um Ihnen frische, hochwertige und saisonale Produkte anzubieten.<br />
Knackiges Obst und Gemüse, frischer Fisch aus dem Wasser, Käse, der nach<br />
Terroir, ohne die Kreationen aus Textilien und Lederwaren zu vergessen …<br />
Dies ist der Ort, wo sich Authentizität mit Geselligkeit vermischt, der obligatorische Treffpunkt der<br />
einheimischer Tourist.</p>

C’est le marché incontournable du bassin d’Arcachon (et pas juste parce qu’on l’adore !). Situé rue des Halles, au cœur de La Teste de Buch, ce marché est un véritable [&hellip;]
