{"id":230408,"date":"2026-02-06T11:43:42","date_gmt":"2026-02-06T10:43:42","guid":{"rendered":"https:\/\/bassin-arcachon.com\/agenda-et-sorties\/chorales-en-fetes\/"},"modified":"2026-04-29T04:36:38","modified_gmt":"2026-04-29T02:36:38","slug":"chores-en-fetes","status":"publish","type":"agenda","link":"https:\/\/bassin-arcachon.com\/de\/agenda-et-sorties\/chorales-en-fetes\/","title":{"rendered":"Ch\u00f6re in Feststimmung"},"content":{"rendered":"<p>Concert et rencontre de chorales<br \/>\nL&rsquo;ensemble vocal \u00ab\u00a0ChAndernos\u00a0\u00bb invite la chorale \u00ab\u00a0Aire singing\u00a0\u00bb d&rsquo;Aire sur l&rsquo;Adour pour une soir\u00e9e musique sous le signe du partage et de la passion du chant choral. Les chefs de choeur Jane HARRIS et Damien SORRAING vous emm\u00e8neront dans un voyage musical \u00e0 travers les grands classiques de la chanson fran\u00e7aise et internationale, harmonis\u00e9s \u00e0 4 voix mixtes.<\/p>","protected":false},"featured_media":242776,"template":"","villea":[2175],"cat-event":[2191],"class_list":["post-230408","agenda","type-agenda","status-publish","has-post-thumbnail","hentry","villea-andernos-les-bains","cat-event-musique-et-concerts"],"acf":[],"uagb_featured_image_src":{"full":["https:\/\/bassin-arcachon.com\/wp-content\/uploads\/2026\/03\/sirtaqui-dcef6dd8244c75e434af1be68d004982.jpg",1200,900,false],"thumbnail":["https:\/\/bassin-arcachon.com\/wp-content\/uploads\/2026\/03\/sirtaqui-dcef6dd8244c75e434af1be68d004982-150x150.jpg",150,150,true],"medium":["https:\/\/bassin-arcachon.com\/wp-content\/uploads\/2026\/03\/sirtaqui-dcef6dd8244c75e434af1be68d004982-600x450.jpg",600,450,true],"medium_large":["https:\/\/bassin-arcachon.com\/wp-content\/uploads\/2026\/03\/sirtaqui-dcef6dd8244c75e434af1be68d004982-768x576.jpg",768,576,true],"large":["https:\/\/bassin-arcachon.com\/wp-content\/uploads\/2026\/03\/sirtaqui-dcef6dd8244c75e434af1be68d004982-1024x768.jpg",1024,768,true],"1536x1536":["https:\/\/bassin-arcachon.com\/wp-content\/uploads\/2026\/03\/sirtaqui-dcef6dd8244c75e434af1be68d004982.jpg",1200,900,false],"2048x2048":["https:\/\/bassin-arcachon.com\/wp-content\/uploads\/2026\/03\/sirtaqui-dcef6dd8244c75e434af1be68d004982.jpg",1200,900,false],"trp-custom-language-flag":["https:\/\/bassin-arcachon.com\/wp-content\/uploads\/2026\/03\/sirtaqui-dcef6dd8244c75e434af1be68d004982-16x12.jpg",16,12,true]},"uagb_author_info":{"display_name":"","author_link":"https:\/\/bassin-arcachon.com\/de\/author\/"},"uagb_comment_info":0,"uagb_excerpt":"Concert et rencontre de chorales L&rsquo;ensemble vocal \u00ab\u00a0ChAndernos\u00a0\u00bb invite la chorale \u00ab\u00a0Aire singing\u00a0\u00bb d&rsquo;Aire sur l&rsquo;Adour pour une soir\u00e9e musique sous le signe du partage et de la passion du [&hellip;]","_links":{"self":[{"href":"https:\/\/bassin-arcachon.com\/de\/wp-json\/wp\/v2\/agenda\/230408","targetHints":{"allow":["GET"]}}],"collection":[{"href":"https:\/\/bassin-arcachon.com\/de\/wp-json\/wp\/v2\/agenda"}],"about":[{"href":"https:\/\/bassin-arcachon.com\/de\/wp-json\/wp\/v2\/types\/agenda"}],"version-history":[{"count":2,"href":"https:\/\/bassin-arcachon.com\/de\/wp-json\/wp\/v2\/agenda\/230408\/revisions"}],"predecessor-version":[{"id":242024,"href":"https:\/\/bassin-arcachon.com\/de\/wp-json\/wp\/v2\/agenda\/230408\/revisions\/242024"}],"wp:featuredmedia":[{"embeddable":true,"href":"https:\/\/bassin-arcachon.com\/de\/wp-json\/wp\/v2\/media\/242776"}],"wp:attachment":[{"href":"https:\/\/bassin-arcachon.com\/de\/wp-json\/wp\/v2\/media?parent=230408"}],"wp:term":[{"taxonomy":"villea","embeddable":true,"href":"https:\/\/bassin-arcachon.com\/de\/wp-json\/wp\/v2\/villea?post=230408"},{"taxonomy":"cat-event","embeddable":true,"href":"https:\/\/bassin-arcachon.com\/de\/wp-json\/wp\/v2\/cat-event?post=230408"}],"curies":[{"name":"wp","href":"https:\/\/api.w.org\/{rel}","templated":true}]}}

Chöre in Feststimmung

<p>Concert et rencontre de chorales<br />
L&rsquo;ensemble vocal « ChAndernos » invite la chorale « Aire singing » d&rsquo;Aire sur l&rsquo;Adour pour une soirée musique sous le signe du partage et de la passion du chant choral. Les chefs de choeur Jane HARRIS et Damien SORRAING vous emmèneront dans un voyage musical à travers les grands classiques de la chanson française et internationale, harmonisés à 4 voix mixtes.</p>

Concert et rencontre de chorales L&rsquo;ensemble vocal « ChAndernos » invite la chorale « Aire singing » d&rsquo;Aire sur l&rsquo;Adour pour une soirée musique sous le signe du partage et de la passion du [&hellip;]
