{"id":238484,"date":"2026-03-14T21:24:37","date_gmt":"2026-03-14T20:24:37","guid":{"rendered":"https:\/\/bassin-arcachon.com\/agenda-et-sorties\/aquarelle-et-dessin-en-plein-air-a-mios\/"},"modified":"2026-04-28T04:37:12","modified_gmt":"2026-04-28T02:37:12","slug":"aquarelle-et-dessin-en-plein-air-a-mios","status":"publish","type":"agenda","link":"https:\/\/bassin-arcachon.com\/de\/agenda-et-sorties\/aquarelle-et-dessin-en-plein-air-a-mios\/","title":{"rendered":"Aquarelle et dessin en plein air \u00e0 Mios"},"content":{"rendered":"<p>Le bord de la Leyre \u00e0 travers vos yeux ! Florence, professeure dipl\u00f4m\u00e9e des Beaux-Arts, vous accompagnera pour r\u00e9aliser votre propre aquarelle dans un cadre inspirant.<br \/>\nAvec une vue sur la nature environnante, d\u00e9couvrez la composition et r\u00e9aliser votre dessin selon votre point de vue et explorer les techniques d\u2019aquarelle (sec et mouill\u00e9). Vous pourrez personnaliser votre \u0153uvre avec des pastels, stylos noirs ou crayons aquarellables. Chaque participant repart avec sa cr\u00e9ation ! <\/p>\n<p>N\u00fctzliche Informationen :<br \/>\nDauer: 2 Stunden<br \/>\nF\u00fcr Kinder ab 6 Jahren<br \/>\nF\u00fcr weitere Informationen wenden Sie sich bitte an das Fremdenverkehrsamt unter 05 57 70 67 56.<\/p>","protected":false},"featured_media":241518,"template":"","villea":[2171],"cat-event":[2188],"class_list":["post-238484","agenda","type-agenda","status-publish","has-post-thumbnail","hentry","villea-coeur-de-bassin","cat-event-culture"],"acf":[],"uagb_featured_image_src":{"full":["https:\/\/bassin-arcachon.com\/wp-content\/uploads\/2026\/03\/sirtaqui-edc242661029ad94e9701c54b06c2d27.jpg",1024,768,false],"thumbnail":["https:\/\/bassin-arcachon.com\/wp-content\/uploads\/2026\/03\/sirtaqui-edc242661029ad94e9701c54b06c2d27-150x150.jpg",150,150,true],"medium":["https:\/\/bassin-arcachon.com\/wp-content\/uploads\/2026\/03\/sirtaqui-edc242661029ad94e9701c54b06c2d27-600x450.jpg",600,450,true],"medium_large":["https:\/\/bassin-arcachon.com\/wp-content\/uploads\/2026\/03\/sirtaqui-edc242661029ad94e9701c54b06c2d27-768x576.jpg",768,576,true],"large":["https:\/\/bassin-arcachon.com\/wp-content\/uploads\/2026\/03\/sirtaqui-edc242661029ad94e9701c54b06c2d27.jpg",1024,768,false],"1536x1536":["https:\/\/bassin-arcachon.com\/wp-content\/uploads\/2026\/03\/sirtaqui-edc242661029ad94e9701c54b06c2d27.jpg",1024,768,false],"2048x2048":["https:\/\/bassin-arcachon.com\/wp-content\/uploads\/2026\/03\/sirtaqui-edc242661029ad94e9701c54b06c2d27.jpg",1024,768,false],"trp-custom-language-flag":["https:\/\/bassin-arcachon.com\/wp-content\/uploads\/2026\/03\/sirtaqui-edc242661029ad94e9701c54b06c2d27-16x12.jpg",16,12,true]},"uagb_author_info":{"display_name":"","author_link":"https:\/\/bassin-arcachon.com\/de\/author\/"},"uagb_comment_info":0,"uagb_excerpt":"Le bord de la Leyre \u00e0 travers vos yeux ! Florence, professeure dipl\u00f4m\u00e9e des Beaux-Arts, vous accompagnera pour r\u00e9aliser votre propre aquarelle dans un cadre inspirant. Avec une vue sur [&hellip;]","_links":{"self":[{"href":"https:\/\/bassin-arcachon.com\/de\/wp-json\/wp\/v2\/agenda\/238484","targetHints":{"allow":["GET"]}}],"collection":[{"href":"https:\/\/bassin-arcachon.com\/de\/wp-json\/wp\/v2\/agenda"}],"about":[{"href":"https:\/\/bassin-arcachon.com\/de\/wp-json\/wp\/v2\/types\/agenda"}],"version-history":[{"count":1,"href":"https:\/\/bassin-arcachon.com\/de\/wp-json\/wp\/v2\/agenda\/238484\/revisions"}],"predecessor-version":[{"id":238730,"href":"https:\/\/bassin-arcachon.com\/de\/wp-json\/wp\/v2\/agenda\/238484\/revisions\/238730"}],"wp:featuredmedia":[{"embeddable":true,"href":"https:\/\/bassin-arcachon.com\/de\/wp-json\/wp\/v2\/media\/241518"}],"wp:attachment":[{"href":"https:\/\/bassin-arcachon.com\/de\/wp-json\/wp\/v2\/media?parent=238484"}],"wp:term":[{"taxonomy":"villea","embeddable":true,"href":"https:\/\/bassin-arcachon.com\/de\/wp-json\/wp\/v2\/villea?post=238484"},{"taxonomy":"cat-event","embeddable":true,"href":"https:\/\/bassin-arcachon.com\/de\/wp-json\/wp\/v2\/cat-event?post=238484"}],"curies":[{"name":"wp","href":"https:\/\/api.w.org\/{rel}","templated":true}]}}

Aquarelle et dessin en plein air à Mios

<p>Le bord de la Leyre à travers vos yeux ! Florence, professeure diplômée des Beaux-Arts, vous accompagnera pour réaliser votre propre aquarelle dans un cadre inspirant.<br />
Avec une vue sur la nature environnante, découvrez la composition et réaliser votre dessin selon votre point de vue et explorer les techniques d’aquarelle (sec et mouillé). Vous pourrez personnaliser votre œuvre avec des pastels, stylos noirs ou crayons aquarellables. Chaque participant repart avec sa création ! </p>
<p>Nützliche Informationen :<br />
Dauer: 2 Stunden<br />
Für Kinder ab 6 Jahren<br />
Für weitere Informationen wenden Sie sich bitte an das Fremdenverkehrsamt unter 05 57 70 67 56.</p>

Le bord de la Leyre à travers vos yeux ! Florence, professeure diplômée des Beaux-Arts, vous accompagnera pour réaliser votre propre aquarelle dans un cadre inspirant. Avec une vue sur [&hellip;]
