{"id":244533,"date":"2026-04-06T16:23:28","date_gmt":"2026-04-06T14:23:28","guid":{"rendered":"https:\/\/bassin-arcachon.com\/agenda-et-sorties\/balade-contee-dans-les-pres-sales-2\/"},"modified":"2026-04-29T04:38:08","modified_gmt":"2026-04-29T02:38:08","slug":"balade-contee-dans-les-pres-sales-2","status":"publish","type":"agenda","link":"https:\/\/bassin-arcachon.com\/de\/agenda-et-sorties\/balade-contee-dans-les-pres-sales-2\/","title":{"rendered":"Balade cont\u00e9e dans les pr\u00e9s sal\u00e9s"},"content":{"rendered":"<p>A l&rsquo;occasion d&rsquo;une balade dans la r\u00e9serve naturelle des pr\u00e9s sal\u00e9s, laissez-vous conter les l\u00e9gendes du bassin, par Alexandre, votre guide.<\/p>","protected":false},"featured_media":244534,"template":"","villea":[2172],"cat-event":[2192],"class_list":["post-244533","agenda","type-agenda","status-publish","has-post-thumbnail","hentry","villea-ares","cat-event-nature"],"acf":[],"uagb_featured_image_src":{"full":["https:\/\/bassin-arcachon.com\/wp-content\/uploads\/2026\/04\/sirtaqui-daafc029af4e937a3a9f7d788410cb71.jpg",650,387,false],"thumbnail":["https:\/\/bassin-arcachon.com\/wp-content\/uploads\/2026\/04\/sirtaqui-daafc029af4e937a3a9f7d788410cb71-150x150.jpg",150,150,true],"medium":["https:\/\/bassin-arcachon.com\/wp-content\/uploads\/2026\/04\/sirtaqui-daafc029af4e937a3a9f7d788410cb71-600x357.jpg",600,357,true],"medium_large":["https:\/\/bassin-arcachon.com\/wp-content\/uploads\/2026\/04\/sirtaqui-daafc029af4e937a3a9f7d788410cb71.jpg",650,387,false],"large":["https:\/\/bassin-arcachon.com\/wp-content\/uploads\/2026\/04\/sirtaqui-daafc029af4e937a3a9f7d788410cb71.jpg",650,387,false],"1536x1536":["https:\/\/bassin-arcachon.com\/wp-content\/uploads\/2026\/04\/sirtaqui-daafc029af4e937a3a9f7d788410cb71.jpg",650,387,false],"2048x2048":["https:\/\/bassin-arcachon.com\/wp-content\/uploads\/2026\/04\/sirtaqui-daafc029af4e937a3a9f7d788410cb71.jpg",650,387,false],"trp-custom-language-flag":["https:\/\/bassin-arcachon.com\/wp-content\/uploads\/2026\/04\/sirtaqui-daafc029af4e937a3a9f7d788410cb71-18x12.jpg",18,12,true]},"uagb_author_info":{"display_name":"","author_link":"https:\/\/bassin-arcachon.com\/de\/author\/"},"uagb_comment_info":0,"uagb_excerpt":"A l&rsquo;occasion d&rsquo;une balade dans la r\u00e9serve naturelle des pr\u00e9s sal\u00e9s, laissez-vous conter les l\u00e9gendes du bassin, par Alexandre, votre guide.","_links":{"self":[{"href":"https:\/\/bassin-arcachon.com\/de\/wp-json\/wp\/v2\/agenda\/244533","targetHints":{"allow":["GET"]}}],"collection":[{"href":"https:\/\/bassin-arcachon.com\/de\/wp-json\/wp\/v2\/agenda"}],"about":[{"href":"https:\/\/bassin-arcachon.com\/de\/wp-json\/wp\/v2\/types\/agenda"}],"version-history":[{"count":1,"href":"https:\/\/bassin-arcachon.com\/de\/wp-json\/wp\/v2\/agenda\/244533\/revisions"}],"predecessor-version":[{"id":244780,"href":"https:\/\/bassin-arcachon.com\/de\/wp-json\/wp\/v2\/agenda\/244533\/revisions\/244780"}],"wp:featuredmedia":[{"embeddable":true,"href":"https:\/\/bassin-arcachon.com\/de\/wp-json\/wp\/v2\/media\/244534"}],"wp:attachment":[{"href":"https:\/\/bassin-arcachon.com\/de\/wp-json\/wp\/v2\/media?parent=244533"}],"wp:term":[{"taxonomy":"villea","embeddable":true,"href":"https:\/\/bassin-arcachon.com\/de\/wp-json\/wp\/v2\/villea?post=244533"},{"taxonomy":"cat-event","embeddable":true,"href":"https:\/\/bassin-arcachon.com\/de\/wp-json\/wp\/v2\/cat-event?post=244533"}],"curies":[{"name":"wp","href":"https:\/\/api.w.org\/{rel}","templated":true}]}}

Balade contée dans les prés salés

<p>A l&rsquo;occasion d&rsquo;une balade dans la réserve naturelle des prés salés, laissez-vous conter les légendes du bassin, par Alexandre, votre guide.</p>

A l&rsquo;occasion d&rsquo;une balade dans la réserve naturelle des prés salés, laissez-vous conter les légendes du bassin, par Alexandre, votre guide.
