{"id":244800,"date":"2026-04-07T17:20:59","date_gmt":"2026-04-07T15:20:59","guid":{"rendered":"https:\/\/bassin-arcachon.com\/agenda-et-sorties\/fete-de-la-mer-et-des-littoraux-les-pres-sales-entre-terre-et-mer-3\/"},"modified":"2026-04-29T04:38:20","modified_gmt":"2026-04-29T02:38:20","slug":"fete-de-la-mer-et-des-littoraux-les-pres-sales-entre-terre-et-mer-3","status":"publish","type":"agenda","link":"https:\/\/bassin-arcachon.com\/de\/agenda-et-sorties\/fete-de-la-mer-et-des-littoraux-les-pres-sales-entre-terre-et-mer-3\/","title":{"rendered":"Fest des Meeres und der K\u00fcstengebiete - die Salzwiesen zwischen Land und Meer"},"content":{"rendered":"<p>Entdecken Sie im Rahmen des Festes des Meeres und der K\u00fcstengebiete die biologische Vielfalt dieses gesch\u00fctzten Naturreservats.<\/p>\n<p>Alle Zuschauer \u2013 Bezahlt ab 12 Jahren.<br \/>\nAnmeldung erforderlich und Informationen unter 05 56 60 18 07.<br \/>\nOrt: Eingang zum Reservat auf der Seite des Austernhafens.<\/p>","protected":false},"featured_media":244801,"template":"","villea":[2172],"cat-event":[2192],"class_list":["post-244800","agenda","type-agenda","status-publish","has-post-thumbnail","hentry","villea-ares","cat-event-nature"],"acf":[],"uagb_featured_image_src":{"full":["https:\/\/bassin-arcachon.com\/wp-content\/uploads\/2026\/04\/sirtaqui-e33969ac76b50dfb71920a999dfcf5bb.jpg",629,420,false],"thumbnail":["https:\/\/bassin-arcachon.com\/wp-content\/uploads\/2026\/04\/sirtaqui-e33969ac76b50dfb71920a999dfcf5bb-150x150.jpg",150,150,true],"medium":["https:\/\/bassin-arcachon.com\/wp-content\/uploads\/2026\/04\/sirtaqui-e33969ac76b50dfb71920a999dfcf5bb-600x401.jpg",600,401,true],"medium_large":["https:\/\/bassin-arcachon.com\/wp-content\/uploads\/2026\/04\/sirtaqui-e33969ac76b50dfb71920a999dfcf5bb.jpg",629,420,false],"large":["https:\/\/bassin-arcachon.com\/wp-content\/uploads\/2026\/04\/sirtaqui-e33969ac76b50dfb71920a999dfcf5bb.jpg",629,420,false],"1536x1536":["https:\/\/bassin-arcachon.com\/wp-content\/uploads\/2026\/04\/sirtaqui-e33969ac76b50dfb71920a999dfcf5bb.jpg",629,420,false],"2048x2048":["https:\/\/bassin-arcachon.com\/wp-content\/uploads\/2026\/04\/sirtaqui-e33969ac76b50dfb71920a999dfcf5bb.jpg",629,420,false],"trp-custom-language-flag":["https:\/\/bassin-arcachon.com\/wp-content\/uploads\/2026\/04\/sirtaqui-e33969ac76b50dfb71920a999dfcf5bb-18x12.jpg",18,12,true]},"uagb_author_info":{"display_name":"","author_link":"https:\/\/bassin-arcachon.com\/de\/author\/"},"uagb_comment_info":0,"uagb_excerpt":"Dans le cadre de la F\u00eate de la mer et des littoraux, d\u00e9couvrez la biodiversit\u00e9 de cette r\u00e9serve naturelle prot\u00e9g\u00e9e. Tout public \u2013 Payant \u00e0 partir de 12 ans. Inscription [&hellip;]","_links":{"self":[{"href":"https:\/\/bassin-arcachon.com\/de\/wp-json\/wp\/v2\/agenda\/244800","targetHints":{"allow":["GET"]}}],"collection":[{"href":"https:\/\/bassin-arcachon.com\/de\/wp-json\/wp\/v2\/agenda"}],"about":[{"href":"https:\/\/bassin-arcachon.com\/de\/wp-json\/wp\/v2\/types\/agenda"}],"version-history":[{"count":1,"href":"https:\/\/bassin-arcachon.com\/de\/wp-json\/wp\/v2\/agenda\/244800\/revisions"}],"predecessor-version":[{"id":245270,"href":"https:\/\/bassin-arcachon.com\/de\/wp-json\/wp\/v2\/agenda\/244800\/revisions\/245270"}],"wp:featuredmedia":[{"embeddable":true,"href":"https:\/\/bassin-arcachon.com\/de\/wp-json\/wp\/v2\/media\/244801"}],"wp:attachment":[{"href":"https:\/\/bassin-arcachon.com\/de\/wp-json\/wp\/v2\/media?parent=244800"}],"wp:term":[{"taxonomy":"villea","embeddable":true,"href":"https:\/\/bassin-arcachon.com\/de\/wp-json\/wp\/v2\/villea?post=244800"},{"taxonomy":"cat-event","embeddable":true,"href":"https:\/\/bassin-arcachon.com\/de\/wp-json\/wp\/v2\/cat-event?post=244800"}],"curies":[{"name":"wp","href":"https:\/\/api.w.org\/{rel}","templated":true}]}}

Fest des Meeres und der Küstengebiete - die Salzwiesen zwischen Land und Meer

<p>Entdecken Sie im Rahmen des Festes des Meeres und der Küstengebiete die biologische Vielfalt dieses geschützten Naturreservats.</p>
<p>Alle Zuschauer – Bezahlt ab 12 Jahren.<br />
Anmeldung erforderlich und Informationen unter 05 56 60 18 07.<br />
Ort: Eingang zum Reservat auf der Seite des Austernhafens.</p>

Dans le cadre de la Fête de la mer et des littoraux, découvrez la biodiversité de cette réserve naturelle protégée. Tout public – Payant à partir de 12 ans. Inscription [&hellip;]
