{"id":247876,"date":"2026-04-18T15:43:42","date_gmt":"2026-04-18T13:43:42","guid":{"rendered":"https:\/\/bassin-arcachon.com\/agenda-et-sorties\/balade-nature-plantes-de-sable-et-de-vent-la-flore-sauvage-de-la-dune-du-pilat\/"},"modified":"2026-04-29T04:39:24","modified_gmt":"2026-04-29T02:39:24","slug":"balade-nature-plantes-de-sable-et-de-vent-la-flore-sauvage-de-la-dune-du-pilat","status":"publish","type":"agenda","link":"https:\/\/bassin-arcachon.com\/de\/agenda-et-sorties\/balade-nature-plantes-de-sable-et-de-vent-la-flore-sauvage-de-la-dune-du-pilat\/","title":{"rendered":"Balade nature : Plantes de sable et de vent, la flore sauvage de la dune du Pilat"},"content":{"rendered":"<p>En partenariat avec le Conservatoire botanique national Sud-Atlantique<\/p>\n<p>\u00c0 l\u2019occasion de la Journ\u00e9e internationale de la biodiversit\u00e9, venez observer au plus pr\u00e8s la flore fragile du littoral. Vous en d\u00e9couvrirez les caract\u00e9ristiques et apprendrez \u00e0 mieux la conna\u00eetre.<\/p>\n<p>RDV en haut de l&rsquo;escalier de la Corniche. Gratuit, sur r\u00e9servation.<\/p>","protected":false},"featured_media":247877,"template":"","villea":[2174],"cat-event":[2192],"class_list":["post-247876","agenda","type-agenda","status-publish","has-post-thumbnail","hentry","villea-la-teste-de-buch","cat-event-nature"],"acf":[],"uagb_featured_image_src":{"full":["https:\/\/bassin-arcachon.com\/wp-content\/uploads\/2026\/04\/sirtaqui-7fd7a397ea8c0d9626e4b68b2b69f2d2.jpg",1200,800,false],"thumbnail":["https:\/\/bassin-arcachon.com\/wp-content\/uploads\/2026\/04\/sirtaqui-7fd7a397ea8c0d9626e4b68b2b69f2d2-150x150.jpg",150,150,true],"medium":["https:\/\/bassin-arcachon.com\/wp-content\/uploads\/2026\/04\/sirtaqui-7fd7a397ea8c0d9626e4b68b2b69f2d2-600x400.jpg",600,400,true],"medium_large":["https:\/\/bassin-arcachon.com\/wp-content\/uploads\/2026\/04\/sirtaqui-7fd7a397ea8c0d9626e4b68b2b69f2d2-768x512.jpg",768,512,true],"large":["https:\/\/bassin-arcachon.com\/wp-content\/uploads\/2026\/04\/sirtaqui-7fd7a397ea8c0d9626e4b68b2b69f2d2-1024x683.jpg",1024,683,true],"1536x1536":["https:\/\/bassin-arcachon.com\/wp-content\/uploads\/2026\/04\/sirtaqui-7fd7a397ea8c0d9626e4b68b2b69f2d2.jpg",1200,800,false],"2048x2048":["https:\/\/bassin-arcachon.com\/wp-content\/uploads\/2026\/04\/sirtaqui-7fd7a397ea8c0d9626e4b68b2b69f2d2.jpg",1200,800,false],"trp-custom-language-flag":["https:\/\/bassin-arcachon.com\/wp-content\/uploads\/2026\/04\/sirtaqui-7fd7a397ea8c0d9626e4b68b2b69f2d2-18x12.jpg",18,12,true]},"uagb_author_info":{"display_name":"","author_link":"https:\/\/bassin-arcachon.com\/de\/author\/"},"uagb_comment_info":0,"uagb_excerpt":"En partenariat avec le Conservatoire botanique national Sud-Atlantique \u00c0 l\u2019occasion de la Journ\u00e9e internationale de la biodiversit\u00e9, venez observer au plus pr\u00e8s la flore fragile du littoral. Vous en d\u00e9couvrirez [&hellip;]","_links":{"self":[{"href":"https:\/\/bassin-arcachon.com\/de\/wp-json\/wp\/v2\/agenda\/247876","targetHints":{"allow":["GET"]}}],"collection":[{"href":"https:\/\/bassin-arcachon.com\/de\/wp-json\/wp\/v2\/agenda"}],"about":[{"href":"https:\/\/bassin-arcachon.com\/de\/wp-json\/wp\/v2\/types\/agenda"}],"version-history":[{"count":1,"href":"https:\/\/bassin-arcachon.com\/de\/wp-json\/wp\/v2\/agenda\/247876\/revisions"}],"predecessor-version":[{"id":248060,"href":"https:\/\/bassin-arcachon.com\/de\/wp-json\/wp\/v2\/agenda\/247876\/revisions\/248060"}],"wp:featuredmedia":[{"embeddable":true,"href":"https:\/\/bassin-arcachon.com\/de\/wp-json\/wp\/v2\/media\/247877"}],"wp:attachment":[{"href":"https:\/\/bassin-arcachon.com\/de\/wp-json\/wp\/v2\/media?parent=247876"}],"wp:term":[{"taxonomy":"villea","embeddable":true,"href":"https:\/\/bassin-arcachon.com\/de\/wp-json\/wp\/v2\/villea?post=247876"},{"taxonomy":"cat-event","embeddable":true,"href":"https:\/\/bassin-arcachon.com\/de\/wp-json\/wp\/v2\/cat-event?post=247876"}],"curies":[{"name":"wp","href":"https:\/\/api.w.org\/{rel}","templated":true}]}}

<p>En partenariat avec le Conservatoire botanique national Sud-Atlantique</p>
<p>À l’occasion de la Journée internationale de la biodiversité, venez observer au plus près la flore fragile du littoral. Vous en découvrirez les caractéristiques et apprendrez à mieux la connaître.</p>
<p>RDV en haut de l&rsquo;escalier de la Corniche. Gratuit, sur réservation.</p>

En partenariat avec le Conservatoire botanique national Sud-Atlantique À l’occasion de la Journée internationale de la biodiversité, venez observer au plus près la flore fragile du littoral. Vous en découvrirez [&hellip;]
