{"id":232678,"date":"2026-02-17T11:57:13","date_gmt":"2026-02-17T10:57:13","guid":{"rendered":"https:\/\/bassin-arcachon.com\/agenda-et-sorties\/exposition-de-photographie-etraves-fluides-par-clement-perret\/"},"modified":"2026-04-28T04:36:54","modified_gmt":"2026-04-28T02:36:54","slug":"exposition-de-photographie-etraves-fluides-par-clement-perret","status":"publish","type":"agenda","link":"https:\/\/bassin-arcachon.com\/en\/agenda-et-sorties\/exposition-de-photographie-etraves-fluides-par-clement-perret\/","title":{"rendered":"Exposition de photographie \u00ab\u00a0Etraves fluides\u00a0\u00bb par Cl\u00e9ment Perret"},"content":{"rendered":"<p>Exposition de photographie au Th\u00e9\u00e2tre Olympia du lundi au vendredi.<\/p>\n<p>Artiste marin girondin, Cl\u00e9ment Perret a parcouru les oc\u00e9ans comme Capitaine au long court.<br \/>\nCe v\u00e9cu impr\u00e8gne son oeuvre de l&rsquo;authenticit\u00e9 des gens de mer o\u00f9 chaque photographie semble nourrie d&rsquo;une m\u00e9moire, d&rsquo;un rapport profond aux \u00e9l\u00e9ments.<\/p>","protected":false},"featured_media":244086,"template":"","villea":[2176],"cat-event":[2188],"class_list":["post-232678","agenda","type-agenda","status-publish","has-post-thumbnail","hentry","villea-arcachon","cat-event-culture"],"acf":[],"uagb_featured_image_src":{"full":["https:\/\/bassin-arcachon.com\/wp-content\/uploads\/2026\/04\/sirtaqui-588a70f9924be85ae9abc8fcb5de7863.png",665,825,false],"thumbnail":["https:\/\/bassin-arcachon.com\/wp-content\/uploads\/2026\/04\/sirtaqui-588a70f9924be85ae9abc8fcb5de7863-150x150.png",150,150,true],"medium":["https:\/\/bassin-arcachon.com\/wp-content\/uploads\/2026\/04\/sirtaqui-588a70f9924be85ae9abc8fcb5de7863-484x600.png",484,600,true],"medium_large":["https:\/\/bassin-arcachon.com\/wp-content\/uploads\/2026\/04\/sirtaqui-588a70f9924be85ae9abc8fcb5de7863.png",665,825,false],"large":["https:\/\/bassin-arcachon.com\/wp-content\/uploads\/2026\/04\/sirtaqui-588a70f9924be85ae9abc8fcb5de7863.png",665,825,false],"1536x1536":["https:\/\/bassin-arcachon.com\/wp-content\/uploads\/2026\/04\/sirtaqui-588a70f9924be85ae9abc8fcb5de7863.png",665,825,false],"2048x2048":["https:\/\/bassin-arcachon.com\/wp-content\/uploads\/2026\/04\/sirtaqui-588a70f9924be85ae9abc8fcb5de7863.png",665,825,false],"trp-custom-language-flag":["https:\/\/bassin-arcachon.com\/wp-content\/uploads\/2026\/04\/sirtaqui-588a70f9924be85ae9abc8fcb5de7863-10x12.png",10,12,true]},"uagb_author_info":{"display_name":"","author_link":"https:\/\/bassin-arcachon.com\/en\/author\/"},"uagb_comment_info":0,"uagb_excerpt":"Exposition de photographie au Th\u00e9\u00e2tre Olympia du lundi au vendredi. Artiste marin girondin, Cl\u00e9ment Perret a parcouru les oc\u00e9ans comme Capitaine au long court. Ce v\u00e9cu impr\u00e8gne son oeuvre de [&hellip;]","_links":{"self":[{"href":"https:\/\/bassin-arcachon.com\/en\/wp-json\/wp\/v2\/agenda\/232678","targetHints":{"allow":["GET"]}}],"collection":[{"href":"https:\/\/bassin-arcachon.com\/en\/wp-json\/wp\/v2\/agenda"}],"about":[{"href":"https:\/\/bassin-arcachon.com\/en\/wp-json\/wp\/v2\/types\/agenda"}],"version-history":[{"count":1,"href":"https:\/\/bassin-arcachon.com\/en\/wp-json\/wp\/v2\/agenda\/232678\/revisions"}],"predecessor-version":[{"id":232837,"href":"https:\/\/bassin-arcachon.com\/en\/wp-json\/wp\/v2\/agenda\/232678\/revisions\/232837"}],"wp:featuredmedia":[{"embeddable":true,"href":"https:\/\/bassin-arcachon.com\/en\/wp-json\/wp\/v2\/media\/244086"}],"wp:attachment":[{"href":"https:\/\/bassin-arcachon.com\/en\/wp-json\/wp\/v2\/media?parent=232678"}],"wp:term":[{"taxonomy":"villea","embeddable":true,"href":"https:\/\/bassin-arcachon.com\/en\/wp-json\/wp\/v2\/villea?post=232678"},{"taxonomy":"cat-event","embeddable":true,"href":"https:\/\/bassin-arcachon.com\/en\/wp-json\/wp\/v2\/cat-event?post=232678"}],"curies":[{"name":"wp","href":"https:\/\/api.w.org\/{rel}","templated":true}]}}

Exposition de photographie « Etraves fluides » par Clément Perret

<p>Exposition de photographie au Théâtre Olympia du lundi au vendredi.</p>
<p>Artiste marin girondin, Clément Perret a parcouru les océans comme Capitaine au long court.<br />
Ce vécu imprègne son oeuvre de l&rsquo;authenticité des gens de mer où chaque photographie semble nourrie d&rsquo;une mémoire, d&rsquo;un rapport profond aux éléments.</p>

Exposition de photographie au Théâtre Olympia du lundi au vendredi. Artiste marin girondin, Clément Perret a parcouru les océans comme Capitaine au long court. Ce vécu imprègne son oeuvre de [&hellip;]
