{"id":250027,"date":"2025-05-05T11:31:10","date_gmt":"2025-05-05T09:31:10","guid":{"rendered":"https:\/\/bassin-arcachon.com\/agenda-et-sorties\/exposition-cabane-bleue-atelier-aquarelles-et-lui\/"},"modified":"2026-04-29T04:35:03","modified_gmt":"2026-04-29T02:35:03","slug":"exposition-cabane-bleue-atelier-aquarelles-et-lui","status":"publish","type":"agenda","link":"https:\/\/bassin-arcachon.com\/en\/agenda-et-sorties\/exposition-cabane-bleue-atelier-aquarelles-et-lui\/","title":{"rendered":"Exposition Cabane Bleue :  atelier Aquar\u2019Elles et lui"},"content":{"rendered":"<p>Cet atelier r\u00e9unit des passionn\u00e9s d\u2019aquarelle, majoritairement f\u00e9minins, accompagn\u00e9s d\u2019un artiste masculin \u2014 une particularit\u00e9 qui a inspir\u00e9 son nom original. Ensemble, ils explorent toute la richesse et la d\u00e9licatesse de cette technique, entre transparence, lumi\u00e8re et po\u00e9sie.<\/p>\n<p>Paysages, instants de vie, inspirations vari\u00e9es\u2026 chaque \u0153uvre invite \u00e0 un voyage sensible au fil de l\u2019eau et des couleurs. <\/p>\n<p>Une exposition tout en douceur et en nuances, \u00e0 d\u00e9couvrir \u00e0 la Cabane Bleue\u2026<\/p>\n<p>Entr\u00e9e libre \u2013 Ouvert \u00e0 tous<\/p>","protected":false},"featured_media":250028,"template":"","villea":[2171],"cat-event":[2188],"class_list":["post-250027","agenda","type-agenda","status-publish","has-post-thumbnail","hentry","villea-coeur-de-bassin","cat-event-culture"],"acf":[],"uagb_featured_image_src":{"full":["https:\/\/bassin-arcachon.com\/wp-content\/uploads\/2026\/04\/sirtaqui-08e35cf3c75276420a9706a6f310202c.jpg",1200,1600,false],"thumbnail":["https:\/\/bassin-arcachon.com\/wp-content\/uploads\/2026\/04\/sirtaqui-08e35cf3c75276420a9706a6f310202c-150x150.jpg",150,150,true],"medium":["https:\/\/bassin-arcachon.com\/wp-content\/uploads\/2026\/04\/sirtaqui-08e35cf3c75276420a9706a6f310202c-450x600.jpg",450,600,true],"medium_large":["https:\/\/bassin-arcachon.com\/wp-content\/uploads\/2026\/04\/sirtaqui-08e35cf3c75276420a9706a6f310202c-768x1024.jpg",768,1024,true],"large":["https:\/\/bassin-arcachon.com\/wp-content\/uploads\/2026\/04\/sirtaqui-08e35cf3c75276420a9706a6f310202c-768x1024.jpg",768,1024,true],"1536x1536":["https:\/\/bassin-arcachon.com\/wp-content\/uploads\/2026\/04\/sirtaqui-08e35cf3c75276420a9706a6f310202c-1152x1536.jpg",1152,1536,true],"2048x2048":["https:\/\/bassin-arcachon.com\/wp-content\/uploads\/2026\/04\/sirtaqui-08e35cf3c75276420a9706a6f310202c.jpg",1200,1600,false],"trp-custom-language-flag":["https:\/\/bassin-arcachon.com\/wp-content\/uploads\/2026\/04\/sirtaqui-08e35cf3c75276420a9706a6f310202c-9x12.jpg",9,12,true]},"uagb_author_info":{"display_name":"","author_link":"https:\/\/bassin-arcachon.com\/en\/author\/"},"uagb_comment_info":0,"uagb_excerpt":"Cet atelier r\u00e9unit des passionn\u00e9s d\u2019aquarelle, majoritairement f\u00e9minins, accompagn\u00e9s d\u2019un artiste masculin \u2014 une particularit\u00e9 qui a inspir\u00e9 son nom original. Ensemble, ils explorent toute la richesse et la d\u00e9licatesse [&hellip;]","_links":{"self":[{"href":"https:\/\/bassin-arcachon.com\/en\/wp-json\/wp\/v2\/agenda\/250027","targetHints":{"allow":["GET"]}}],"collection":[{"href":"https:\/\/bassin-arcachon.com\/en\/wp-json\/wp\/v2\/agenda"}],"about":[{"href":"https:\/\/bassin-arcachon.com\/en\/wp-json\/wp\/v2\/types\/agenda"}],"version-history":[{"count":1,"href":"https:\/\/bassin-arcachon.com\/en\/wp-json\/wp\/v2\/agenda\/250027\/revisions"}],"predecessor-version":[{"id":250276,"href":"https:\/\/bassin-arcachon.com\/en\/wp-json\/wp\/v2\/agenda\/250027\/revisions\/250276"}],"wp:featuredmedia":[{"embeddable":true,"href":"https:\/\/bassin-arcachon.com\/en\/wp-json\/wp\/v2\/media\/250028"}],"wp:attachment":[{"href":"https:\/\/bassin-arcachon.com\/en\/wp-json\/wp\/v2\/media?parent=250027"}],"wp:term":[{"taxonomy":"villea","embeddable":true,"href":"https:\/\/bassin-arcachon.com\/en\/wp-json\/wp\/v2\/villea?post=250027"},{"taxonomy":"cat-event","embeddable":true,"href":"https:\/\/bassin-arcachon.com\/en\/wp-json\/wp\/v2\/cat-event?post=250027"}],"curies":[{"name":"wp","href":"https:\/\/api.w.org\/{rel}","templated":true}]}}

<p>Cet atelier réunit des passionnés d’aquarelle, majoritairement féminins, accompagnés d’un artiste masculin — une particularité qui a inspiré son nom original. Ensemble, ils explorent toute la richesse et la délicatesse de cette technique, entre transparence, lumière et poésie.</p>
<p>Paysages, instants de vie, inspirations variées… chaque œuvre invite à un voyage sensible au fil de l’eau et des couleurs. </p>
<p>Une exposition tout en douceur et en nuances, à découvrir à la Cabane Bleue…</p>
<p>Entrée libre – Ouvert à tous</p>

Cet atelier réunit des passionnés d’aquarelle, majoritairement féminins, accompagnés d’un artiste masculin — une particularité qui a inspiré son nom original. Ensemble, ils explorent toute la richesse et la délicatesse [&hellip;]
