{"id":250049,"date":"2026-04-27T17:00:30","date_gmt":"2026-04-27T15:00:30","guid":{"rendered":"https:\/\/bassin-arcachon.com\/agenda-et-sorties\/festival-regarde-5-en-bal-et-vous\/"},"modified":"2026-04-29T04:39:53","modified_gmt":"2026-04-29T02:39:53","slug":"festival-regarde-5-en-bal-et-vous","status":"publish","type":"agenda","link":"https:\/\/bassin-arcachon.com\/en\/agenda-et-sorties\/festival-regarde-5-en-bal-et-vous\/","title":{"rendered":"Festival Regarde! #5 : En Bal et Vous !"},"content":{"rendered":"<p>Dans le cadre du festival Regarde!, festival des arts de l\u2019espace public \u00e0 Ar\u00e8s sur le Bassin d\u2019Arcachon, d\u00e9couvrez En Bal et Vous (Compagnie Astor et La Patronne).<br \/>\nIci, le bal devient spectacle : musiciens, ambianceuses, chor\u00e9graphes et tubes mythiques s&rsquo;unissent pour vous offrir une soir\u00e9e jubilatoire et irr\u00e9sistiblement dansante.<br \/>\nTout public &#8211; 90 minutes. Gratuit. Restauration et buvette sur place.<\/p>","protected":false},"featured_media":250050,"template":"","villea":[2172],"cat-event":[2191],"class_list":["post-250049","agenda","type-agenda","status-publish","has-post-thumbnail","hentry","villea-ares","cat-event-musique-et-concerts"],"acf":[],"uagb_featured_image_src":{"full":["https:\/\/bassin-arcachon.com\/wp-content\/uploads\/2026\/04\/sirtaqui-93c227abb36125f6795a926aa643002c.jpg",621,879,false],"thumbnail":["https:\/\/bassin-arcachon.com\/wp-content\/uploads\/2026\/04\/sirtaqui-93c227abb36125f6795a926aa643002c-150x150.jpg",150,150,true],"medium":["https:\/\/bassin-arcachon.com\/wp-content\/uploads\/2026\/04\/sirtaqui-93c227abb36125f6795a926aa643002c-424x600.jpg",424,600,true],"medium_large":["https:\/\/bassin-arcachon.com\/wp-content\/uploads\/2026\/04\/sirtaqui-93c227abb36125f6795a926aa643002c.jpg",621,879,false],"large":["https:\/\/bassin-arcachon.com\/wp-content\/uploads\/2026\/04\/sirtaqui-93c227abb36125f6795a926aa643002c.jpg",621,879,false],"1536x1536":["https:\/\/bassin-arcachon.com\/wp-content\/uploads\/2026\/04\/sirtaqui-93c227abb36125f6795a926aa643002c.jpg",621,879,false],"2048x2048":["https:\/\/bassin-arcachon.com\/wp-content\/uploads\/2026\/04\/sirtaqui-93c227abb36125f6795a926aa643002c.jpg",621,879,false],"trp-custom-language-flag":["https:\/\/bassin-arcachon.com\/wp-content\/uploads\/2026\/04\/sirtaqui-93c227abb36125f6795a926aa643002c-8x12.jpg",8,12,true]},"uagb_author_info":{"display_name":"","author_link":"https:\/\/bassin-arcachon.com\/en\/author\/"},"uagb_comment_info":0,"uagb_excerpt":"Dans le cadre du festival Regarde!, festival des arts de l\u2019espace public \u00e0 Ar\u00e8s sur le Bassin d\u2019Arcachon, d\u00e9couvrez En Bal et Vous (Compagnie Astor et La Patronne). Ici, le [&hellip;]","_links":{"self":[{"href":"https:\/\/bassin-arcachon.com\/en\/wp-json\/wp\/v2\/agenda\/250049","targetHints":{"allow":["GET"]}}],"collection":[{"href":"https:\/\/bassin-arcachon.com\/en\/wp-json\/wp\/v2\/agenda"}],"about":[{"href":"https:\/\/bassin-arcachon.com\/en\/wp-json\/wp\/v2\/types\/agenda"}],"version-history":[{"count":1,"href":"https:\/\/bassin-arcachon.com\/en\/wp-json\/wp\/v2\/agenda\/250049\/revisions"}],"predecessor-version":[{"id":250300,"href":"https:\/\/bassin-arcachon.com\/en\/wp-json\/wp\/v2\/agenda\/250049\/revisions\/250300"}],"wp:featuredmedia":[{"embeddable":true,"href":"https:\/\/bassin-arcachon.com\/en\/wp-json\/wp\/v2\/media\/250050"}],"wp:attachment":[{"href":"https:\/\/bassin-arcachon.com\/en\/wp-json\/wp\/v2\/media?parent=250049"}],"wp:term":[{"taxonomy":"villea","embeddable":true,"href":"https:\/\/bassin-arcachon.com\/en\/wp-json\/wp\/v2\/villea?post=250049"},{"taxonomy":"cat-event","embeddable":true,"href":"https:\/\/bassin-arcachon.com\/en\/wp-json\/wp\/v2\/cat-event?post=250049"}],"curies":[{"name":"wp","href":"https:\/\/api.w.org\/{rel}","templated":true}]}}

<p>Dans le cadre du festival Regarde!, festival des arts de l’espace public à Arès sur le Bassin d’Arcachon, découvrez En Bal et Vous (Compagnie Astor et La Patronne).<br />
Ici, le bal devient spectacle : musiciens, ambianceuses, chorégraphes et tubes mythiques s&rsquo;unissent pour vous offrir une soirée jubilatoire et irrésistiblement dansante.<br />
Tout public &#8211; 90 minutes. Gratuit. Restauration et buvette sur place.</p>

Dans le cadre du festival Regarde!, festival des arts de l’espace public à Arès sur le Bassin d’Arcachon, découvrez En Bal et Vous (Compagnie Astor et La Patronne). Ici, le [&hellip;]
