{"id":163306,"date":"2025-05-23T09:51:54","date_gmt":"2025-05-23T07:51:54","guid":{"rendered":"https:\/\/bassin-arcachon.com\/agenda-et-sorties\/exposition-amelie-marlet-2\/"},"modified":"2026-04-29T04:35:10","modified_gmt":"2026-04-29T02:35:10","slug":"exposition-amelie-marlet-2","status":"publish","type":"agenda","link":"https:\/\/bassin-arcachon.com\/es\/agenda-et-sorties\/exposition-amelie-marlet-2\/","title":{"rendered":"Exposition de Myriam Favaud"},"content":{"rendered":"<p>Durante el horario de apertura de la sala de exposiciones.<\/p>\n<p>Vernissage de l&rsquo;exposition le Jeudi 7 \u00e0 18h.<\/p>\n<p>\u00c0 travers son travail, Myriam Favaud tente de renouer une intimit\u00e9 oubli\u00e9e avec le monde du naturel. Elle invite \u00e0 la pause, au silence et \u00e0 l\u2019\u00e9coute attentive de ce qui nous entoure, les bruissements, les \u00e9clats de lumi\u00e8re et les pr\u00e9sences discr\u00e8tes. Alors, vous aussi venez d\u00e9ambuler dans ces paysages qui pr\u00f4nent la lenteur.<\/p>\n<p>Gratis para todos.<br \/>\nRenseignements au 06 18 27 24 98 ou \u00e0 micro-folie@ville-ares.fr<br \/>\nLugar: 13\/15 avenue de Bordeaux.<\/p>","protected":false},"featured_media":224779,"template":"","villea":[2172],"cat-event":[2188],"class_list":["post-163306","agenda","type-agenda","status-publish","has-post-thumbnail","hentry","villea-ares","cat-event-culture"],"acf":[],"uagb_featured_image_src":{"full":["https:\/\/bassin-arcachon.com\/wp-content\/uploads\/2026\/01\/sirtaqui-9d0373e5e6423e7ad24761eddbeafecf.jpg",1200,800,false],"thumbnail":["https:\/\/bassin-arcachon.com\/wp-content\/uploads\/2026\/01\/sirtaqui-9d0373e5e6423e7ad24761eddbeafecf-150x150.jpg",150,150,true],"medium":["https:\/\/bassin-arcachon.com\/wp-content\/uploads\/2026\/01\/sirtaqui-9d0373e5e6423e7ad24761eddbeafecf-600x400.jpg",600,400,true],"medium_large":["https:\/\/bassin-arcachon.com\/wp-content\/uploads\/2026\/01\/sirtaqui-9d0373e5e6423e7ad24761eddbeafecf-768x512.jpg",768,512,true],"large":["https:\/\/bassin-arcachon.com\/wp-content\/uploads\/2026\/01\/sirtaqui-9d0373e5e6423e7ad24761eddbeafecf-1024x683.jpg",1024,683,true],"1536x1536":["https:\/\/bassin-arcachon.com\/wp-content\/uploads\/2026\/01\/sirtaqui-9d0373e5e6423e7ad24761eddbeafecf.jpg",1200,800,false],"2048x2048":["https:\/\/bassin-arcachon.com\/wp-content\/uploads\/2026\/01\/sirtaqui-9d0373e5e6423e7ad24761eddbeafecf.jpg",1200,800,false],"trp-custom-language-flag":["https:\/\/bassin-arcachon.com\/wp-content\/uploads\/2026\/01\/sirtaqui-9d0373e5e6423e7ad24761eddbeafecf-18x12.jpg",18,12,true]},"uagb_author_info":{"display_name":"","author_link":"https:\/\/bassin-arcachon.com\/es\/author\/"},"uagb_comment_info":0,"uagb_excerpt":"Aux horaires d\u2019ouverture de la salle des expositions. Vernissage de l&rsquo;exposition le Jeudi 7 \u00e0 18h. \u00c0 travers son travail, Myriam Favaud tente de renouer une intimit\u00e9 oubli\u00e9e avec le [&hellip;]","_links":{"self":[{"href":"https:\/\/bassin-arcachon.com\/es\/wp-json\/wp\/v2\/agenda\/163306","targetHints":{"allow":["GET"]}}],"collection":[{"href":"https:\/\/bassin-arcachon.com\/es\/wp-json\/wp\/v2\/agenda"}],"about":[{"href":"https:\/\/bassin-arcachon.com\/es\/wp-json\/wp\/v2\/types\/agenda"}],"version-history":[{"count":3,"href":"https:\/\/bassin-arcachon.com\/es\/wp-json\/wp\/v2\/agenda\/163306\/revisions"}],"predecessor-version":[{"id":215851,"href":"https:\/\/bassin-arcachon.com\/es\/wp-json\/wp\/v2\/agenda\/163306\/revisions\/215851"}],"wp:featuredmedia":[{"embeddable":true,"href":"https:\/\/bassin-arcachon.com\/es\/wp-json\/wp\/v2\/media\/224779"}],"wp:attachment":[{"href":"https:\/\/bassin-arcachon.com\/es\/wp-json\/wp\/v2\/media?parent=163306"}],"wp:term":[{"taxonomy":"villea","embeddable":true,"href":"https:\/\/bassin-arcachon.com\/es\/wp-json\/wp\/v2\/villea?post=163306"},{"taxonomy":"cat-event","embeddable":true,"href":"https:\/\/bassin-arcachon.com\/es\/wp-json\/wp\/v2\/cat-event?post=163306"}],"curies":[{"name":"wp","href":"https:\/\/api.w.org\/{rel}","templated":true}]}}

<p>Durante el horario de apertura de la sala de exposiciones.</p>
<p>Vernissage de l&rsquo;exposition le Jeudi 7 à 18h.</p>
<p>À travers son travail, Myriam Favaud tente de renouer une intimité oubliée avec le monde du naturel. Elle invite à la pause, au silence et à l’écoute attentive de ce qui nous entoure, les bruissements, les éclats de lumière et les présences discrètes. Alors, vous aussi venez déambuler dans ces paysages qui prônent la lenteur.</p>
<p>Gratis para todos.<br />
Renseignements au 06 18 27 24 98 ou à micro-folie@ville-ares.fr<br />
Lugar: 13/15 avenue de Bordeaux.</p>

Aux horaires d’ouverture de la salle des expositions. Vernissage de l&rsquo;exposition le Jeudi 7 à 18h. À travers son travail, Myriam Favaud tente de renouer une intimité oubliée avec le [&hellip;]
