{"id":171009,"date":"2025-07-07T17:19:20","date_gmt":"2025-07-07T15:19:20","guid":{"rendered":"https:\/\/bassin-arcachon.com\/agenda-et-sorties\/les-yeux-dla-tete\/"},"modified":"2026-04-29T04:35:16","modified_gmt":"2026-04-29T02:35:16","slug":"los-ojos-de-la-cabeza","status":"publish","type":"agenda","link":"https:\/\/bassin-arcachon.com\/es\/agenda-et-sorties\/les-yeux-dla-tete\/","title":{"rendered":"Los ojos de la cabeza"},"content":{"rendered":"<p>\u00a1Un concierto po\u00e9tico-festivo!<\/p>\n<p>Tras m\u00e1s de 1.000 conciertos en no menos de una docena de pa\u00edses, Les Yeux d'la t\u00eate se complacen en embarcarle en su balsa po\u00e9tico-festiva...<\/p>\n<p>\u00bfCanciones? \u00bfPista de baile? Muchas de las dos, por favor, \u00a1y sin moderaci\u00f3n!<\/p>\n<p>Tras una gira europea y una serie de festivales triunfales, estos 6 m\u00fasicos generosos y llenos de vida vuelven para presentar su 7\u00ba \u00e1lbum.<\/p>\n<p>Letras hermosas acompa\u00f1adas de un gran sonido, letras atractivas, divertidas, po\u00e9ticas y llenas de esperanza acompa\u00f1adas de una m\u00fasica cincelada, en\u00e9rgica y c\u00e1lida.<\/p>\n<p>\u00ab\u00a1Reales bestias esc\u00e9nicas cuya energ\u00eda arrasa con todo a su paso! La Provence<\/p>","protected":false},"featured_media":247558,"template":"","villea":[2175],"cat-event":[2188],"class_list":["post-171009","agenda","type-agenda","status-publish","has-post-thumbnail","hentry","villea-andernos-les-bains","cat-event-culture"],"acf":[],"uagb_featured_image_src":{"full":["https:\/\/bassin-arcachon.com\/wp-content\/uploads\/2026\/04\/sirtaqui-6c16c97242b9d437bf3134211b7f6fc7.jpg",533,512,false],"thumbnail":["https:\/\/bassin-arcachon.com\/wp-content\/uploads\/2026\/04\/sirtaqui-6c16c97242b9d437bf3134211b7f6fc7-150x150.jpg",150,150,true],"medium":["https:\/\/bassin-arcachon.com\/wp-content\/uploads\/2026\/04\/sirtaqui-6c16c97242b9d437bf3134211b7f6fc7.jpg",533,512,false],"medium_large":["https:\/\/bassin-arcachon.com\/wp-content\/uploads\/2026\/04\/sirtaqui-6c16c97242b9d437bf3134211b7f6fc7.jpg",533,512,false],"large":["https:\/\/bassin-arcachon.com\/wp-content\/uploads\/2026\/04\/sirtaqui-6c16c97242b9d437bf3134211b7f6fc7.jpg",533,512,false],"1536x1536":["https:\/\/bassin-arcachon.com\/wp-content\/uploads\/2026\/04\/sirtaqui-6c16c97242b9d437bf3134211b7f6fc7.jpg",533,512,false],"2048x2048":["https:\/\/bassin-arcachon.com\/wp-content\/uploads\/2026\/04\/sirtaqui-6c16c97242b9d437bf3134211b7f6fc7.jpg",533,512,false],"trp-custom-language-flag":["https:\/\/bassin-arcachon.com\/wp-content\/uploads\/2026\/04\/sirtaqui-6c16c97242b9d437bf3134211b7f6fc7-12x12.jpg",12,12,true]},"uagb_author_info":{"display_name":"","author_link":"https:\/\/bassin-arcachon.com\/es\/author\/"},"uagb_comment_info":0,"uagb_excerpt":"Un concert po\u00e9tico-festif ! Apr\u00e8s plus de 1000 concerts dans pas moins d\u2019une douzaine de pays, Les Yeux d\u2019la t\u00eate vous embarquent joyeusement sur leur radeau po\u00e9tico-festif\u2026 De la chanson [&hellip;]","_links":{"self":[{"href":"https:\/\/bassin-arcachon.com\/es\/wp-json\/wp\/v2\/agenda\/171009","targetHints":{"allow":["GET"]}}],"collection":[{"href":"https:\/\/bassin-arcachon.com\/es\/wp-json\/wp\/v2\/agenda"}],"about":[{"href":"https:\/\/bassin-arcachon.com\/es\/wp-json\/wp\/v2\/types\/agenda"}],"version-history":[{"count":1,"href":"https:\/\/bassin-arcachon.com\/es\/wp-json\/wp\/v2\/agenda\/171009\/revisions"}],"predecessor-version":[{"id":171201,"href":"https:\/\/bassin-arcachon.com\/es\/wp-json\/wp\/v2\/agenda\/171009\/revisions\/171201"}],"wp:featuredmedia":[{"embeddable":true,"href":"https:\/\/bassin-arcachon.com\/es\/wp-json\/wp\/v2\/media\/247558"}],"wp:attachment":[{"href":"https:\/\/bassin-arcachon.com\/es\/wp-json\/wp\/v2\/media?parent=171009"}],"wp:term":[{"taxonomy":"villea","embeddable":true,"href":"https:\/\/bassin-arcachon.com\/es\/wp-json\/wp\/v2\/villea?post=171009"},{"taxonomy":"cat-event","embeddable":true,"href":"https:\/\/bassin-arcachon.com\/es\/wp-json\/wp\/v2\/cat-event?post=171009"}],"curies":[{"name":"wp","href":"https:\/\/api.w.org\/{rel}","templated":true}]}}

<p>¡Un concierto poético-festivo!</p>
<p>Tras más de 1.000 conciertos en no menos de una docena de países, Les Yeux d'la tête se complacen en embarcarle en su balsa poético-festiva...</p>
<p>¿Canciones? ¿Pista de baile? Muchas de las dos, por favor, ¡y sin moderación!</p>
<p>Tras una gira europea y una serie de festivales triunfales, estos 6 músicos generosos y llenos de vida vuelven para presentar su 7º álbum.</p>
<p>Letras hermosas acompañadas de un gran sonido, letras atractivas, divertidas, poéticas y llenas de esperanza acompañadas de una música cincelada, enérgica y cálida.</p>
<p>«¡Reales bestias escénicas cuya energía arrasa con todo a su paso! La Provence</p>

Un concert poético-festif ! Après plus de 1000 concerts dans pas moins d’une douzaine de pays, Les Yeux d’la tête vous embarquent joyeusement sur leur radeau poético-festif… De la chanson [&hellip;]
