{"id":217953,"date":"2008-09-18T15:18:00","date_gmt":"2008-09-18T13:18:00","guid":{"rendered":"https:\/\/bassin-arcachon.com\/agenda-et-sorties\/marche-de-la-teste-de-buch\/"},"modified":"2026-05-01T04:25:24","modified_gmt":"2026-05-01T02:25:24","slug":"paseo-por-buch-head","status":"publish","type":"agenda","link":"https:\/\/bassin-arcachon.com\/es\/agenda-et-sorties\/marche-de-la-teste-de-buch\/","title":{"rendered":"Mercado Teste de Buch"},"content":{"rendered":"<p>Es el mercado imprescindible de la cuenca de Arcachon (\u00a1y no s\u00f3lo porque nos encanta!).<br \/>\nSituado en la rue des Halles, en el coraz\u00f3n del La Teste de Buch, este mercado es un aut\u00e9ntico festival de<br \/>\nColores y sabores. M\u00e1s de 100 comerciantes, productores locales y artesanos se unen para ofrecerte productos frescos, de calidad y de temporada.<br \/>\nFrutas y verduras crujientes, pescado reci\u00e9n salido del agua, quesos que huelen a...<br \/>\nterroir, sin olvidar las creaciones textiles y de marroquiner\u00eda...<br \/>\nEste es el lugar donde la autenticidad se funde con la convivencia, el lugar de encuentro obligado de los<br \/>\nturista local.<\/p>","protected":false},"featured_media":218073,"template":"","villea":[2174],"cat-event":[],"class_list":["post-217953","agenda","type-agenda","status-publish","has-post-thumbnail","hentry","villea-la-teste-de-buch"],"acf":[],"uagb_featured_image_src":{"full":["https:\/\/bassin-arcachon.com\/wp-content\/uploads\/2026\/01\/sirtaqui-b5cd67f5f3e27ed2a9b7b1c0916216f2.jpg",886,588,false],"thumbnail":["https:\/\/bassin-arcachon.com\/wp-content\/uploads\/2026\/01\/sirtaqui-b5cd67f5f3e27ed2a9b7b1c0916216f2-150x150.jpg",150,150,true],"medium":["https:\/\/bassin-arcachon.com\/wp-content\/uploads\/2026\/01\/sirtaqui-b5cd67f5f3e27ed2a9b7b1c0916216f2-600x398.jpg",600,398,true],"medium_large":["https:\/\/bassin-arcachon.com\/wp-content\/uploads\/2026\/01\/sirtaqui-b5cd67f5f3e27ed2a9b7b1c0916216f2-768x510.jpg",768,510,true],"large":["https:\/\/bassin-arcachon.com\/wp-content\/uploads\/2026\/01\/sirtaqui-b5cd67f5f3e27ed2a9b7b1c0916216f2.jpg",886,588,false],"1536x1536":["https:\/\/bassin-arcachon.com\/wp-content\/uploads\/2026\/01\/sirtaqui-b5cd67f5f3e27ed2a9b7b1c0916216f2.jpg",886,588,false],"2048x2048":["https:\/\/bassin-arcachon.com\/wp-content\/uploads\/2026\/01\/sirtaqui-b5cd67f5f3e27ed2a9b7b1c0916216f2.jpg",886,588,false],"trp-custom-language-flag":["https:\/\/bassin-arcachon.com\/wp-content\/uploads\/2026\/01\/sirtaqui-b5cd67f5f3e27ed2a9b7b1c0916216f2-18x12.jpg",18,12,true]},"uagb_author_info":{"display_name":"","author_link":"https:\/\/bassin-arcachon.com\/es\/author\/"},"uagb_comment_info":0,"uagb_excerpt":"C\u2019est le march\u00e9 incontournable du bassin d\u2019Arcachon (et pas juste parce qu\u2019on l\u2019adore !). Situ\u00e9 rue des Halles, au c\u0153ur de La Teste de Buch, ce march\u00e9 est un v\u00e9ritable [&hellip;]","_links":{"self":[{"href":"https:\/\/bassin-arcachon.com\/es\/wp-json\/wp\/v2\/agenda\/217953","targetHints":{"allow":["GET"]}}],"collection":[{"href":"https:\/\/bassin-arcachon.com\/es\/wp-json\/wp\/v2\/agenda"}],"about":[{"href":"https:\/\/bassin-arcachon.com\/es\/wp-json\/wp\/v2\/types\/agenda"}],"version-history":[{"count":1,"href":"https:\/\/bassin-arcachon.com\/es\/wp-json\/wp\/v2\/agenda\/217953\/revisions"}],"predecessor-version":[{"id":218072,"href":"https:\/\/bassin-arcachon.com\/es\/wp-json\/wp\/v2\/agenda\/217953\/revisions\/218072"}],"wp:featuredmedia":[{"embeddable":true,"href":"https:\/\/bassin-arcachon.com\/es\/wp-json\/wp\/v2\/media\/218073"}],"wp:attachment":[{"href":"https:\/\/bassin-arcachon.com\/es\/wp-json\/wp\/v2\/media?parent=217953"}],"wp:term":[{"taxonomy":"villea","embeddable":true,"href":"https:\/\/bassin-arcachon.com\/es\/wp-json\/wp\/v2\/villea?post=217953"},{"taxonomy":"cat-event","embeddable":true,"href":"https:\/\/bassin-arcachon.com\/es\/wp-json\/wp\/v2\/cat-event?post=217953"}],"curies":[{"name":"wp","href":"https:\/\/api.w.org\/{rel}","templated":true}]}}

<p>Es el mercado imprescindible de la cuenca de Arcachon (¡y no sólo porque nos encanta!).<br />
Situado en la rue des Halles, en el corazón del La Teste de Buch, este mercado es un auténtico festival de<br />
Colores y sabores. Más de 100 comerciantes, productores locales y artesanos se unen para ofrecerte productos frescos, de calidad y de temporada.<br />
Frutas y verduras crujientes, pescado recién salido del agua, quesos que huelen a...<br />
terroir, sin olvidar las creaciones textiles y de marroquinería...<br />
Este es el lugar donde la autenticidad se funde con la convivencia, el lugar de encuentro obligado de los<br />
turista local.</p>

C’est le marché incontournable du bassin d’Arcachon (et pas juste parce qu’on l’adore !). Situé rue des Halles, au cœur de La Teste de Buch, ce marché est un véritable [&hellip;]
