{"id":241785,"date":"2026-03-24T12:12:57","date_gmt":"2026-03-24T11:12:57","guid":{"rendered":"https:\/\/bassin-arcachon.com\/agenda-et-sorties\/visite-sur-le-front-de-mer-du-petit-port-a-la-place-peyneau\/"},"modified":"2026-04-29T04:37:32","modified_gmt":"2026-04-29T02:37:32","slug":"visite-sur-le-front-de-mer-du-petit-port-a-la-place-peyneau","status":"publish","type":"agenda","link":"https:\/\/bassin-arcachon.com\/es\/agenda-et-sorties\/visite-sur-le-front-de-mer-du-petit-port-a-la-place-peyneau\/","title":{"rendered":"Visite sur le Front de Mer, du Petit-Port \u00e0 la place Peyneau"},"content":{"rendered":"<p>Itin\u00e9raire de d\u00e9couverte historique et patrimoniale avec \u00e9vocation des bains de mer arcachonnais \u00e0 partir de 1823.<br \/>\nRendez-vous sur l\u2019esplanade du Petit-Port, boulevard de la Plage.<\/p>","protected":false},"featured_media":244240,"template":"","villea":[2176],"cat-event":[2188],"class_list":["post-241785","agenda","type-agenda","status-publish","has-post-thumbnail","hentry","villea-arcachon","cat-event-culture"],"acf":[],"uagb_featured_image_src":{"full":["https:\/\/bassin-arcachon.com\/wp-content\/uploads\/2026\/04\/sirtaqui-67e207a63e97fc456bc495b9c30cca78.jpg",1200,850,false],"thumbnail":["https:\/\/bassin-arcachon.com\/wp-content\/uploads\/2026\/04\/sirtaqui-67e207a63e97fc456bc495b9c30cca78-150x150.jpg",150,150,true],"medium":["https:\/\/bassin-arcachon.com\/wp-content\/uploads\/2026\/04\/sirtaqui-67e207a63e97fc456bc495b9c30cca78-600x425.jpg",600,425,true],"medium_large":["https:\/\/bassin-arcachon.com\/wp-content\/uploads\/2026\/04\/sirtaqui-67e207a63e97fc456bc495b9c30cca78-768x544.jpg",768,544,true],"large":["https:\/\/bassin-arcachon.com\/wp-content\/uploads\/2026\/04\/sirtaqui-67e207a63e97fc456bc495b9c30cca78-1024x725.jpg",1024,725,true],"1536x1536":["https:\/\/bassin-arcachon.com\/wp-content\/uploads\/2026\/04\/sirtaqui-67e207a63e97fc456bc495b9c30cca78.jpg",1200,850,false],"2048x2048":["https:\/\/bassin-arcachon.com\/wp-content\/uploads\/2026\/04\/sirtaqui-67e207a63e97fc456bc495b9c30cca78.jpg",1200,850,false],"trp-custom-language-flag":["https:\/\/bassin-arcachon.com\/wp-content\/uploads\/2026\/04\/sirtaqui-67e207a63e97fc456bc495b9c30cca78-18x12.jpg",18,12,true]},"uagb_author_info":{"display_name":"","author_link":"https:\/\/bassin-arcachon.com\/es\/author\/"},"uagb_comment_info":0,"uagb_excerpt":"Itin\u00e9raire de d\u00e9couverte historique et patrimoniale avec \u00e9vocation des bains de mer arcachonnais \u00e0 partir de 1823. Rendez-vous sur l\u2019esplanade du Petit-Port, boulevard de la Plage.","_links":{"self":[{"href":"https:\/\/bassin-arcachon.com\/es\/wp-json\/wp\/v2\/agenda\/241785","targetHints":{"allow":["GET"]}}],"collection":[{"href":"https:\/\/bassin-arcachon.com\/es\/wp-json\/wp\/v2\/agenda"}],"about":[{"href":"https:\/\/bassin-arcachon.com\/es\/wp-json\/wp\/v2\/types\/agenda"}],"version-history":[{"count":1,"href":"https:\/\/bassin-arcachon.com\/es\/wp-json\/wp\/v2\/agenda\/241785\/revisions"}],"predecessor-version":[{"id":242038,"href":"https:\/\/bassin-arcachon.com\/es\/wp-json\/wp\/v2\/agenda\/241785\/revisions\/242038"}],"wp:featuredmedia":[{"embeddable":true,"href":"https:\/\/bassin-arcachon.com\/es\/wp-json\/wp\/v2\/media\/244240"}],"wp:attachment":[{"href":"https:\/\/bassin-arcachon.com\/es\/wp-json\/wp\/v2\/media?parent=241785"}],"wp:term":[{"taxonomy":"villea","embeddable":true,"href":"https:\/\/bassin-arcachon.com\/es\/wp-json\/wp\/v2\/villea?post=241785"},{"taxonomy":"cat-event","embeddable":true,"href":"https:\/\/bassin-arcachon.com\/es\/wp-json\/wp\/v2\/cat-event?post=241785"}],"curies":[{"name":"wp","href":"https:\/\/api.w.org\/{rel}","templated":true}]}}

Visite sur le Front de Mer, du Petit-Port à la place Peyneau

<p>Itinéraire de découverte historique et patrimoniale avec évocation des bains de mer arcachonnais à partir de 1823.<br />
Rendez-vous sur l’esplanade du Petit-Port, boulevard de la Plage.</p>

Itinéraire de découverte historique et patrimoniale avec évocation des bains de mer arcachonnais à partir de 1823. Rendez-vous sur l’esplanade du Petit-Port, boulevard de la Plage.
