{"id":244216,"date":"2020-04-02T10:40:59","date_gmt":"2020-04-02T08:40:59","guid":{"rendered":"https:\/\/bassin-arcachon.com\/agenda-et-sorties\/ceremonie-86eme-anniversaire-de-lappel-du-general-de-gaulle\/"},"modified":"2026-04-29T04:31:01","modified_gmt":"2026-04-29T02:31:01","slug":"ceremonie-86eme-anniversaire-de-lappel-du-general-de-gaulle","status":"publish","type":"agenda","link":"https:\/\/bassin-arcachon.com\/es\/agenda-et-sorties\/ceremonie-86eme-anniversaire-de-lappel-du-general-de-gaulle\/","title":{"rendered":"C\u00e9r\u00e9monie : 86\u00e8me Anniversaire de l&rsquo;appel du General de Gaulle"},"content":{"rendered":"<p>Au Parc Mauresque sera c\u00e9l\u00e9br\u00e9 le 86\u00e8me anniversaire de l\u2019appel du G\u00e9n\u00e9ral de Gaulle.<\/p>\n<p>A cette occasion, de nombreux hommage seront rendus dans l\u2019\u00e9crin de verdure de la Ville d\u2019Hiver:<br \/>\nAllocution, lecture de messages, lecture de l\u2019Appel du G\u00e9n\u00e9ral de Gaulle, appel des R\u00e9sistants et D\u00e9port\u00e9s du secteur d\u2019Arcachon, d\u00e9p\u00f4ts de gerbes, sonnerie aux Morts, minute de silence, Marseillaise, chant des partisans, discours.<\/p>","protected":false},"featured_media":244327,"template":"","villea":[2176],"cat-event":[2194],"class_list":["post-244216","agenda","type-agenda","status-publish","has-post-thumbnail","hentry","villea-arcachon","cat-event-traditions-et-folklore"],"acf":[],"uagb_featured_image_src":{"full":["https:\/\/bassin-arcachon.com\/wp-content\/uploads\/2026\/04\/sirtaqui-132357dcf09bb49fb105fce9217e5544.jpg",1200,800,false],"thumbnail":["https:\/\/bassin-arcachon.com\/wp-content\/uploads\/2026\/04\/sirtaqui-132357dcf09bb49fb105fce9217e5544-150x150.jpg",150,150,true],"medium":["https:\/\/bassin-arcachon.com\/wp-content\/uploads\/2026\/04\/sirtaqui-132357dcf09bb49fb105fce9217e5544-600x400.jpg",600,400,true],"medium_large":["https:\/\/bassin-arcachon.com\/wp-content\/uploads\/2026\/04\/sirtaqui-132357dcf09bb49fb105fce9217e5544-768x512.jpg",768,512,true],"large":["https:\/\/bassin-arcachon.com\/wp-content\/uploads\/2026\/04\/sirtaqui-132357dcf09bb49fb105fce9217e5544-1024x683.jpg",1024,683,true],"1536x1536":["https:\/\/bassin-arcachon.com\/wp-content\/uploads\/2026\/04\/sirtaqui-132357dcf09bb49fb105fce9217e5544.jpg",1200,800,false],"2048x2048":["https:\/\/bassin-arcachon.com\/wp-content\/uploads\/2026\/04\/sirtaqui-132357dcf09bb49fb105fce9217e5544.jpg",1200,800,false],"trp-custom-language-flag":["https:\/\/bassin-arcachon.com\/wp-content\/uploads\/2026\/04\/sirtaqui-132357dcf09bb49fb105fce9217e5544-18x12.jpg",18,12,true]},"uagb_author_info":{"display_name":"","author_link":"https:\/\/bassin-arcachon.com\/es\/author\/"},"uagb_comment_info":0,"uagb_excerpt":"Au Parc Mauresque sera c\u00e9l\u00e9br\u00e9 le 86\u00e8me anniversaire de l\u2019appel du G\u00e9n\u00e9ral de Gaulle. A cette occasion, de nombreux hommage seront rendus dans l\u2019\u00e9crin de verdure de la Ville d\u2019Hiver: [&hellip;]","_links":{"self":[{"href":"https:\/\/bassin-arcachon.com\/es\/wp-json\/wp\/v2\/agenda\/244216","targetHints":{"allow":["GET"]}}],"collection":[{"href":"https:\/\/bassin-arcachon.com\/es\/wp-json\/wp\/v2\/agenda"}],"about":[{"href":"https:\/\/bassin-arcachon.com\/es\/wp-json\/wp\/v2\/types\/agenda"}],"version-history":[{"count":1,"href":"https:\/\/bassin-arcachon.com\/es\/wp-json\/wp\/v2\/agenda\/244216\/revisions"}],"predecessor-version":[{"id":244326,"href":"https:\/\/bassin-arcachon.com\/es\/wp-json\/wp\/v2\/agenda\/244216\/revisions\/244326"}],"wp:featuredmedia":[{"embeddable":true,"href":"https:\/\/bassin-arcachon.com\/es\/wp-json\/wp\/v2\/media\/244327"}],"wp:attachment":[{"href":"https:\/\/bassin-arcachon.com\/es\/wp-json\/wp\/v2\/media?parent=244216"}],"wp:term":[{"taxonomy":"villea","embeddable":true,"href":"https:\/\/bassin-arcachon.com\/es\/wp-json\/wp\/v2\/villea?post=244216"},{"taxonomy":"cat-event","embeddable":true,"href":"https:\/\/bassin-arcachon.com\/es\/wp-json\/wp\/v2\/cat-event?post=244216"}],"curies":[{"name":"wp","href":"https:\/\/api.w.org\/{rel}","templated":true}]}}

Cérémonie : 86ème Anniversaire de l&rsquo;appel du General de Gaulle

<p>Au Parc Mauresque sera célébré le 86ème anniversaire de l’appel du Général de Gaulle.</p>
<p>A cette occasion, de nombreux hommage seront rendus dans l’écrin de verdure de la Ville d’Hiver:<br />
Allocution, lecture de messages, lecture de l’Appel du Général de Gaulle, appel des Résistants et Déportés du secteur d’Arcachon, dépôts de gerbes, sonnerie aux Morts, minute de silence, Marseillaise, chant des partisans, discours.</p>

Au Parc Mauresque sera célébré le 86ème anniversaire de l’appel du Général de Gaulle. A cette occasion, de nombreux hommage seront rendus dans l’écrin de verdure de la Ville d’Hiver: [&hellip;]
