{"id":244798,"date":"2026-04-07T17:19:55","date_gmt":"2026-04-07T15:19:55","guid":{"rendered":"https:\/\/bassin-arcachon.com\/agenda-et-sorties\/fete-de-la-mer-et-des-littoraux-les-pres-sales-entre-terre-et-mer-2\/"},"modified":"2026-04-29T04:38:19","modified_gmt":"2026-04-29T02:38:19","slug":"festival-del-mar-y-de-la-costa-les-pres-ventas-entre-tierra-y-mar-2","status":"publish","type":"agenda","link":"https:\/\/bassin-arcachon.com\/es\/agenda-et-sorties\/fete-de-la-mer-et-des-littoraux-les-pres-sales-entre-terre-et-mer-2\/","title":{"rendered":"F\u00eate de la mer et des littoraux - prados salados entre la tierra y el mar"},"content":{"rendered":"<p>En el marco de la Fiesta del mar y los litorales, descubra la biodiversidad de esta reserva natural protegida.<\/p>\n<p>Todos los p\u00fablicos \u2013 De pago a partir de 12 a\u00f1os.<br \/>\nInscripci\u00f3n previa e informaci\u00f3n en el 05 56 60 18 07.<br \/>\nLocalizaci\u00f3n : entrada de la reserva por el lado del puerto ostr\u00edcola.<\/p>","protected":false},"featured_media":244799,"template":"","villea":[2172],"cat-event":[2192],"class_list":["post-244798","agenda","type-agenda","status-publish","has-post-thumbnail","hentry","villea-ares","cat-event-nature"],"acf":[],"uagb_featured_image_src":{"full":["https:\/\/bassin-arcachon.com\/wp-content\/uploads\/2026\/04\/sirtaqui-e33969ac76b50dfb71920a999dfcf5bb.jpg",629,420,false],"thumbnail":["https:\/\/bassin-arcachon.com\/wp-content\/uploads\/2026\/04\/sirtaqui-e33969ac76b50dfb71920a999dfcf5bb-150x150.jpg",150,150,true],"medium":["https:\/\/bassin-arcachon.com\/wp-content\/uploads\/2026\/04\/sirtaqui-e33969ac76b50dfb71920a999dfcf5bb-600x401.jpg",600,401,true],"medium_large":["https:\/\/bassin-arcachon.com\/wp-content\/uploads\/2026\/04\/sirtaqui-e33969ac76b50dfb71920a999dfcf5bb.jpg",629,420,false],"large":["https:\/\/bassin-arcachon.com\/wp-content\/uploads\/2026\/04\/sirtaqui-e33969ac76b50dfb71920a999dfcf5bb.jpg",629,420,false],"1536x1536":["https:\/\/bassin-arcachon.com\/wp-content\/uploads\/2026\/04\/sirtaqui-e33969ac76b50dfb71920a999dfcf5bb.jpg",629,420,false],"2048x2048":["https:\/\/bassin-arcachon.com\/wp-content\/uploads\/2026\/04\/sirtaqui-e33969ac76b50dfb71920a999dfcf5bb.jpg",629,420,false],"trp-custom-language-flag":["https:\/\/bassin-arcachon.com\/wp-content\/uploads\/2026\/04\/sirtaqui-e33969ac76b50dfb71920a999dfcf5bb-18x12.jpg",18,12,true]},"uagb_author_info":{"display_name":"","author_link":"https:\/\/bassin-arcachon.com\/es\/author\/"},"uagb_comment_info":0,"uagb_excerpt":"Dans le cadre de la F\u00eate de la mer et des littoraux, d\u00e9couvrez la biodiversit\u00e9 de cette r\u00e9serve naturelle prot\u00e9g\u00e9e. Tout public \u2013 Payant \u00e0 partir de 12 ans. Inscription [&hellip;]","_links":{"self":[{"href":"https:\/\/bassin-arcachon.com\/es\/wp-json\/wp\/v2\/agenda\/244798","targetHints":{"allow":["GET"]}}],"collection":[{"href":"https:\/\/bassin-arcachon.com\/es\/wp-json\/wp\/v2\/agenda"}],"about":[{"href":"https:\/\/bassin-arcachon.com\/es\/wp-json\/wp\/v2\/types\/agenda"}],"version-history":[{"count":1,"href":"https:\/\/bassin-arcachon.com\/es\/wp-json\/wp\/v2\/agenda\/244798\/revisions"}],"predecessor-version":[{"id":245269,"href":"https:\/\/bassin-arcachon.com\/es\/wp-json\/wp\/v2\/agenda\/244798\/revisions\/245269"}],"wp:featuredmedia":[{"embeddable":true,"href":"https:\/\/bassin-arcachon.com\/es\/wp-json\/wp\/v2\/media\/244799"}],"wp:attachment":[{"href":"https:\/\/bassin-arcachon.com\/es\/wp-json\/wp\/v2\/media?parent=244798"}],"wp:term":[{"taxonomy":"villea","embeddable":true,"href":"https:\/\/bassin-arcachon.com\/es\/wp-json\/wp\/v2\/villea?post=244798"},{"taxonomy":"cat-event","embeddable":true,"href":"https:\/\/bassin-arcachon.com\/es\/wp-json\/wp\/v2\/cat-event?post=244798"}],"curies":[{"name":"wp","href":"https:\/\/api.w.org\/{rel}","templated":true}]}}

Fête de la mer et des littoraux - prados salados entre la tierra y el mar

<p>En el marco de la Fiesta del mar y los litorales, descubra la biodiversidad de esta reserva natural protegida.</p>
<p>Todos los públicos – De pago a partir de 12 años.<br />
Inscripción previa e información en el 05 56 60 18 07.<br />
Localización : entrada de la reserva por el lado del puerto ostrícola.</p>

Dans le cadre de la Fête de la mer et des littoraux, découvrez la biodiversité de cette réserve naturelle protégée. Tout public – Payant à partir de 12 ans. Inscription [&hellip;]
