{"id":247163,"date":"2017-03-24T11:18:35","date_gmt":"2017-03-24T10:18:35","guid":{"rendered":"https:\/\/bassin-arcachon.com\/agenda-et-sorties\/lecume-des-mots\/"},"modified":"2026-04-29T04:30:24","modified_gmt":"2026-04-29T02:30:24","slug":"lecume-des-mots","status":"publish","type":"agenda","link":"https:\/\/bassin-arcachon.com\/es\/agenda-et-sorties\/lecume-des-mots\/","title":{"rendered":"L&rsquo;\u00e9cume des mots"},"content":{"rendered":"<p>L&rsquo;\u00e9v\u00e9nement \u00ab\u00a0L&rsquo;\u00c9cume des mots\u00a0\u00bb \u00e0 la M\u00e9diath\u00e8que Andr\u00e9e Chedid est  une belle c\u00e9l\u00e9bration de la litt\u00e9rature contemporaine ! <\/p>\n<p>En invitant des auteurs de renom ainsi que des talents \u00e9mergents, cet \u00e9v\u00e9nement offre une occasion unique de d\u00e9couvrir de nouvelles voix et de rencontrer des \u00e9crivains passionnants. <\/p>\n<p>Le cadre du jardin Louis David ajoute une touche charmante \u00e0 cette rencontre litt\u00e9raire.<\/p>\n<p>La collaboration avec la librairie Jardin des Lettres pour les s\u00e9ances de d\u00e9dicaces est \u00e9galement une excellente initiative, permettant aux participants d&rsquo;\u00e9changer directement avec les auteurs et d&rsquo;obtenir des livres d\u00e9dicac\u00e9s. C&rsquo;est une belle fa\u00e7on de promouvoir la lecture et de cr\u00e9er des liens entre les lecteurs et les \u00e9crivains.<\/p>","protected":false},"featured_media":249994,"template":"","villea":[2175],"cat-event":[2188],"class_list":["post-247163","agenda","type-agenda","status-publish","has-post-thumbnail","hentry","villea-andernos-les-bains","cat-event-culture"],"acf":[],"uagb_featured_image_src":{"full":["https:\/\/bassin-arcachon.com\/wp-content\/uploads\/2026\/04\/sirtaqui-efe0ce15be86595617aee827822c3422.jpg",570,835,false],"thumbnail":["https:\/\/bassin-arcachon.com\/wp-content\/uploads\/2026\/04\/sirtaqui-efe0ce15be86595617aee827822c3422-150x150.jpg",150,150,true],"medium":["https:\/\/bassin-arcachon.com\/wp-content\/uploads\/2026\/04\/sirtaqui-efe0ce15be86595617aee827822c3422-410x600.jpg",410,600,true],"medium_large":["https:\/\/bassin-arcachon.com\/wp-content\/uploads\/2026\/04\/sirtaqui-efe0ce15be86595617aee827822c3422.jpg",570,835,false],"large":["https:\/\/bassin-arcachon.com\/wp-content\/uploads\/2026\/04\/sirtaqui-efe0ce15be86595617aee827822c3422.jpg",570,835,false],"1536x1536":["https:\/\/bassin-arcachon.com\/wp-content\/uploads\/2026\/04\/sirtaqui-efe0ce15be86595617aee827822c3422.jpg",570,835,false],"2048x2048":["https:\/\/bassin-arcachon.com\/wp-content\/uploads\/2026\/04\/sirtaqui-efe0ce15be86595617aee827822c3422.jpg",570,835,false],"trp-custom-language-flag":["https:\/\/bassin-arcachon.com\/wp-content\/uploads\/2026\/04\/sirtaqui-efe0ce15be86595617aee827822c3422-8x12.jpg",8,12,true]},"uagb_author_info":{"display_name":"","author_link":"https:\/\/bassin-arcachon.com\/es\/author\/"},"uagb_comment_info":0,"uagb_excerpt":"L&rsquo;\u00e9v\u00e9nement \u00ab\u00a0L&rsquo;\u00c9cume des mots\u00a0\u00bb \u00e0 la M\u00e9diath\u00e8que Andr\u00e9e Chedid est une belle c\u00e9l\u00e9bration de la litt\u00e9rature contemporaine ! En invitant des auteurs de renom ainsi que des talents \u00e9mergents, cet [&hellip;]","_links":{"self":[{"href":"https:\/\/bassin-arcachon.com\/es\/wp-json\/wp\/v2\/agenda\/247163","targetHints":{"allow":["GET"]}}],"collection":[{"href":"https:\/\/bassin-arcachon.com\/es\/wp-json\/wp\/v2\/agenda"}],"about":[{"href":"https:\/\/bassin-arcachon.com\/es\/wp-json\/wp\/v2\/types\/agenda"}],"version-history":[{"count":1,"href":"https:\/\/bassin-arcachon.com\/es\/wp-json\/wp\/v2\/agenda\/247163\/revisions"}],"predecessor-version":[{"id":247355,"href":"https:\/\/bassin-arcachon.com\/es\/wp-json\/wp\/v2\/agenda\/247163\/revisions\/247355"}],"wp:featuredmedia":[{"embeddable":true,"href":"https:\/\/bassin-arcachon.com\/es\/wp-json\/wp\/v2\/media\/249994"}],"wp:attachment":[{"href":"https:\/\/bassin-arcachon.com\/es\/wp-json\/wp\/v2\/media?parent=247163"}],"wp:term":[{"taxonomy":"villea","embeddable":true,"href":"https:\/\/bassin-arcachon.com\/es\/wp-json\/wp\/v2\/villea?post=247163"},{"taxonomy":"cat-event","embeddable":true,"href":"https:\/\/bassin-arcachon.com\/es\/wp-json\/wp\/v2\/cat-event?post=247163"}],"curies":[{"name":"wp","href":"https:\/\/api.w.org\/{rel}","templated":true}]}}

L&rsquo;écume des mots

<p>L&rsquo;événement « L&rsquo;Écume des mots » à la Médiathèque Andrée Chedid est  une belle célébration de la littérature contemporaine ! </p>
<p>En invitant des auteurs de renom ainsi que des talents émergents, cet événement offre une occasion unique de découvrir de nouvelles voix et de rencontrer des écrivains passionnants. </p>
<p>Le cadre du jardin Louis David ajoute une touche charmante à cette rencontre littéraire.</p>
<p>La collaboration avec la librairie Jardin des Lettres pour les séances de dédicaces est également une excellente initiative, permettant aux participants d&rsquo;échanger directement avec les auteurs et d&rsquo;obtenir des livres dédicacés. C&rsquo;est une belle façon de promouvoir la lecture et de créer des liens entre les lecteurs et les écrivains.</p>

L&rsquo;événement « L&rsquo;Écume des mots » à la Médiathèque Andrée Chedid est une belle célébration de la littérature contemporaine ! En invitant des auteurs de renom ainsi que des talents émergents, cet [&hellip;]
