{"id":249430,"date":"2026-04-23T12:25:53","date_gmt":"2026-04-23T10:25:53","guid":{"rendered":"https:\/\/bassin-arcachon.com\/agenda-et-sorties\/vide-grenier-generathon-association-testerine\/"},"modified":"2026-04-29T04:39:39","modified_gmt":"2026-04-29T02:39:39","slug":"vide-grenier-generathon-association-testerine","status":"publish","type":"agenda","link":"https:\/\/bassin-arcachon.com\/es\/agenda-et-sorties\/vide-grenier-generathon-association-testerine\/","title":{"rendered":"Vide grenier G\u00e9n\u00e9rathon &#8211; Association Testerine"},"content":{"rendered":"<p>Vide-grenier solidaire au Parc des Expositions de La Teste de Buch<\/p>\n<p>Le Parc des Expositions de La Teste de Buch accueille un vide-grenier organis\u00e9 au profit du T\u00e9l\u00e9thon 2026, en partenariat avec l\u2019association locale engag\u00e9e pour la recherche m\u00e9dicale.<\/p>\n<p>Ouvert \u00e0 tous, cet \u00e9v\u00e9nement grand public rassemble exposants et visiteurs autour d\u2019une journ\u00e9e conviviale, plac\u00e9e sous le signe du partage et de la solidarit\u00e9.<\/p>\n<p>Informaciones pr\u00e1cticas :<\/p>\n<p>\ud83d\udcc5 Dimanche 7 juin 2026<br \/>\n\ud83d\udccd Parc des Expositions \u2013 La Teste de Buch<br \/>\n\u23f0 De 9h \u00e0 18h (accueil exposants \u00e0 partir de 6h)<br \/>\n\ud83c\udf74 Restauration et buvette sur place<\/p>\n<p>C\u00f4t\u00e9 exposants :<\/p>\n<p>20 \u20ac les 5 m\u00e8tres lin\u00e9aires<br \/>\n6 \u20ac le m\u00e8tre suppl\u00e9mentaire<\/p>\n<p>Professionnels, particuliers, chineurs ou simples curieux : venez participer \u00e0 cette journ\u00e9e utile et conviviale, au c\u0153ur du Bassin d\u2019Arcachon.<\/p>\n<p>\ud83d\udcde 06 22 33 46 36 \/ 06 70 38 78 81<br \/>\n\ud83d\udce9 Imaixant@icloud.com<\/p>","protected":false},"featured_media":249431,"template":"","villea":[2174],"cat-event":[2194],"class_list":["post-249430","agenda","type-agenda","status-publish","has-post-thumbnail","hentry","villea-la-teste-de-buch","cat-event-traditions-et-folklore"],"acf":[],"uagb_featured_image_src":{"full":["https:\/\/bassin-arcachon.com\/wp-content\/uploads\/2026\/04\/sirtaqui-c2373346d75a8d46387bfb32e92510e1.jpg",1200,800,false],"thumbnail":["https:\/\/bassin-arcachon.com\/wp-content\/uploads\/2026\/04\/sirtaqui-c2373346d75a8d46387bfb32e92510e1-150x150.jpg",150,150,true],"medium":["https:\/\/bassin-arcachon.com\/wp-content\/uploads\/2026\/04\/sirtaqui-c2373346d75a8d46387bfb32e92510e1-600x400.jpg",600,400,true],"medium_large":["https:\/\/bassin-arcachon.com\/wp-content\/uploads\/2026\/04\/sirtaqui-c2373346d75a8d46387bfb32e92510e1-768x512.jpg",768,512,true],"large":["https:\/\/bassin-arcachon.com\/wp-content\/uploads\/2026\/04\/sirtaqui-c2373346d75a8d46387bfb32e92510e1-1024x683.jpg",1024,683,true],"1536x1536":["https:\/\/bassin-arcachon.com\/wp-content\/uploads\/2026\/04\/sirtaqui-c2373346d75a8d46387bfb32e92510e1.jpg",1200,800,false],"2048x2048":["https:\/\/bassin-arcachon.com\/wp-content\/uploads\/2026\/04\/sirtaqui-c2373346d75a8d46387bfb32e92510e1.jpg",1200,800,false],"trp-custom-language-flag":["https:\/\/bassin-arcachon.com\/wp-content\/uploads\/2026\/04\/sirtaqui-c2373346d75a8d46387bfb32e92510e1-18x12.jpg",18,12,true]},"uagb_author_info":{"display_name":"","author_link":"https:\/\/bassin-arcachon.com\/es\/author\/"},"uagb_comment_info":0,"uagb_excerpt":"Vide-grenier solidaire au Parc des Expositions de La Teste de Buch Le Parc des Expositions de La Teste de Buch accueille un vide-grenier organis\u00e9 au profit du T\u00e9l\u00e9thon 2026, en [&hellip;]","_links":{"self":[{"href":"https:\/\/bassin-arcachon.com\/es\/wp-json\/wp\/v2\/agenda\/249430","targetHints":{"allow":["GET"]}}],"collection":[{"href":"https:\/\/bassin-arcachon.com\/es\/wp-json\/wp\/v2\/agenda"}],"about":[{"href":"https:\/\/bassin-arcachon.com\/es\/wp-json\/wp\/v2\/types\/agenda"}],"version-history":[{"count":1,"href":"https:\/\/bassin-arcachon.com\/es\/wp-json\/wp\/v2\/agenda\/249430\/revisions"}],"predecessor-version":[{"id":249584,"href":"https:\/\/bassin-arcachon.com\/es\/wp-json\/wp\/v2\/agenda\/249430\/revisions\/249584"}],"wp:featuredmedia":[{"embeddable":true,"href":"https:\/\/bassin-arcachon.com\/es\/wp-json\/wp\/v2\/media\/249431"}],"wp:attachment":[{"href":"https:\/\/bassin-arcachon.com\/es\/wp-json\/wp\/v2\/media?parent=249430"}],"wp:term":[{"taxonomy":"villea","embeddable":true,"href":"https:\/\/bassin-arcachon.com\/es\/wp-json\/wp\/v2\/villea?post=249430"},{"taxonomy":"cat-event","embeddable":true,"href":"https:\/\/bassin-arcachon.com\/es\/wp-json\/wp\/v2\/cat-event?post=249430"}],"curies":[{"name":"wp","href":"https:\/\/api.w.org\/{rel}","templated":true}]}}

Vide grenier Générathon &#8211; Association Testerine

<p>Vide-grenier solidaire au Parc des Expositions de La Teste de Buch</p>
<p>Le Parc des Expositions de La Teste de Buch accueille un vide-grenier organisé au profit du Téléthon 2026, en partenariat avec l’association locale engagée pour la recherche médicale.</p>
<p>Ouvert à tous, cet événement grand public rassemble exposants et visiteurs autour d’une journée conviviale, placée sous le signe du partage et de la solidarité.</p>
<p>Informaciones prácticas :</p>
<p>📅 Dimanche 7 juin 2026<br />
📍 Parc des Expositions – La Teste de Buch<br />
⏰ De 9h à 18h (accueil exposants à partir de 6h)<br />
🍴 Restauration et buvette sur place</p>
<p>Côté exposants :</p>
<p>20 € les 5 mètres linéaires<br />
6 € le mètre supplémentaire</p>
<p>Professionnels, particuliers, chineurs ou simples curieux : venez participer à cette journée utile et conviviale, au cœur du Bassin d’Arcachon.</p>
<p>📞 06 22 33 46 36 / 06 70 38 78 81<br />
📩 Imaixant@icloud.com</p>

Vide-grenier solidaire au Parc des Expositions de La Teste de Buch Le Parc des Expositions de La Teste de Buch accueille un vide-grenier organisé au profit du Téléthon 2026, en [&hellip;]
