{"id":250817,"date":"2026-02-12T09:45:01","date_gmt":"2026-02-12T08:45:01","guid":{"rendered":"https:\/\/bassin-arcachon.com\/agenda-et-sorties\/ceremonie-douverture-du-79eme-festival-de-cannes-au-cinema-la-dolce-vita\/"},"modified":"2026-05-03T04:36:16","modified_gmt":"2026-05-03T02:36:16","slug":"ceremonie-douverture-du-79eme-festival-de-cannes-au-cinema-la-dolce-vita","status":"publish","type":"agenda","link":"https:\/\/bassin-arcachon.com\/es\/agenda-et-sorties\/ceremonie-douverture-du-79eme-festival-de-cannes-au-cinema-la-dolce-vita\/","title":{"rendered":"C\u00e9r\u00e9monie d&rsquo;ouverture du 79\u00e8me Festival de Cannes au cin\u00e9ma La Dolce Vita"},"content":{"rendered":"<p>Retransmission en direct de la c\u00e9r\u00e9monie d&rsquo;ouverture du Festival de Cannes 2026 \u00e0 19h<\/p>\n<p>20h: Avant-premi\u00e8re La Venus \u00e9lectrique<\/p>\n<p>Dur\u00e9e 3h20<\/p>","protected":false},"featured_media":251184,"template":"","villea":[2175],"cat-event":[2188],"class_list":["post-250817","agenda","type-agenda","status-publish","has-post-thumbnail","hentry","villea-andernos-les-bains","cat-event-culture"],"acf":[],"uagb_featured_image_src":{"full":["https:\/\/bassin-arcachon.com\/wp-content\/uploads\/2026\/05\/sirtaqui-265984f8017991d4c1dc46dc8c7925a3.jpg",1200,675,false],"thumbnail":["https:\/\/bassin-arcachon.com\/wp-content\/uploads\/2026\/05\/sirtaqui-265984f8017991d4c1dc46dc8c7925a3-150x150.jpg",150,150,true],"medium":["https:\/\/bassin-arcachon.com\/wp-content\/uploads\/2026\/05\/sirtaqui-265984f8017991d4c1dc46dc8c7925a3-600x338.jpg",600,338,true],"medium_large":["https:\/\/bassin-arcachon.com\/wp-content\/uploads\/2026\/05\/sirtaqui-265984f8017991d4c1dc46dc8c7925a3-768x432.jpg",768,432,true],"large":["https:\/\/bassin-arcachon.com\/wp-content\/uploads\/2026\/05\/sirtaqui-265984f8017991d4c1dc46dc8c7925a3-1024x576.jpg",1024,576,true],"1536x1536":["https:\/\/bassin-arcachon.com\/wp-content\/uploads\/2026\/05\/sirtaqui-265984f8017991d4c1dc46dc8c7925a3.jpg",1200,675,false],"2048x2048":["https:\/\/bassin-arcachon.com\/wp-content\/uploads\/2026\/05\/sirtaqui-265984f8017991d4c1dc46dc8c7925a3.jpg",1200,675,false],"trp-custom-language-flag":["https:\/\/bassin-arcachon.com\/wp-content\/uploads\/2026\/05\/sirtaqui-265984f8017991d4c1dc46dc8c7925a3-18x10.jpg",18,10,true]},"uagb_author_info":{"display_name":"","author_link":"https:\/\/bassin-arcachon.com\/es\/author\/"},"uagb_comment_info":0,"uagb_excerpt":"Retransmission en direct de la c\u00e9r\u00e9monie d&rsquo;ouverture du Festival de Cannes 2026 \u00e0 19h 20h: Avant-premi\u00e8re La Venus \u00e9lectrique Dur\u00e9e 3h20","_links":{"self":[{"href":"https:\/\/bassin-arcachon.com\/es\/wp-json\/wp\/v2\/agenda\/250817","targetHints":{"allow":["GET"]}}],"collection":[{"href":"https:\/\/bassin-arcachon.com\/es\/wp-json\/wp\/v2\/agenda"}],"about":[{"href":"https:\/\/bassin-arcachon.com\/es\/wp-json\/wp\/v2\/types\/agenda"}],"version-history":[{"count":1,"href":"https:\/\/bassin-arcachon.com\/es\/wp-json\/wp\/v2\/agenda\/250817\/revisions"}],"predecessor-version":[{"id":251007,"href":"https:\/\/bassin-arcachon.com\/es\/wp-json\/wp\/v2\/agenda\/250817\/revisions\/251007"}],"wp:featuredmedia":[{"embeddable":true,"href":"https:\/\/bassin-arcachon.com\/es\/wp-json\/wp\/v2\/media\/251184"}],"wp:attachment":[{"href":"https:\/\/bassin-arcachon.com\/es\/wp-json\/wp\/v2\/media?parent=250817"}],"wp:term":[{"taxonomy":"villea","embeddable":true,"href":"https:\/\/bassin-arcachon.com\/es\/wp-json\/wp\/v2\/villea?post=250817"},{"taxonomy":"cat-event","embeddable":true,"href":"https:\/\/bassin-arcachon.com\/es\/wp-json\/wp\/v2\/cat-event?post=250817"}],"curies":[{"name":"wp","href":"https:\/\/api.w.org\/{rel}","templated":true}]}}

Cérémonie d&rsquo;ouverture du 79ème Festival de Cannes au cinéma La Dolce Vita

<p>Retransmission en direct de la cérémonie d&rsquo;ouverture du Festival de Cannes 2026 à 19h</p>
<p>20h: Avant-première La Venus électrique</p>
<p>Durée 3h20</p>

Retransmission en direct de la cérémonie d&rsquo;ouverture du Festival de Cannes 2026 à 19h 20h: Avant-première La Venus électrique Durée 3h20
