{"id":114578,"date":"2017-07-18T11:23:20","date_gmt":"2017-07-18T09:23:20","guid":{"rendered":"https:\/\/bassin-arcachon.com\/hebergement\/ciel-et-jardin-2\/"},"modified":"2026-04-30T03:32:23","modified_gmt":"2026-04-30T01:32:23","slug":"ciel-et-jardin-2","status":"publish","type":"hebergement","link":"https:\/\/bassin-arcachon.com\/es\/hebergement\/ciel-et-jardin-2\/","title":{"rendered":"Cielo y jard\u00edn"},"content":{"rendered":"<p>Andernos les bains est situ\u00e9 entre le Cap-Ferret et Arcachon. Les plages oc\u00e9anes sont \u00e0 15 km environ. L&rsquo;appartement est situ\u00e9 au centre d&rsquo;Andernos  les Bains, \u00e0 proximit\u00e9 imm\u00e9diate des services, du march\u00e9 couvert, du parc du Broustic, du Port Ostr\u00e9icole, de la Jet\u00e9e, du Bassin, de l&rsquo;\u00e9cole de voile, de la piste cyclable, soit, tout \u00e0 pied ! la plage est seulement \u00e0 200 m. L&rsquo;avantage compl\u00e9mentaire est qu&rsquo;il se trouve en retrait de la rue. Le logement est enti\u00e8rement neuf au 2\u00e8me  et dernier \u00e9tage avec ascenseur (accessible aux personnes \u00e0 mobilit\u00e9        r\u00e9duite) . Le balcon de 12 m\u00b2 offre une jolie vue sur le jardin paysager int\u00e9rieur et la verdure environnante. Vous y prendrez vos repas agr\u00e9ablement. Exposition plein sud et parking priv\u00e9 (couvert). La d\u00e9coration est personnalis\u00e9e dans l&rsquo;esprit Bassin.<\/p>","protected":false},"featured_media":248686,"template":"","villeh":[2170],"type-hebergement":[2184],"class_list":["post-114578","hebergement","type-hebergement","status-publish","has-post-thumbnail","hentry","villeh-andernos-les-bains","type-hebergement-locations-de-vacances"],"acf":[],"uagb_featured_image_src":{"full":["https:\/\/bassin-arcachon.com\/wp-content\/uploads\/2026\/04\/sirtaqui-231da24e6900ca359facef2c610f4b43.jpg",800,600,false],"thumbnail":["https:\/\/bassin-arcachon.com\/wp-content\/uploads\/2026\/04\/sirtaqui-231da24e6900ca359facef2c610f4b43-150x150.jpg",150,150,true],"medium":["https:\/\/bassin-arcachon.com\/wp-content\/uploads\/2026\/04\/sirtaqui-231da24e6900ca359facef2c610f4b43-600x450.jpg",600,450,true],"medium_large":["https:\/\/bassin-arcachon.com\/wp-content\/uploads\/2026\/04\/sirtaqui-231da24e6900ca359facef2c610f4b43-768x576.jpg",768,576,true],"large":["https:\/\/bassin-arcachon.com\/wp-content\/uploads\/2026\/04\/sirtaqui-231da24e6900ca359facef2c610f4b43.jpg",800,600,false],"1536x1536":["https:\/\/bassin-arcachon.com\/wp-content\/uploads\/2026\/04\/sirtaqui-231da24e6900ca359facef2c610f4b43.jpg",800,600,false],"2048x2048":["https:\/\/bassin-arcachon.com\/wp-content\/uploads\/2026\/04\/sirtaqui-231da24e6900ca359facef2c610f4b43.jpg",800,600,false],"trp-custom-language-flag":["https:\/\/bassin-arcachon.com\/wp-content\/uploads\/2026\/04\/sirtaqui-231da24e6900ca359facef2c610f4b43-16x12.jpg",16,12,true]},"uagb_author_info":{"display_name":"","author_link":"https:\/\/bassin-arcachon.com\/es\/author\/"},"uagb_comment_info":0,"uagb_excerpt":"Andernos les bains est situ\u00e9 entre le Cap-Ferret et Arcachon. Les plages oc\u00e9anes sont \u00e0 15 km environ. L&rsquo;appartement est situ\u00e9 au centre d&rsquo;Andernos les Bains, \u00e0 proximit\u00e9 imm\u00e9diate des [&hellip;]","_links":{"self":[{"href":"https:\/\/bassin-arcachon.com\/es\/wp-json\/wp\/v2\/hebergement\/114578","targetHints":{"allow":["GET"]}}],"collection":[{"href":"https:\/\/bassin-arcachon.com\/es\/wp-json\/wp\/v2\/hebergement"}],"about":[{"href":"https:\/\/bassin-arcachon.com\/es\/wp-json\/wp\/v2\/types\/hebergement"}],"version-history":[{"count":1,"href":"https:\/\/bassin-arcachon.com\/es\/wp-json\/wp\/v2\/hebergement\/114578\/revisions"}],"predecessor-version":[{"id":115489,"href":"https:\/\/bassin-arcachon.com\/es\/wp-json\/wp\/v2\/hebergement\/114578\/revisions\/115489"}],"wp:featuredmedia":[{"embeddable":true,"href":"https:\/\/bassin-arcachon.com\/es\/wp-json\/wp\/v2\/media\/248686"}],"wp:attachment":[{"href":"https:\/\/bassin-arcachon.com\/es\/wp-json\/wp\/v2\/media?parent=114578"}],"wp:term":[{"taxonomy":"villeh","embeddable":true,"href":"https:\/\/bassin-arcachon.com\/es\/wp-json\/wp\/v2\/villeh?post=114578"},{"taxonomy":"type-hebergement","embeddable":true,"href":"https:\/\/bassin-arcachon.com\/es\/wp-json\/wp\/v2\/type-hebergement?post=114578"}],"curies":[{"name":"wp","href":"https:\/\/api.w.org\/{rel}","templated":true}]}}

Cielo y jardín

<p>Andernos les bains est situé entre le Cap-Ferret et Arcachon. Les plages océanes sont à 15 km environ. L&rsquo;appartement est situé au centre d&rsquo;Andernos  les Bains, à proximité immédiate des services, du marché couvert, du parc du Broustic, du Port Ostréicole, de la Jetée, du Bassin, de l&rsquo;école de voile, de la piste cyclable, soit, tout à pied ! la plage est seulement à 200 m. L&rsquo;avantage complémentaire est qu&rsquo;il se trouve en retrait de la rue. Le logement est entièrement neuf au 2ème  et dernier étage avec ascenseur (accessible aux personnes à mobilité        réduite) . Le balcon de 12 m² offre une jolie vue sur le jardin paysager intérieur et la verdure environnante. Vous y prendrez vos repas agréablement. Exposition plein sud et parking privé (couvert). La décoration est personnalisée dans l&rsquo;esprit Bassin.</p>

Andernos les bains est situé entre le Cap-Ferret et Arcachon. Les plages océanes sont à 15 km environ. L&rsquo;appartement est situé au centre d&rsquo;Andernos les Bains, à proximité immédiate des [&hellip;]
