{"id":45694,"date":"2020-07-10T16:00:45","date_gmt":"2020-07-10T14:00:45","guid":{"rendered":"https:\/\/bassin-arcachon.com\/\/?page_id=45694"},"modified":"2024-11-06T12:00:36","modified_gmt":"2024-11-06T11:00:36","slug":"nuestros-alquileres-vacacionales-en-ares","status":"publish","type":"page","link":"https:\/\/bassin-arcachon.com\/es\/ou-dormir\/locations\/nos-locations-de-vacances-a-ares\/","title":{"rendered":"Nuestros alquileres de vacaciones en Ares"},"content":{"rendered":"<div class=\"wp-block-uagb-container uagb-block-43fd071c alignfull uagb-is-root-container\"><div class=\"uagb-container-inner-blocks-wrap\">\n<div class=\"wp-block-uagb-container uagb-block-4c129e35\">\n<h2 class=\"wp-block-heading\">Nuestros alquileres de vacaciones en Ar\u00e8s con vistas al Bassin<\/h2>\n\n\n\n<p>Qu\u00e9date junto al agua y descubre un paisaje nuevo cada ma\u00f1ana al despertar. Vive con las mareas en uno de nuestros lodges con vista a la cuenca. Elija uno de nuestros alquileres de vacaciones en <a href=\"https:\/\/bassin-arcachon.com\/es\/nuestros-elementos-esenciales\/las-playas\/\">Playas de Ar\u00e8s<\/a> \u00a1y pasa momentos \u00fanicos en pareja o con los ni\u00f1os!<\/p>\n\n\n\n<div class=\"wp-block-buttons is-layout-flex wp-block-buttons-is-layout-flex\">\n<div class=\"wp-block-button\"><a class=\"wp-block-button__link wp-element-button\" href=\"http:\/\/hebergements\/locations-de-vacances@ares&amp;vuemer\">Alquileres frente al mar<\/a><\/div>\n<\/div>\n<\/div>\n\n\n\n<div class=\"wp-block-uagb-container uagb-block-876414a2\">\n<div class=\"wp-block-uagb-image uagb-block-b7e601d7 wp-block-uagb-image--layout-default wp-block-uagb-image--effect-static wp-block-uagb-image--align-none\"><figure class=\"wp-block-uagb-image__figure\"><img decoding=\"async\" srcset=\"https:\/\/bassin-arcachon.com\/wp-content\/uploads\/2018\/07\/Vue-depuis-la-jet\u00e9e-dAr\u00e8s.jpg 1000w, https:\/\/bassin-arcachon.com\/wp-content\/uploads\/2018\/07\/Vue-depuis-la-jet\u00e9e-dAr\u00e8s-600x400.jpg 600w, https:\/\/bassin-arcachon.com\/wp-content\/uploads\/2018\/07\/Vue-depuis-la-jet\u00e9e-dAr\u00e8s-768x511.jpg 768w, https:\/\/bassin-arcachon.com\/wp-content\/uploads\/2018\/07\/Vue-depuis-la-jet\u00e9e-dAr\u00e8s-18x12.jpg 18w\" sizes=\"auto, (max-width: 480px) 150px\" src=\"https:\/\/bassin-arcachon.com\/wp-content\/uploads\/2018\/07\/Vue-depuis-la-jet\u00e9e-dAr\u00e8s.jpg\" alt=\"- - Bassin d&#039;Arcachon\" class=\"uag-image-23617\" width=\"1000\" height=\"666\" title=\"- - Bassin d&#039;Arcachon\" loading=\"lazy\" role=\"img\"><\/figure><\/div>\n<\/div>\n<\/div><\/div>\n\n\n\n<div style=\"height:60px\" aria-hidden=\"true\" class=\"wp-block-spacer\"><\/div>\n\n\n\n<div class=\"wp-block-uagb-container uagb-block-04b22247 alignfull uagb-is-root-container\"><div class=\"uagb-container-inner-blocks-wrap\">\n<div class=\"wp-block-uagb-container uagb-block-a2f6f37e\">\n<div class=\"wp-block-uagb-image uagb-block-7f09ed1a wp-block-uagb-image--layout-default wp-block-uagb-image--effect-static wp-block-uagb-image--align-none\"><figure class=\"wp-block-uagb-image__figure\"><img decoding=\"async\" srcset=\"https:\/\/bassin-arcachon.com\/wp-content\/uploads\/2017\/12\/champignons-siba-agence-les-conteurs-93-1024x683.jpg \" sizes=\"auto, (max-width: 480px) 150px\" src=\"https:\/\/bassin-arcachon.com\/wp-content\/uploads\/2017\/12\/champignons-siba-agence-les-conteurs-93-1024x683.jpg\" alt=\"- - Bassin d&#039;Arcachon\" class=\"uag-image-11533\" width=\"1024\" height=\"683\" title=\"- - Bassin d&#039;Arcachon\" loading=\"lazy\" role=\"img\"><\/figure><\/div>\n<\/div>\n\n\n\n<div class=\"wp-block-uagb-container uagb-block-67f6612b\">\n<h2 class=\"wp-block-heading\">Nuestros alquileres en Ar\u00e8s con jard\u00edn<\/h2>\n\n\n\n<p>\u00bfNecesitas espacio y sue\u00f1as con una estancia rodeada de naturaleza? En pareja o en familia, rel\u00e1jese en medio de la exuberante vegetaci\u00f3n del jard\u00edn de uno de nuestros lodges en Ar\u00e8s. \u00a1Los espacios verdes de su alquiler vacacional le garantizan una estancia relajante en el coraz\u00f3n del pueblo de Ar\u00e8s!<\/p>\n\n\n\n<div class=\"wp-block-buttons is-layout-flex wp-block-buttons-is-layout-flex\">\n<div class=\"wp-block-button\"><a class=\"wp-block-button__link wp-element-button\" href=\"https:\/\/bassin-arcachon.com\/es\/alojamiento-2\/alquileres-vacacionales-%40ares-%26amp-%3bgarden\/\">Alquileres con jard\u00edn<\/a><\/div>\n<\/div>\n<\/div>\n<\/div><\/div>\n\n\n\n<div style=\"height:60px\" aria-hidden=\"true\" class=\"wp-block-spacer\"><\/div>\n\n\n\n<div class=\"wp-block-uagb-container uagb-block-7869c7f5 alignfull uagb-is-root-container\"><div class=\"uagb-container-inner-blocks-wrap\">\n<div class=\"wp-block-uagb-container uagb-block-a9e2d667\">\n<h2 class=\"wp-block-heading\">Nuestros alquileres en Ar\u00e8s abiertos todo el a\u00f1o<\/h2>\n\n\n\n<p>Visite la cuenca de Arcachon en oto\u00f1o o primavera y elija una de nuestras casas rurales en Ar\u00e8s abiertas todo el a\u00f1o. \u00a1En la frescura y la calma, descubre una nueva cara del Bassin! En familia o con amigos, \u00a1al\u00f3jate en un alquiler vacacional en Ar\u00e8s y contempla los colores invernales de Bassin!<\/p>\n\n\n\n<div class=\"wp-block-buttons is-layout-flex wp-block-buttons-is-layout-flex\">\n<div class=\"wp-block-button\"><a class=\"wp-block-button__link wp-element-button\" href=\"https:\/\/bassin-arcachon.com\/es\/alojamiento-2\/alquileres-vacacionales-%40ares\/\">Alquileres abiertos todo el a\u00f1o<\/a><\/div>\n<\/div>\n<\/div>\n\n\n\n<div class=\"wp-block-uagb-container uagb-block-e8e79dfd\">\n<div class=\"wp-block-uagb-image uagb-block-eff9d029 wp-block-uagb-image--layout-default wp-block-uagb-image--effect-static wp-block-uagb-image--align-none\"><figure class=\"wp-block-uagb-image__figure\"><img decoding=\"async\" srcset=\"https:\/\/bassin-arcachon.com\/wp-content\/uploads\/2017\/10\/champignons-siba-agence-les-conteurs-113-1024x683.jpg \" sizes=\"auto, (max-width: 480px) 150px\" src=\"https:\/\/bassin-arcachon.com\/wp-content\/uploads\/2017\/10\/champignons-siba-agence-les-conteurs-113-1024x683.jpg\" alt=\"Setas-ares\" class=\"uag-image-9849\" width=\"1024\" height=\"683\" title=\"- - Bassin d&#039;Arcachon\" loading=\"lazy\" role=\"img\"><\/figure><\/div>\n<\/div>\n<\/div><\/div>\n\n\n\n<div style=\"height:60px\" aria-hidden=\"true\" class=\"wp-block-spacer\"><\/div>\n\n\n\n<div class=\"wp-block-uagb-container uagb-block-dcf46945 alignfull uagb-is-root-container\">\n<div class=\"wp-block-cover is-light has-parallax\"><span aria-hidden=\"true\" class=\"wp-block-cover__background has-background-dim-0 has-background-dim\"><\/span><div class=\"wp-block-cover__image-background wp-image-1345 has-parallax\" style=\"background-position:50% 50%;background-image:url(https:\/\/bassin-arcachon.com\/wp-content\/uploads\/2017\/03\/Camping-Panorama-du-Pyla-cottage-vue-mer-coin-farniente.jpg)\"><\/div><div class=\"wp-block-cover__inner-container is-layout-flow wp-block-cover-is-layout-flow\">\n<div class=\"wp-block-uagb-container uagb-block-ec21ba9a\">\n<h2 class=\"wp-block-heading has-text-align-center has-white-color has-text-color has-large-font-size\">Pase sus vacaciones con tranquilidad en uno de los alquileres de vacaciones Bassin en Arcachon<\/h2>\n\n\n\n<p class=\"has-text-align-center has-white-color has-text-color\"><a href=\"https:\/\/bassin-arcachon.com\/es\/alojamiento-2\/alquileres-vacacionales\/\">LANZA LA B\u00daSQUEDA<\/a><\/p>\n<\/div>\n<\/div><\/div>\n<\/div>\n\n\n\n<div style=\"height:60px\" aria-hidden=\"true\" class=\"wp-block-spacer\"><\/div>\n\n\n\n<div class=\"wp-block-uagb-container uagb-block-5bc354f6 alignfull uagb-is-root-container\"><div class=\"uagb-container-inner-blocks-wrap\">\n<div class=\"wp-block-uagb-container uagb-block-014e0810\">\n<h2 class=\"wp-block-heading\">\u00bfQuieres reservar un alquiler vacacional en los alrededores de Ar\u00e8s?<\/h2>\n\n\n\n<p>Descubra todos nuestros alquileres de vacaciones en Bassin Arcachon:&nbsp;<a href=\"https:\/\/bassin-arcachon.com\/es\/alojamiento-2\/alquileres-vacacionales+la-tecnica\/\">Le Teich<\/a>,&nbsp;<a href=\"https:\/\/bassin-arcachon.com\/es\/alojamiento-2\/alquileres-vacacionales+arcachon\/\">Arcachon<\/a>,&nbsp;<a href=\"https:\/\/bassin-arcachon.com\/es\/alojamiento-2\/alquileres-vacacionales+la-prueba-de-buch\/\">La Teste de Buch<\/a>,&nbsp;<a href=\"https:\/\/bassin-arcachon.com\/es\/alojamiento-2\/alquileres-vacacionales+andernos\/\">Andernos<\/a>,&nbsp;<a href=\"https:\/\/bassin-arcachon.com\/es\/alojamiento-2\/alquileres-vacacionales+gujan-mestras\/\">Gujan Mestras,<\/a>&nbsp;<a href=\"https:\/\/bassin-arcachon.com\/es\/alojamiento-2\/alquileres-vacacionales+corazon-de-la-cuenca-2\/\">Biganos,<\/a>&nbsp;<a href=\"https:\/\/bassin-arcachon.com\/es\/alojamiento-2\/alquileres-vacacionales+corazon-de-la-cuenca-2\/\">el Coraz\u00f3n de la bah\u00eda<\/a>,<a href=\"https:\/\/bassin-arcachon.com\/es\/alojamiento-2\/alquileres-vacacionales+corazon-de-la-cuenca-2\/\">&nbsp;a supprimer&nbsp;<\/a>\u00e0 supprimer&nbsp;<a href=\"https:\/\/bassin-arcachon.com\/es\/alojamiento-2\/alquileres-vacacionales+huron-de-gorra-lege\/\">Cap Ferret<\/a>&nbsp;!<\/p>\n<\/div>\n\n\n\n<div class=\"wp-block-uagb-container uagb-block-7d2b4334\">\n<div class=\"wp-block-uagb-image uagb-block-d9b547aa wp-block-uagb-image--layout-default wp-block-uagb-image--effect-static wp-block-uagb-image--align-none\"><figure class=\"wp-block-uagb-image__figure\"><img decoding=\"async\" srcset=\"https:\/\/bassin-arcachon.com\/wp-content\/uploads\/2018\/09\/nourri-a-lhu\u00eetre-\u00e9lev\u00e9-sous-les-pins-Bassin-dArcachon.jpg 1000w, https:\/\/bassin-arcachon.com\/wp-content\/uploads\/2018\/09\/nourri-a-lhu\u00eetre-\u00e9lev\u00e9-sous-les-pins-Bassin-dArcachon-600x400.jpg 600w, https:\/\/bassin-arcachon.com\/wp-content\/uploads\/2018\/09\/nourri-a-lhu\u00eetre-\u00e9lev\u00e9-sous-les-pins-Bassin-dArcachon-768x511.jpg 768w, https:\/\/bassin-arcachon.com\/wp-content\/uploads\/2018\/09\/nourri-a-lhu\u00eetre-\u00e9lev\u00e9-sous-les-pins-Bassin-dArcachon-18x12.jpg 18w\" sizes=\"auto, (max-width: 480px) 150px\" src=\"https:\/\/bassin-arcachon.com\/wp-content\/uploads\/2018\/09\/nourri-a-lhu\u00eetre-\u00e9lev\u00e9-sous-les-pins-Bassin-dArcachon.jpg\" alt=\"- - Bassin d&#039;Arcachon\" class=\"uag-image-26169\" width=\"1000\" height=\"666\" title=\"- - Bassin d&#039;Arcachon\" loading=\"lazy\" role=\"img\"><\/figure><\/div>\n<\/div>\n<\/div><\/div>\n\n\n\n<div style=\"height:60px\" aria-hidden=\"true\" class=\"wp-block-spacer\"><\/div>","protected":false},"excerpt":{"rendered":"<p>Nos locations de vacances \u00e0 Ar\u00e8s avec vue sur le Bassin S\u00e9journez au bord de l\u2019eau et d\u00e9couvrez un nouveau paysage chaque matin au r\u00e9veil. Vivez au gr\u00e9 des mar\u00e9es [&hellip;]<\/p>\n","protected":false},"author":25,"featured_media":2217,"parent":508,"menu_order":1,"comment_status":"closed","ping_status":"closed","template":"","meta":{"_acf_changed":false,"_uag_custom_page_level_css":"","footnotes":""},"class_list":["post-45694","page","type-page","status-publish","has-post-thumbnail","hentry"],"acf":[],"uagb_featured_image_src":{"full":["https:\/\/bassin-arcachon.com\/wp-content\/uploads\/2017\/03\/camping-bassin-arcachon.jpg",1200,800,false],"thumbnail":["https:\/\/bassin-arcachon.com\/wp-content\/uploads\/2017\/03\/camping-bassin-arcachon-150x150.jpg",150,150,true],"medium":["https:\/\/bassin-arcachon.com\/wp-content\/uploads\/2017\/03\/camping-bassin-arcachon-600x400.jpg",600,400,true],"medium_large":["https:\/\/bassin-arcachon.com\/wp-content\/uploads\/2017\/03\/camping-bassin-arcachon-768x512.jpg",768,512,true],"large":["https:\/\/bassin-arcachon.com\/wp-content\/uploads\/2017\/03\/camping-bassin-arcachon-1024x683.jpg",1024,683,true],"1536x1536":["https:\/\/bassin-arcachon.com\/wp-content\/uploads\/2017\/03\/camping-bassin-arcachon.jpg",1200,800,false],"2048x2048":["https:\/\/bassin-arcachon.com\/wp-content\/uploads\/2017\/03\/camping-bassin-arcachon.jpg",1200,800,false],"trp-custom-language-flag":["https:\/\/bassin-arcachon.com\/wp-content\/uploads\/2017\/03\/camping-bassin-arcachon-18x12.jpg",18,12,true]},"uagb_author_info":{"display_name":"Marie Clauzel","author_link":"https:\/\/bassin-arcachon.com\/es\/author\/mariesiba\/"},"uagb_comment_info":0,"uagb_excerpt":"Nos locations de vacances \u00e0 Ar\u00e8s avec vue sur le Bassin S\u00e9journez au bord de l\u2019eau et d\u00e9couvrez un nouveau paysage chaque matin au r\u00e9veil. Vivez au gr\u00e9 des mar\u00e9es [&hellip;]","_links":{"self":[{"href":"https:\/\/bassin-arcachon.com\/es\/wp-json\/wp\/v2\/pages\/45694","targetHints":{"allow":["GET"]}}],"collection":[{"href":"https:\/\/bassin-arcachon.com\/es\/wp-json\/wp\/v2\/pages"}],"about":[{"href":"https:\/\/bassin-arcachon.com\/es\/wp-json\/wp\/v2\/types\/page"}],"author":[{"embeddable":true,"href":"https:\/\/bassin-arcachon.com\/es\/wp-json\/wp\/v2\/users\/25"}],"replies":[{"embeddable":true,"href":"https:\/\/bassin-arcachon.com\/es\/wp-json\/wp\/v2\/comments?post=45694"}],"version-history":[{"count":2,"href":"https:\/\/bassin-arcachon.com\/es\/wp-json\/wp\/v2\/pages\/45694\/revisions"}],"predecessor-version":[{"id":68291,"href":"https:\/\/bassin-arcachon.com\/es\/wp-json\/wp\/v2\/pages\/45694\/revisions\/68291"}],"up":[{"embeddable":true,"href":"https:\/\/bassin-arcachon.com\/es\/wp-json\/wp\/v2\/pages\/508"}],"wp:featuredmedia":[{"embeddable":true,"href":"https:\/\/bassin-arcachon.com\/es\/wp-json\/wp\/v2\/media\/2217"}],"wp:attachment":[{"href":"https:\/\/bassin-arcachon.com\/es\/wp-json\/wp\/v2\/media?parent=45694"}],"curies":[{"name":"wp","href":"https:\/\/api.w.org\/{rel}","templated":true}]}}

<div class="wp-block-uagb-container uagb-block-43fd071c alignfull uagb-is-root-container"><div class="uagb-container-inner-blocks-wrap">
<div class="wp-block-uagb-container uagb-block-4c129e35">
<h2 class="wp-block-heading">Nuestros alquileres de vacaciones en Arès con vistas al Bassin</h2>



<p>Quédate junto al agua y descubre un paisaje nuevo cada mañana al despertar. Vive con las mareas en uno de nuestros lodges con vista a la cuenca. Elija uno de nuestros alquileres de vacaciones en <a href="https://bassin-arcachon.com/es/nuestros-elementos-esenciales/las-playas/">Playas de Arès</a> ¡y pasa momentos únicos en pareja o con los niños!</p>



<div class="wp-block-buttons is-layout-flex wp-block-buttons-is-layout-flex">
<div class="wp-block-button"><a class="wp-block-button__link wp-element-button" href="http://hebergements/locations-de-vacances@ares&amp;vuemer">Alquileres frente al mar</a></div>
</div>
</div>



<div class="wp-block-uagb-container uagb-block-876414a2">
<div class="wp-block-uagb-image uagb-block-b7e601d7 wp-block-uagb-image--layout-default wp-block-uagb-image--effect-static wp-block-uagb-image--align-none"><figure class="wp-block-uagb-image__figure"><img decoding="async" srcset="https://bassin-arcachon.com/wp-content/uploads/2018/07/Vue-depuis-la-jetée-dArès.jpg 1000w, https://bassin-arcachon.com/wp-content/uploads/2018/07/Vue-depuis-la-jetée-dArès-600x400.jpg 600w, https://bassin-arcachon.com/wp-content/uploads/2018/07/Vue-depuis-la-jetée-dArès-768x511.jpg 768w, https://bassin-arcachon.com/wp-content/uploads/2018/07/Vue-depuis-la-jetée-dArès-18x12.jpg 18w" sizes="auto, (max-width: 480px) 150px" src="https://bassin-arcachon.com/wp-content/uploads/2018/07/Vue-depuis-la-jetée-dArès.jpg" alt="- - Bassin d&#039;Arcachon" class="uag-image-23617" width="1000" height="666" title="- - Bassin d&#039;Arcachon" loading="lazy" role="img"></figure></div>
</div>
</div></div>



<div style="height:60px" aria-hidden="true" class="wp-block-spacer"></div>



<div class="wp-block-uagb-container uagb-block-04b22247 alignfull uagb-is-root-container"><div class="uagb-container-inner-blocks-wrap">
<div class="wp-block-uagb-container uagb-block-a2f6f37e">
<div class="wp-block-uagb-image uagb-block-7f09ed1a wp-block-uagb-image--layout-default wp-block-uagb-image--effect-static wp-block-uagb-image--align-none"><figure class="wp-block-uagb-image__figure"><img decoding="async" srcset="https://bassin-arcachon.com/wp-content/uploads/2017/12/champignons-siba-agence-les-conteurs-93-1024x683.jpg " sizes="auto, (max-width: 480px) 150px" src="https://bassin-arcachon.com/wp-content/uploads/2017/12/champignons-siba-agence-les-conteurs-93-1024x683.jpg" alt="- - Bassin d&#039;Arcachon" class="uag-image-11533" width="1024" height="683" title="- - Bassin d&#039;Arcachon" loading="lazy" role="img"></figure></div>
</div>



<div class="wp-block-uagb-container uagb-block-67f6612b">
<h2 class="wp-block-heading">Nuestros alquileres en Arès con jardín</h2>



<p>¿Necesitas espacio y sueñas con una estancia rodeada de naturaleza? En pareja o en familia, relájese en medio de la exuberante vegetación del jardín de uno de nuestros lodges en Arès. ¡Los espacios verdes de su alquiler vacacional le garantizan una estancia relajante en el corazón del pueblo de Arès!</p>



<div class="wp-block-buttons is-layout-flex wp-block-buttons-is-layout-flex">
<div class="wp-block-button"><a class="wp-block-button__link wp-element-button" href="https://bassin-arcachon.com/es/alojamiento-2/alquileres-vacacionales-%40ares-%26amp-%3bgarden/">Alquileres con jardín</a></div>
</div>
</div>
</div></div>



<div style="height:60px" aria-hidden="true" class="wp-block-spacer"></div>



<div class="wp-block-uagb-container uagb-block-7869c7f5 alignfull uagb-is-root-container"><div class="uagb-container-inner-blocks-wrap">
<div class="wp-block-uagb-container uagb-block-a9e2d667">
<h2 class="wp-block-heading">Nuestros alquileres en Arès abiertos todo el año</h2>



<p>Visite la cuenca de Arcachon en otoño o primavera y elija una de nuestras casas rurales en Arès abiertas todo el año. ¡En la frescura y la calma, descubre una nueva cara del Bassin! En familia o con amigos, ¡alójate en un alquiler vacacional en Arès y contempla los colores invernales de Bassin!</p>



<div class="wp-block-buttons is-layout-flex wp-block-buttons-is-layout-flex">
<div class="wp-block-button"><a class="wp-block-button__link wp-element-button" href="https://bassin-arcachon.com/es/alojamiento-2/alquileres-vacacionales-%40ares/">Alquileres abiertos todo el año</a></div>
</div>
</div>



<div class="wp-block-uagb-container uagb-block-e8e79dfd">
<div class="wp-block-uagb-image uagb-block-eff9d029 wp-block-uagb-image--layout-default wp-block-uagb-image--effect-static wp-block-uagb-image--align-none"><figure class="wp-block-uagb-image__figure"><img decoding="async" srcset="https://bassin-arcachon.com/wp-content/uploads/2017/10/champignons-siba-agence-les-conteurs-113-1024x683.jpg " sizes="auto, (max-width: 480px) 150px" src="https://bassin-arcachon.com/wp-content/uploads/2017/10/champignons-siba-agence-les-conteurs-113-1024x683.jpg" alt="Setas-ares" class="uag-image-9849" width="1024" height="683" title="- - Bassin d&#039;Arcachon" loading="lazy" role="img"></figure></div>
</div>
</div></div>



<div style="height:60px" aria-hidden="true" class="wp-block-spacer"></div>



<div class="wp-block-uagb-container uagb-block-dcf46945 alignfull uagb-is-root-container">
<div class="wp-block-cover is-light has-parallax"><span aria-hidden="true" class="wp-block-cover__background has-background-dim-0 has-background-dim"></span><div class="wp-block-cover__image-background wp-image-1345 has-parallax" style="background-position:50% 50%;background-image:url(https://bassin-arcachon.com/wp-content/uploads/2017/03/Camping-Panorama-du-Pyla-cottage-vue-mer-coin-farniente.jpg)"></div><div class="wp-block-cover__inner-container is-layout-flow wp-block-cover-is-layout-flow">
<div class="wp-block-uagb-container uagb-block-ec21ba9a">
<h2 class="wp-block-heading has-text-align-center has-white-color has-text-color has-large-font-size">Pase sus vacaciones con tranquilidad en uno de los alquileres de vacaciones Bassin en Arcachon</h2>



<p class="has-text-align-center has-white-color has-text-color"><a href="https://bassin-arcachon.com/es/alojamiento-2/alquileres-vacacionales/">LANZA LA BÚSQUEDA</a></p>
</div>
</div></div>
</div>



<div style="height:60px" aria-hidden="true" class="wp-block-spacer"></div>



<div class="wp-block-uagb-container uagb-block-5bc354f6 alignfull uagb-is-root-container"><div class="uagb-container-inner-blocks-wrap">
<div class="wp-block-uagb-container uagb-block-014e0810">
<h2 class="wp-block-heading">¿Quieres reservar un alquiler vacacional en los alrededores de Arès?</h2>



<p>Descubra todos nuestros alquileres de vacaciones en Bassin Arcachon:&nbsp;<a href="https://bassin-arcachon.com/es/alojamiento-2/alquileres-vacacionales+la-tecnica/">Le Teich</a>,&nbsp;<a href="https://bassin-arcachon.com/es/alojamiento-2/alquileres-vacacionales+arcachon/">Arcachon</a>,&nbsp;<a href="https://bassin-arcachon.com/es/alojamiento-2/alquileres-vacacionales+la-prueba-de-buch/">La Teste de Buch</a>,&nbsp;<a href="https://bassin-arcachon.com/es/alojamiento-2/alquileres-vacacionales+andernos/">Andernos</a>,&nbsp;<a href="https://bassin-arcachon.com/es/alojamiento-2/alquileres-vacacionales+gujan-mestras/">Gujan Mestras,</a>&nbsp;<a href="https://bassin-arcachon.com/es/alojamiento-2/alquileres-vacacionales+corazon-de-la-cuenca-2/">Biganos,</a>&nbsp;<a href="https://bassin-arcachon.com/es/alojamiento-2/alquileres-vacacionales+corazon-de-la-cuenca-2/">el Corazón de la bahía</a>,<a href="https://bassin-arcachon.com/es/alojamiento-2/alquileres-vacacionales+corazon-de-la-cuenca-2/">&nbsp;a supprimer&nbsp;</a>à supprimer&nbsp;<a href="https://bassin-arcachon.com/es/alojamiento-2/alquileres-vacacionales+huron-de-gorra-lege/">Cap Ferret</a>&nbsp;!</p>
</div>



<div class="wp-block-uagb-container uagb-block-7d2b4334">
<div class="wp-block-uagb-image uagb-block-d9b547aa wp-block-uagb-image--layout-default wp-block-uagb-image--effect-static wp-block-uagb-image--align-none"><figure class="wp-block-uagb-image__figure"><img decoding="async" srcset="https://bassin-arcachon.com/wp-content/uploads/2018/09/nourri-a-lhuître-élevé-sous-les-pins-Bassin-dArcachon.jpg 1000w, https://bassin-arcachon.com/wp-content/uploads/2018/09/nourri-a-lhuître-élevé-sous-les-pins-Bassin-dArcachon-600x400.jpg 600w, https://bassin-arcachon.com/wp-content/uploads/2018/09/nourri-a-lhuître-élevé-sous-les-pins-Bassin-dArcachon-768x511.jpg 768w, https://bassin-arcachon.com/wp-content/uploads/2018/09/nourri-a-lhuître-élevé-sous-les-pins-Bassin-dArcachon-18x12.jpg 18w" sizes="auto, (max-width: 480px) 150px" src="https://bassin-arcachon.com/wp-content/uploads/2018/09/nourri-a-lhuître-élevé-sous-les-pins-Bassin-dArcachon.jpg" alt="- - Bassin d&#039;Arcachon" class="uag-image-26169" width="1000" height="666" title="- - Bassin d&#039;Arcachon" loading="lazy" role="img"></figure></div>
</div>
</div></div>



<div style="height:60px" aria-hidden="true" class="wp-block-spacer"></div>

<p>Nos locations de vacances à Arès avec vue sur le Bassin Séjournez au bord de l’eau et découvrez un nouveau paysage chaque matin au réveil. Vivez au gré des marées [&hellip;]</p>

Nos locations de vacances à Arès avec vue sur le Bassin Séjournez au bord de l’eau et découvrez un nouveau paysage chaque matin au réveil. Vivez au gré des marées [&hellip;]
