{"id":238401,"date":"2024-03-20T15:10:32","date_gmt":"2024-03-20T14:10:32","guid":{"rendered":"https:\/\/bassin-arcachon.com\/agenda-et-sorties\/descente-de-la-leyre-en-canoe-collectif-entre-mios-et-lamothe\/"},"modified":"2026-04-29T04:33:16","modified_gmt":"2026-04-29T02:33:16","slug":"descente-de-la-leyre-en-canoe-collectif-entre-mios-et-lamothe","status":"publish","type":"agenda","link":"https:\/\/bassin-arcachon.com\/it\/agenda-et-sorties\/descente-de-la-leyre-en-canoe-collectif-entre-mios-et-lamothe\/","title":{"rendered":"Descente de la Leyre en Cano\u00eb collectif entre Mios et Lamothe"},"content":{"rendered":"<p>Descente de la Leyre de Mios \u00e0 Lamothe en cano\u00eb collectif de 8 places, encadr\u00e9e par un animateur dipl\u00f4m\u00e9 de la Maison de la Nature du Bassin d&rsquo;Arcachon (Parc naturel r\u00e9gional des Landes de Gascogne). Une fa\u00e7on originale d&rsquo;appr\u00e9cier et de mieux conna\u00eetre cette rivi\u00e8re \u00ab\u00a0la petite Amazone\u00a0\u00bb avec un connaisseur passionn\u00e9. A partir de 6 ans et savoir nager imp\u00e9ratif.<\/p>\n<p>A partir de 6 ans  &#8211; savoir obligatoirement nager<br \/>\nActivit\u00e9 non r\u00e9servable en ligne<br \/>\nUniquement sur r\u00e9servation aupr\u00e8s  de l&rsquo;Office de Tourisme du Coeur du Bassin 05 57 70 67 56 <\/p>","protected":false},"featured_media":240354,"template":"","villea":[2171],"cat-event":[2193],"class_list":["post-238401","agenda","type-agenda","status-publish","has-post-thumbnail","hentry","villea-coeur-de-bassin","cat-event-sports-et-loisirs"],"acf":[],"uagb_featured_image_src":{"full":["https:\/\/bassin-arcachon.com\/wp-content\/uploads\/2026\/03\/sirtaqui-c245a0cb2a494f73d054ec26767a1022.jpg",1200,803,false],"thumbnail":["https:\/\/bassin-arcachon.com\/wp-content\/uploads\/2026\/03\/sirtaqui-c245a0cb2a494f73d054ec26767a1022-150x150.jpg",150,150,true],"medium":["https:\/\/bassin-arcachon.com\/wp-content\/uploads\/2026\/03\/sirtaqui-c245a0cb2a494f73d054ec26767a1022-600x402.jpg",600,402,true],"medium_large":["https:\/\/bassin-arcachon.com\/wp-content\/uploads\/2026\/03\/sirtaqui-c245a0cb2a494f73d054ec26767a1022-768x514.jpg",768,514,true],"large":["https:\/\/bassin-arcachon.com\/wp-content\/uploads\/2026\/03\/sirtaqui-c245a0cb2a494f73d054ec26767a1022-1024x685.jpg",1024,685,true],"1536x1536":["https:\/\/bassin-arcachon.com\/wp-content\/uploads\/2026\/03\/sirtaqui-c245a0cb2a494f73d054ec26767a1022.jpg",1200,803,false],"2048x2048":["https:\/\/bassin-arcachon.com\/wp-content\/uploads\/2026\/03\/sirtaqui-c245a0cb2a494f73d054ec26767a1022.jpg",1200,803,false],"trp-custom-language-flag":["https:\/\/bassin-arcachon.com\/wp-content\/uploads\/2026\/03\/sirtaqui-c245a0cb2a494f73d054ec26767a1022-18x12.jpg",18,12,true]},"uagb_author_info":{"display_name":"","author_link":"https:\/\/bassin-arcachon.com\/it\/author\/"},"uagb_comment_info":0,"uagb_excerpt":"Descente de la Leyre de Mios \u00e0 Lamothe en cano\u00eb collectif de 8 places, encadr\u00e9e par un animateur dipl\u00f4m\u00e9 de la Maison de la Nature du Bassin d&rsquo;Arcachon (Parc naturel [&hellip;]","_links":{"self":[{"href":"https:\/\/bassin-arcachon.com\/it\/wp-json\/wp\/v2\/agenda\/238401","targetHints":{"allow":["GET"]}}],"collection":[{"href":"https:\/\/bassin-arcachon.com\/it\/wp-json\/wp\/v2\/agenda"}],"about":[{"href":"https:\/\/bassin-arcachon.com\/it\/wp-json\/wp\/v2\/types\/agenda"}],"version-history":[{"count":1,"href":"https:\/\/bassin-arcachon.com\/it\/wp-json\/wp\/v2\/agenda\/238401\/revisions"}],"predecessor-version":[{"id":238709,"href":"https:\/\/bassin-arcachon.com\/it\/wp-json\/wp\/v2\/agenda\/238401\/revisions\/238709"}],"wp:featuredmedia":[{"embeddable":true,"href":"https:\/\/bassin-arcachon.com\/it\/wp-json\/wp\/v2\/media\/240354"}],"wp:attachment":[{"href":"https:\/\/bassin-arcachon.com\/it\/wp-json\/wp\/v2\/media?parent=238401"}],"wp:term":[{"taxonomy":"villea","embeddable":true,"href":"https:\/\/bassin-arcachon.com\/it\/wp-json\/wp\/v2\/villea?post=238401"},{"taxonomy":"cat-event","embeddable":true,"href":"https:\/\/bassin-arcachon.com\/it\/wp-json\/wp\/v2\/cat-event?post=238401"}],"curies":[{"name":"wp","href":"https:\/\/api.w.org\/{rel}","templated":true}]}}

Descente de la Leyre en Canoë collectif entre Mios et Lamothe

<p>Descente de la Leyre de Mios à Lamothe en canoë collectif de 8 places, encadrée par un animateur diplômé de la Maison de la Nature du Bassin d&rsquo;Arcachon (Parc naturel régional des Landes de Gascogne). Une façon originale d&rsquo;apprécier et de mieux connaître cette rivière « la petite Amazone » avec un connaisseur passionné. A partir de 6 ans et savoir nager impératif.</p>
<p>A partir de 6 ans  &#8211; savoir obligatoirement nager<br />
Activité non réservable en ligne<br />
Uniquement sur réservation auprès  de l&rsquo;Office de Tourisme du Coeur du Bassin 05 57 70 67 56 </p>

Descente de la Leyre de Mios à Lamothe en canoë collectif de 8 places, encadrée par un animateur diplômé de la Maison de la Nature du Bassin d&rsquo;Arcachon (Parc naturel [&hellip;]
