{"id":249432,"date":"2026-04-23T16:22:53","date_gmt":"2026-04-23T14:22:53","guid":{"rendered":"https:\/\/bassin-arcachon.com\/agenda-et-sorties\/les-petites-oreilles\/"},"modified":"2026-04-29T04:39:39","modified_gmt":"2026-04-29T02:39:39","slug":"les-petites-oreilles","status":"publish","type":"agenda","link":"https:\/\/bassin-arcachon.com\/it\/agenda-et-sorties\/les-petites-oreilles\/","title":{"rendered":"\u00ab\u00a0Les Petites oreilles\u00a0\u00bb"},"content":{"rendered":"<p>Petite s\u00e9ance d\u2019animation autour des contes, comptines et livres, propos\u00e9es par Myriam Darmant\u00e9, conteuse.<br \/>\nDeux s\u00e9ances : une premi\u00e8re \u00e0 9h45 et une seconde \u00e0 10h30.<br \/>\nPour les enfants de 0 \u00e0 3 ans.<br \/>\nDur\u00e9e de chaque accueil : 30\/40 minutes<br \/>\nEntre 12 et 15 enfants, sur inscription.<\/p>","protected":false},"featured_media":249433,"template":"","villea":[2174],"cat-event":[2188],"class_list":["post-249432","agenda","type-agenda","status-publish","has-post-thumbnail","hentry","villea-la-teste-de-buch","cat-event-culture"],"acf":[],"uagb_featured_image_src":{"full":["https:\/\/bassin-arcachon.com\/wp-content\/uploads\/2026\/04\/sirtaqui-25507bce2fd3f80075075c9f9e252587.png",640,513,false],"thumbnail":["https:\/\/bassin-arcachon.com\/wp-content\/uploads\/2026\/04\/sirtaqui-25507bce2fd3f80075075c9f9e252587-150x150.png",150,150,true],"medium":["https:\/\/bassin-arcachon.com\/wp-content\/uploads\/2026\/04\/sirtaqui-25507bce2fd3f80075075c9f9e252587-600x481.png",600,481,true],"medium_large":["https:\/\/bassin-arcachon.com\/wp-content\/uploads\/2026\/04\/sirtaqui-25507bce2fd3f80075075c9f9e252587.png",640,513,false],"large":["https:\/\/bassin-arcachon.com\/wp-content\/uploads\/2026\/04\/sirtaqui-25507bce2fd3f80075075c9f9e252587.png",640,513,false],"1536x1536":["https:\/\/bassin-arcachon.com\/wp-content\/uploads\/2026\/04\/sirtaqui-25507bce2fd3f80075075c9f9e252587.png",640,513,false],"2048x2048":["https:\/\/bassin-arcachon.com\/wp-content\/uploads\/2026\/04\/sirtaqui-25507bce2fd3f80075075c9f9e252587.png",640,513,false],"trp-custom-language-flag":["https:\/\/bassin-arcachon.com\/wp-content\/uploads\/2026\/04\/sirtaqui-25507bce2fd3f80075075c9f9e252587-15x12.png",15,12,true]},"uagb_author_info":{"display_name":"","author_link":"https:\/\/bassin-arcachon.com\/it\/author\/"},"uagb_comment_info":0,"uagb_excerpt":"Petite s\u00e9ance d\u2019animation autour des contes, comptines et livres, propos\u00e9es par Myriam Darmant\u00e9, conteuse. Deux s\u00e9ances : une premi\u00e8re \u00e0 9h45 et une seconde \u00e0 10h30. Pour les enfants de [&hellip;]","_links":{"self":[{"href":"https:\/\/bassin-arcachon.com\/it\/wp-json\/wp\/v2\/agenda\/249432","targetHints":{"allow":["GET"]}}],"collection":[{"href":"https:\/\/bassin-arcachon.com\/it\/wp-json\/wp\/v2\/agenda"}],"about":[{"href":"https:\/\/bassin-arcachon.com\/it\/wp-json\/wp\/v2\/types\/agenda"}],"version-history":[{"count":1,"href":"https:\/\/bassin-arcachon.com\/it\/wp-json\/wp\/v2\/agenda\/249432\/revisions"}],"predecessor-version":[{"id":249585,"href":"https:\/\/bassin-arcachon.com\/it\/wp-json\/wp\/v2\/agenda\/249432\/revisions\/249585"}],"wp:featuredmedia":[{"embeddable":true,"href":"https:\/\/bassin-arcachon.com\/it\/wp-json\/wp\/v2\/media\/249433"}],"wp:attachment":[{"href":"https:\/\/bassin-arcachon.com\/it\/wp-json\/wp\/v2\/media?parent=249432"}],"wp:term":[{"taxonomy":"villea","embeddable":true,"href":"https:\/\/bassin-arcachon.com\/it\/wp-json\/wp\/v2\/villea?post=249432"},{"taxonomy":"cat-event","embeddable":true,"href":"https:\/\/bassin-arcachon.com\/it\/wp-json\/wp\/v2\/cat-event?post=249432"}],"curies":[{"name":"wp","href":"https:\/\/api.w.org\/{rel}","templated":true}]}}

<p>Petite séance d’animation autour des contes, comptines et livres, proposées par Myriam Darmanté, conteuse.<br />
Deux séances : une première à 9h45 et une seconde à 10h30.<br />
Pour les enfants de 0 à 3 ans.<br />
Durée de chaque accueil : 30/40 minutes<br />
Entre 12 et 15 enfants, sur inscription.</p>

Petite séance d’animation autour des contes, comptines et livres, proposées par Myriam Darmanté, conteuse. Deux séances : une première à 9h45 et une seconde à 10h30. Pour les enfants de [&hellip;]
