{"id":45694,"date":"2020-07-10T16:00:45","date_gmt":"2020-07-10T14:00:45","guid":{"rendered":"https:\/\/bassin-arcachon.com\/\/?page_id=45694"},"modified":"2024-11-06T12:00:36","modified_gmt":"2024-11-06T11:00:36","slug":"le-nostre-case-vacanze-ad-ares","status":"publish","type":"page","link":"https:\/\/bassin-arcachon.com\/it\/ou-dormir\/locations\/nos-locations-de-vacances-a-ares\/","title":{"rendered":"I nostri affitti per le vacanze ad Ares"},"content":{"rendered":"<div class=\"wp-block-uagb-container uagb-block-43fd071c alignfull uagb-is-root-container\"><div class=\"uagb-container-inner-blocks-wrap\">\n<div class=\"wp-block-uagb-container uagb-block-4c129e35\">\n<h2 class=\"wp-block-heading\">Le nostre case vacanze ad Ar\u00e8s con vista sul Bassin<\/h2>\n\n\n\n<p>Resta vicino all&#039;acqua e scopri un nuovo paesaggio ogni mattina quando ti svegli. Vivi con le maree in uno dei nostri lodge con vista sul bacino. Scegli una delle nostre case vacanze su <a href=\"https:\/\/bassin-arcachon.com\/it\/i-nostri-elementi-essenziali\/le-spiagge\/\">Le spiagge dell&#039;Ar\u00e8s<\/a> e trascorrere momenti unici in coppia o con i bambini!<\/p>\n\n\n\n<div class=\"wp-block-buttons is-layout-flex wp-block-buttons-is-layout-flex\">\n<div class=\"wp-block-button\"><a class=\"wp-block-button__link wp-element-button\" href=\"http:\/\/hebergements\/locations-de-vacances@ares&amp;vuemer\">Affitti sul lungomare<\/a><\/div>\n<\/div>\n<\/div>\n\n\n\n<div class=\"wp-block-uagb-container uagb-block-876414a2\">\n<div class=\"wp-block-uagb-image uagb-block-b7e601d7 wp-block-uagb-image--layout-default wp-block-uagb-image--effect-static wp-block-uagb-image--align-none\"><figure class=\"wp-block-uagb-image__figure\"><img decoding=\"async\" srcset=\"\" sizes=\"auto, (max-width: 480px) 150px\" src=\"https:\/\/bassin-arcachon.com\/wp-content\/uploads\/2018\/07\/Vista-da-la-jet\u00e9e-dAr\u00e8s.jpg\" alt=\"- - Bassin d&#039;Arcachon\" class=\"uag-image-23617\" width=\"1000\" height=\"666\" title=\"- - Bassin d&#039;Arcachon\" loading=\"lazy\" role=\"img\" data-srcset=\"\"><\/figure><\/div>\n<\/div>\n<\/div><\/div>\n\n\n\n<div style=\"height:60px\" aria-hidden=\"true\" class=\"wp-block-spacer\"><\/div>\n\n\n\n<div class=\"wp-block-uagb-container uagb-block-04b22247 alignfull uagb-is-root-container\"><div class=\"uagb-container-inner-blocks-wrap\">\n<div class=\"wp-block-uagb-container uagb-block-a2f6f37e\">\n<div class=\"wp-block-uagb-image uagb-block-7f09ed1a wp-block-uagb-image--layout-default wp-block-uagb-image--effect-static wp-block-uagb-image--align-none\"><figure class=\"wp-block-uagb-image__figure\"><img decoding=\"async\" srcset=\"https:\/\/bassin-arcachon.com\/wp-content\/uploads\/2017\/12\/champignons-siba-agence-les-conteurs-93-1024x683.jpg \" sizes=\"auto, (max-width: 480px) 150px\" src=\"https:\/\/bassin-arcachon.com\/wp-content\/uploads\/2017\/12\/champignons-siba-agence-les-conteurs-93-1024x683.jpg\" alt=\"- - Bassin d&#039;Arcachon\" class=\"uag-image-11533\" width=\"1024\" height=\"683\" title=\"- - Bassin d&#039;Arcachon\" loading=\"lazy\" role=\"img\"><\/figure><\/div>\n<\/div>\n\n\n\n<div class=\"wp-block-uagb-container uagb-block-67f6612b\">\n<h2 class=\"wp-block-heading\">I nostri affitti ad Ar\u00e8s con giardino<\/h2>\n\n\n\n<p>Hai bisogno di spazio e sogni un soggiorno immerso nella natura? In coppia o in famiglia, rilassatevi nel cuore della rigogliosa vegetazione del giardino di uno dei nostri lodge ad Ar\u00e8s. Gli spazi verdi della vostra casa vacanza vi garantiscono un soggiorno rilassante nel cuore della citt\u00e0 di Ar\u00e8s!<\/p>\n\n\n\n<div class=\"wp-block-buttons is-layout-flex wp-block-buttons-is-layout-flex\">\n<div class=\"wp-block-button\"><a class=\"wp-block-button__link wp-element-button\" href=\"https:\/\/bassin-arcachon.com\/it\/alloggio\/affitti-per-le-vacanzearesjardin\/\">Affitti con giardino<\/a><\/div>\n<\/div>\n<\/div>\n<\/div><\/div>\n\n\n\n<div style=\"height:60px\" aria-hidden=\"true\" class=\"wp-block-spacer\"><\/div>\n\n\n\n<div class=\"wp-block-uagb-container uagb-block-7869c7f5 alignfull uagb-is-root-container\"><div class=\"uagb-container-inner-blocks-wrap\">\n<div class=\"wp-block-uagb-container uagb-block-a9e2d667\">\n<h2 class=\"wp-block-heading\">I nostri affitti ad Ar\u00e8s sono aperti tutto l&#039;anno<\/h2>\n\n\n\n<p>Visitate il bacino di Arcachon in autunno o in primavera e scegliete uno dei nostri g\u00eetes ad Ar\u00e8s aperti tutto l&#039;anno. Nella freschezza e nella calma, scopri un nuovo volto dell&#039;Bassin! Con la famiglia o gli amici, soggiorna in una casa vacanze ad Ar\u00e8s e contempla i colori invernali di Bassin!<\/p>\n\n\n\n<div class=\"wp-block-buttons is-layout-flex wp-block-buttons-is-layout-flex\">\n<div class=\"wp-block-button\"><a class=\"wp-block-button__link wp-element-button\" href=\"https:\/\/bassin-arcachon.com\/it\/alloggio\/affitti-per-le-vacanze%40ares\/\">Gli affitti sono aperti tutto l&#039;anno<\/a><\/div>\n<\/div>\n<\/div>\n\n\n\n<div class=\"wp-block-uagb-container uagb-block-e8e79dfd\">\n<div class=\"wp-block-uagb-image uagb-block-eff9d029 wp-block-uagb-image--layout-default wp-block-uagb-image--effect-static wp-block-uagb-image--align-none\"><figure class=\"wp-block-uagb-image__figure\"><img decoding=\"async\" srcset=\"https:\/\/bassin-arcachon.com\/wp-content\/uploads\/2017\/10\/champignons-siba-agence-les-conteurs-113-1024x683.jpg \" sizes=\"auto, (max-width: 480px) 150px\" src=\"https:\/\/bassin-arcachon.com\/wp-content\/uploads\/2017\/10\/champignons-siba-agence-les-conteurs-113-1024x683.jpg\" alt=\"Funghi-ares\" class=\"uag-image-9849\" width=\"1024\" height=\"683\" title=\"- - Bassin d&#039;Arcachon\" loading=\"lazy\" role=\"img\"><\/figure><\/div>\n<\/div>\n<\/div><\/div>\n\n\n\n<div style=\"height:60px\" aria-hidden=\"true\" class=\"wp-block-spacer\"><\/div>\n\n\n\n<div class=\"wp-block-uagb-container uagb-block-dcf46945 alignfull uagb-is-root-container\">\n<div class=\"wp-block-cover is-light has-parallax\"><span aria-hidden=\"true\" class=\"wp-block-cover__background has-background-dim-0 has-background-dim\"><\/span><div class=\"wp-block-cover__image-background wp-image-1345 has-parallax\" style=\"background-position:50% 50%;background-image:url(https:\/\/bassin-arcachon.com\/wp-content\/uploads\/2017\/03\/Camping-Panorama-du-Pyla-cottage-vue-mer-coin-farniente.jpg)\"><\/div><div class=\"wp-block-cover__inner-container is-layout-flow wp-block-cover-is-layout-flow\">\n<div class=\"wp-block-uagb-container uagb-block-ec21ba9a\">\n<h2 class=\"wp-block-heading has-text-align-center has-white-color has-text-color has-large-font-size\">Trascorri le tue vacanze con facilit\u00e0 in una delle case vacanze Bassin ad Arcachon<\/h2>\n\n\n\n<p class=\"has-text-align-center has-white-color has-text-color\"><a href=\"https:\/\/bassin-arcachon.com\/it\/alloggio\/gli-affitti-per-le-vacanze\/\">INIZIA LA TUA RICERCA<\/a><\/p>\n<\/div>\n<\/div><\/div>\n<\/div>\n\n\n\n<div style=\"height:60px\" aria-hidden=\"true\" class=\"wp-block-spacer\"><\/div>\n\n\n\n<div class=\"wp-block-uagb-container uagb-block-5bc354f6 alignfull uagb-is-root-container\"><div class=\"uagb-container-inner-blocks-wrap\">\n<div class=\"wp-block-uagb-container uagb-block-014e0810\">\n<h2 class=\"wp-block-heading\">Desideri prenotare una casa vacanze nei dintorni di Ar\u00e8s?<\/h2>\n\n\n\n<p>Scopri tutti i nostri affitti per le vacanze a Bassin Arcachon:&nbsp;<a href=\"https:\/\/bassin-arcachon.com\/it\/alloggio\/gli-affitti-per-le-vacanze+il-teico\/\">Le Teich<\/a>,&nbsp;<a href=\"https:\/\/bassin-arcachon.com\/it\/alloggio\/gli-affitti-per-le-vacanze+arcachon\/\">Arcachon<\/a>,&nbsp;<a href=\"https:\/\/bassin-arcachon.com\/it\/alloggio\/gli-affitti-per-le-vacanze+il-test-del-libro\/\">La Teste de Buch<\/a>,&nbsp;<a href=\"https:\/\/bassin-arcachon.com\/it\/alloggio\/gli-affitti-per-le-vacanze+anderno\/\">Anderno<\/a>,&nbsp;<a href=\"https:\/\/bassin-arcachon.com\/it\/alloggio\/gli-affitti-per-le-vacanze+gujan-mestras\/\">Gujan-Mestras,<\/a>&nbsp;<a href=\"https:\/\/bassin-arcachon.com\/it\/alloggio\/gli-affitti-per-le-vacanze+cuore-pelvico\/\">Bigano,<\/a>&nbsp;<a href=\"https:\/\/bassin-arcachon.com\/it\/alloggio\/gli-affitti-per-le-vacanze+cuore-pelvico\/\">Audenge<\/a>,<a href=\"https:\/\/bassin-arcachon.com\/it\/alloggio\/gli-affitti-per-le-vacanze+cuore-pelvico\/\">&nbsp;lanto&nbsp;<\/a>e&nbsp;<a href=\"https:\/\/bassin-arcachon.com\/it\/alloggio\/gli-affitti-per-le-vacanze+furetto-lege-cap\/\">Cap-Ferret<\/a>&nbsp;!<\/p>\n<\/div>\n\n\n\n<div class=\"wp-block-uagb-container uagb-block-7d2b4334\">\n<div class=\"wp-block-uagb-image uagb-block-d9b547aa wp-block-uagb-image--layout-default wp-block-uagb-image--effect-static wp-block-uagb-image--align-none\"><figure class=\"wp-block-uagb-image__figure\"><img decoding=\"async\" srcset=\"https:\/\/bassin-arcachon.com\/wp-content\/uploads\/2018\/09\/nourri-a-lhu\u00eetre-\u00e9lev\u00e9-sous-les-pins-Bassin-dArcachon.jpg 1000w, https:\/\/bassin-arcachon.com\/wp-content\/uploads\/2018\/09\/nourri-a-lhu\u00eetre-\u00e9lev\u00e9-sous-les-pins-Bassin-dArcachon-600x400.jpg 600w, https:\/\/bassin-arcachon.com\/wp-content\/uploads\/2018\/09\/nourri-a-lhu\u00eetre-\u00e9lev\u00e9-sous-les-pins-Bassin-dArcachon-768x511.jpg 768w, https:\/\/bassin-arcachon.com\/wp-content\/uploads\/2018\/09\/nourri-a-lhu\u00eetre-\u00e9lev\u00e9-sous-les-pins-Bassin-dArcachon-18x12.jpg 18w\" sizes=\"auto, (max-width: 480px) 150px\" src=\"https:\/\/bassin-arcachon.com\/wp-content\/uploads\/2018\/09\/nourri-a-lhu\u00eetre-\u00e9lev\u00e9-sous-les-pins-Bassin-dArcachon.jpg\" alt=\"- - Bassin d&#039;Arcachon\" class=\"uag-image-26169\" width=\"1000\" height=\"666\" title=\"- - Bassin d&#039;Arcachon\" loading=\"lazy\" role=\"img\"><\/figure><\/div>\n<\/div>\n<\/div><\/div>\n\n\n\n<div style=\"height:60px\" aria-hidden=\"true\" class=\"wp-block-spacer\"><\/div>","protected":false},"excerpt":{"rendered":"<p>Nos locations de vacances \u00e0 Ar\u00e8s avec vue sur le Bassin S\u00e9journez au bord de l\u2019eau et d\u00e9couvrez un nouveau paysage chaque matin au r\u00e9veil. Vivez au gr\u00e9 des mar\u00e9es [&hellip;]<\/p>\n","protected":false},"author":25,"featured_media":2217,"parent":508,"menu_order":1,"comment_status":"closed","ping_status":"closed","template":"","meta":{"_acf_changed":false,"_uag_custom_page_level_css":"","footnotes":""},"class_list":["post-45694","page","type-page","status-publish","has-post-thumbnail","hentry"],"acf":[],"uagb_featured_image_src":{"full":["https:\/\/bassin-arcachon.com\/wp-content\/uploads\/2017\/03\/camping-bassin-arcachon.jpg",1200,800,false],"thumbnail":["https:\/\/bassin-arcachon.com\/wp-content\/uploads\/2017\/03\/camping-bassin-arcachon-150x150.jpg",150,150,true],"medium":["https:\/\/bassin-arcachon.com\/wp-content\/uploads\/2017\/03\/camping-bassin-arcachon-600x400.jpg",600,400,true],"medium_large":["https:\/\/bassin-arcachon.com\/wp-content\/uploads\/2017\/03\/camping-bassin-arcachon-768x512.jpg",768,512,true],"large":["https:\/\/bassin-arcachon.com\/wp-content\/uploads\/2017\/03\/camping-bassin-arcachon-1024x683.jpg",1024,683,true],"1536x1536":["https:\/\/bassin-arcachon.com\/wp-content\/uploads\/2017\/03\/camping-bassin-arcachon.jpg",1200,800,false],"2048x2048":["https:\/\/bassin-arcachon.com\/wp-content\/uploads\/2017\/03\/camping-bassin-arcachon.jpg",1200,800,false],"trp-custom-language-flag":["https:\/\/bassin-arcachon.com\/wp-content\/uploads\/2017\/03\/camping-bassin-arcachon-18x12.jpg",18,12,true]},"uagb_author_info":{"display_name":"Marie Clauzel","author_link":"https:\/\/bassin-arcachon.com\/it\/author\/mariesiba\/"},"uagb_comment_info":0,"uagb_excerpt":"Nos locations de vacances \u00e0 Ar\u00e8s avec vue sur le Bassin S\u00e9journez au bord de l\u2019eau et d\u00e9couvrez un nouveau paysage chaque matin au r\u00e9veil. Vivez au gr\u00e9 des mar\u00e9es [&hellip;]","_links":{"self":[{"href":"https:\/\/bassin-arcachon.com\/it\/wp-json\/wp\/v2\/pages\/45694","targetHints":{"allow":["GET"]}}],"collection":[{"href":"https:\/\/bassin-arcachon.com\/it\/wp-json\/wp\/v2\/pages"}],"about":[{"href":"https:\/\/bassin-arcachon.com\/it\/wp-json\/wp\/v2\/types\/page"}],"author":[{"embeddable":true,"href":"https:\/\/bassin-arcachon.com\/it\/wp-json\/wp\/v2\/users\/25"}],"replies":[{"embeddable":true,"href":"https:\/\/bassin-arcachon.com\/it\/wp-json\/wp\/v2\/comments?post=45694"}],"version-history":[{"count":2,"href":"https:\/\/bassin-arcachon.com\/it\/wp-json\/wp\/v2\/pages\/45694\/revisions"}],"predecessor-version":[{"id":68291,"href":"https:\/\/bassin-arcachon.com\/it\/wp-json\/wp\/v2\/pages\/45694\/revisions\/68291"}],"up":[{"embeddable":true,"href":"https:\/\/bassin-arcachon.com\/it\/wp-json\/wp\/v2\/pages\/508"}],"wp:featuredmedia":[{"embeddable":true,"href":"https:\/\/bassin-arcachon.com\/it\/wp-json\/wp\/v2\/media\/2217"}],"wp:attachment":[{"href":"https:\/\/bassin-arcachon.com\/it\/wp-json\/wp\/v2\/media?parent=45694"}],"curies":[{"name":"wp","href":"https:\/\/api.w.org\/{rel}","templated":true}]}}

<div class="wp-block-uagb-container uagb-block-43fd071c alignfull uagb-is-root-container"><div class="uagb-container-inner-blocks-wrap">
<div class="wp-block-uagb-container uagb-block-4c129e35">
<h2 class="wp-block-heading">Le nostre case vacanze ad Arès con vista sul Bassin</h2>



<p>Resta vicino all&#039;acqua e scopri un nuovo paesaggio ogni mattina quando ti svegli. Vivi con le maree in uno dei nostri lodge con vista sul bacino. Scegli una delle nostre case vacanze su <a href="https://bassin-arcachon.com/it/i-nostri-elementi-essenziali/le-spiagge/">Le spiagge dell&#039;Arès</a> e trascorrere momenti unici in coppia o con i bambini!</p>



<div class="wp-block-buttons is-layout-flex wp-block-buttons-is-layout-flex">
<div class="wp-block-button"><a class="wp-block-button__link wp-element-button" href="http://hebergements/locations-de-vacances@ares&amp;vuemer">Affitti sul lungomare</a></div>
</div>
</div>



<div class="wp-block-uagb-container uagb-block-876414a2">
<div class="wp-block-uagb-image uagb-block-b7e601d7 wp-block-uagb-image--layout-default wp-block-uagb-image--effect-static wp-block-uagb-image--align-none"><figure class="wp-block-uagb-image__figure"><img decoding="async" srcset="" sizes="auto, (max-width: 480px) 150px" src="https://bassin-arcachon.com/wp-content/uploads/2018/07/Vista-da-la-jetée-dArès.jpg" alt="- - Bassin d&#039;Arcachon" class="uag-image-23617" width="1000" height="666" title="- - Bassin d&#039;Arcachon" loading="lazy" role="img" data-srcset=""></figure></div>
</div>
</div></div>



<div style="height:60px" aria-hidden="true" class="wp-block-spacer"></div>



<div class="wp-block-uagb-container uagb-block-04b22247 alignfull uagb-is-root-container"><div class="uagb-container-inner-blocks-wrap">
<div class="wp-block-uagb-container uagb-block-a2f6f37e">
<div class="wp-block-uagb-image uagb-block-7f09ed1a wp-block-uagb-image--layout-default wp-block-uagb-image--effect-static wp-block-uagb-image--align-none"><figure class="wp-block-uagb-image__figure"><img decoding="async" srcset="https://bassin-arcachon.com/wp-content/uploads/2017/12/champignons-siba-agence-les-conteurs-93-1024x683.jpg " sizes="auto, (max-width: 480px) 150px" src="https://bassin-arcachon.com/wp-content/uploads/2017/12/champignons-siba-agence-les-conteurs-93-1024x683.jpg" alt="- - Bassin d&#039;Arcachon" class="uag-image-11533" width="1024" height="683" title="- - Bassin d&#039;Arcachon" loading="lazy" role="img"></figure></div>
</div>



<div class="wp-block-uagb-container uagb-block-67f6612b">
<h2 class="wp-block-heading">I nostri affitti ad Arès con giardino</h2>



<p>Hai bisogno di spazio e sogni un soggiorno immerso nella natura? In coppia o in famiglia, rilassatevi nel cuore della rigogliosa vegetazione del giardino di uno dei nostri lodge ad Arès. Gli spazi verdi della vostra casa vacanza vi garantiscono un soggiorno rilassante nel cuore della città di Arès!</p>



<div class="wp-block-buttons is-layout-flex wp-block-buttons-is-layout-flex">
<div class="wp-block-button"><a class="wp-block-button__link wp-element-button" href="https://bassin-arcachon.com/it/alloggio/affitti-per-le-vacanzearesjardin/">Affitti con giardino</a></div>
</div>
</div>
</div></div>



<div style="height:60px" aria-hidden="true" class="wp-block-spacer"></div>



<div class="wp-block-uagb-container uagb-block-7869c7f5 alignfull uagb-is-root-container"><div class="uagb-container-inner-blocks-wrap">
<div class="wp-block-uagb-container uagb-block-a9e2d667">
<h2 class="wp-block-heading">I nostri affitti ad Arès sono aperti tutto l&#039;anno</h2>



<p>Visitate il bacino di Arcachon in autunno o in primavera e scegliete uno dei nostri gîtes ad Arès aperti tutto l&#039;anno. Nella freschezza e nella calma, scopri un nuovo volto dell&#039;Bassin! Con la famiglia o gli amici, soggiorna in una casa vacanze ad Arès e contempla i colori invernali di Bassin!</p>



<div class="wp-block-buttons is-layout-flex wp-block-buttons-is-layout-flex">
<div class="wp-block-button"><a class="wp-block-button__link wp-element-button" href="https://bassin-arcachon.com/it/alloggio/affitti-per-le-vacanze%40ares/">Gli affitti sono aperti tutto l&#039;anno</a></div>
</div>
</div>



<div class="wp-block-uagb-container uagb-block-e8e79dfd">
<div class="wp-block-uagb-image uagb-block-eff9d029 wp-block-uagb-image--layout-default wp-block-uagb-image--effect-static wp-block-uagb-image--align-none"><figure class="wp-block-uagb-image__figure"><img decoding="async" srcset="https://bassin-arcachon.com/wp-content/uploads/2017/10/champignons-siba-agence-les-conteurs-113-1024x683.jpg " sizes="auto, (max-width: 480px) 150px" src="https://bassin-arcachon.com/wp-content/uploads/2017/10/champignons-siba-agence-les-conteurs-113-1024x683.jpg" alt="Funghi-ares" class="uag-image-9849" width="1024" height="683" title="- - Bassin d&#039;Arcachon" loading="lazy" role="img"></figure></div>
</div>
</div></div>



<div style="height:60px" aria-hidden="true" class="wp-block-spacer"></div>



<div class="wp-block-uagb-container uagb-block-dcf46945 alignfull uagb-is-root-container">
<div class="wp-block-cover is-light has-parallax"><span aria-hidden="true" class="wp-block-cover__background has-background-dim-0 has-background-dim"></span><div class="wp-block-cover__image-background wp-image-1345 has-parallax" style="background-position:50% 50%;background-image:url(https://bassin-arcachon.com/wp-content/uploads/2017/03/Camping-Panorama-du-Pyla-cottage-vue-mer-coin-farniente.jpg)"></div><div class="wp-block-cover__inner-container is-layout-flow wp-block-cover-is-layout-flow">
<div class="wp-block-uagb-container uagb-block-ec21ba9a">
<h2 class="wp-block-heading has-text-align-center has-white-color has-text-color has-large-font-size">Trascorri le tue vacanze con facilità in una delle case vacanze Bassin ad Arcachon</h2>



<p class="has-text-align-center has-white-color has-text-color"><a href="https://bassin-arcachon.com/it/alloggio/gli-affitti-per-le-vacanze/">INIZIA LA TUA RICERCA</a></p>
</div>
</div></div>
</div>



<div style="height:60px" aria-hidden="true" class="wp-block-spacer"></div>



<div class="wp-block-uagb-container uagb-block-5bc354f6 alignfull uagb-is-root-container"><div class="uagb-container-inner-blocks-wrap">
<div class="wp-block-uagb-container uagb-block-014e0810">
<h2 class="wp-block-heading">Desideri prenotare una casa vacanze nei dintorni di Arès?</h2>



<p>Scopri tutti i nostri affitti per le vacanze a Bassin Arcachon:&nbsp;<a href="https://bassin-arcachon.com/it/alloggio/gli-affitti-per-le-vacanze+il-teico/">Le Teich</a>,&nbsp;<a href="https://bassin-arcachon.com/it/alloggio/gli-affitti-per-le-vacanze+arcachon/">Arcachon</a>,&nbsp;<a href="https://bassin-arcachon.com/it/alloggio/gli-affitti-per-le-vacanze+il-test-del-libro/">La Teste de Buch</a>,&nbsp;<a href="https://bassin-arcachon.com/it/alloggio/gli-affitti-per-le-vacanze+anderno/">Anderno</a>,&nbsp;<a href="https://bassin-arcachon.com/it/alloggio/gli-affitti-per-le-vacanze+gujan-mestras/">Gujan-Mestras,</a>&nbsp;<a href="https://bassin-arcachon.com/it/alloggio/gli-affitti-per-le-vacanze+cuore-pelvico/">Bigano,</a>&nbsp;<a href="https://bassin-arcachon.com/it/alloggio/gli-affitti-per-le-vacanze+cuore-pelvico/">Audenge</a>,<a href="https://bassin-arcachon.com/it/alloggio/gli-affitti-per-le-vacanze+cuore-pelvico/">&nbsp;lanto&nbsp;</a>e&nbsp;<a href="https://bassin-arcachon.com/it/alloggio/gli-affitti-per-le-vacanze+furetto-lege-cap/">Cap-Ferret</a>&nbsp;!</p>
</div>



<div class="wp-block-uagb-container uagb-block-7d2b4334">
<div class="wp-block-uagb-image uagb-block-d9b547aa wp-block-uagb-image--layout-default wp-block-uagb-image--effect-static wp-block-uagb-image--align-none"><figure class="wp-block-uagb-image__figure"><img decoding="async" srcset="https://bassin-arcachon.com/wp-content/uploads/2018/09/nourri-a-lhuître-élevé-sous-les-pins-Bassin-dArcachon.jpg 1000w, https://bassin-arcachon.com/wp-content/uploads/2018/09/nourri-a-lhuître-élevé-sous-les-pins-Bassin-dArcachon-600x400.jpg 600w, https://bassin-arcachon.com/wp-content/uploads/2018/09/nourri-a-lhuître-élevé-sous-les-pins-Bassin-dArcachon-768x511.jpg 768w, https://bassin-arcachon.com/wp-content/uploads/2018/09/nourri-a-lhuître-élevé-sous-les-pins-Bassin-dArcachon-18x12.jpg 18w" sizes="auto, (max-width: 480px) 150px" src="https://bassin-arcachon.com/wp-content/uploads/2018/09/nourri-a-lhuître-élevé-sous-les-pins-Bassin-dArcachon.jpg" alt="- - Bassin d&#039;Arcachon" class="uag-image-26169" width="1000" height="666" title="- - Bassin d&#039;Arcachon" loading="lazy" role="img"></figure></div>
</div>
</div></div>



<div style="height:60px" aria-hidden="true" class="wp-block-spacer"></div>

<p>Nos locations de vacances à Arès avec vue sur le Bassin Séjournez au bord de l’eau et découvrez un nouveau paysage chaque matin au réveil. Vivez au gré des marées [&hellip;]</p>

Nos locations de vacances à Arès avec vue sur le Bassin Séjournez au bord de l’eau et découvrez un nouveau paysage chaque matin au réveil. Vivez au gré des marées [&hellip;]
