{"id":45709,"date":"2020-07-10T16:15:35","date_gmt":"2020-07-10T14:15:35","guid":{"rendered":"https:\/\/bassin-arcachon.com\/\/?page_id=45709"},"modified":"2024-11-06T11:53:21","modified_gmt":"2024-11-06T10:53:21","slug":"i-nostri-affitti-vacanze-a-la-teste-de-buch","status":"publish","type":"page","link":"https:\/\/bassin-arcachon.com\/it\/ou-dormir\/locations\/nos-locations-de-vacances-a-la-teste-de-buch\/","title":{"rendered":"I nostri affitti per le vacanze a Teste De Buch"},"content":{"rendered":"<div class=\"wp-block-uagb-container uagb-block-27c706b1 alignfull uagb-is-root-container\"><div class=\"uagb-container-inner-blocks-wrap\">\n<div class=\"wp-block-uagb-container uagb-block-92bb9597\">\n<h2 class=\"wp-block-heading\">I nostri noleggi con animali domestici a La Teste de Buch<\/h2>\n\n\n\n<p>Vai in vacanza con i tuoi animali domestici! Approfitta di una posizione ideale per passeggiate, a due passi dalle spiagge e da ampi spazi verdi! Trascorri un soggiorno indimenticabile in uno dei nostri affitti di La Teste de Buch, e regala ai tuoi animali una vacanza da sogno in un ambiente naturale 100%!<\/p>\n\n\n\n<div class=\"wp-block-buttons is-layout-flex wp-block-buttons-is-layout-flex\">\n<div class=\"wp-block-button\"><a class=\"wp-block-button__link wp-element-button\" href=\"https:\/\/bassin-arcachon.com\/it\/alloggio\/case-vacanzela-teste-de-buchanimaux\/\">Affitti con animali domestici<\/a><\/div>\n<\/div>\n<\/div>\n\n\n\n<div class=\"wp-block-uagb-container uagb-block-e438cdb9\">\n<div class=\"wp-block-uagb-image uagb-block-d06a7a07 wp-block-uagb-image--layout-default wp-block-uagb-image--effect-static wp-block-uagb-image--align-none\"><figure class=\"wp-block-uagb-image__figure\"><img decoding=\"async\" srcset=\"https:\/\/bassin-arcachon.com\/wp-content\/uploads\/2018\/04\/Pr\u00e9s-sal\u00e9s-ouest-La-Teste-de-Buch-1-1024x683.jpg \" sizes=\"auto, (max-width: 480px) 150px\" src=\"https:\/\/bassin-arcachon.com\/wp-content\/uploads\/2018\/04\/Pr\u00e9s-sal\u00e9s-ouest-La-Teste-de-Buch-1-1024x683.jpg\" alt=\"- - Bassin d&#039;Arcachon\" class=\"uag-image-20095\" width=\"1024\" height=\"683\" title=\"- - Bassin d&#039;Arcachon\" loading=\"lazy\" role=\"img\"><\/figure><\/div>\n<\/div>\n<\/div><\/div>\n\n\n\n<div style=\"height:60px\" aria-hidden=\"true\" class=\"wp-block-spacer\"><\/div>\n\n\n\n<div class=\"wp-block-uagb-container uagb-block-27b472bb alignfull uagb-is-root-container\"><div class=\"uagb-container-inner-blocks-wrap\">\n<div class=\"wp-block-uagb-container uagb-block-bff7dc46\">\n<div class=\"wp-block-uagb-image uagb-block-8d9d4794 wp-block-uagb-image--layout-default wp-block-uagb-image--effect-static wp-block-uagb-image--align-none\"><figure class=\"wp-block-uagb-image__figure\"><img decoding=\"async\" srcset=\"https:\/\/bassin-arcachon.com\/wp-content\/uploads\/2018\/04\/pres-sales-ouest-la-teste-e1548070131821.jpg \" sizes=\"auto, (max-width: 480px) 150px\" src=\"https:\/\/bassin-arcachon.com\/wp-content\/uploads\/2018\/04\/pres-sales-ouest-la-teste-e1548070131821.jpg\" alt=\"Pausa rilassante nei prati salati occidentali a Teste de Buch\" class=\"uag-image-19913\" width=\"1000\" height=\"666\" title=\"- - Bassin d&#039;Arcachon\" loading=\"lazy\" role=\"img\"><\/figure><\/div>\n<\/div>\n\n\n\n<div class=\"wp-block-uagb-container uagb-block-c184dc85\">\n<h2 class=\"wp-block-heading\">I nostri appartamenti vacanze a La Teste de Buch con giardino<\/h2>\n\n\n\n<p>L&#039;Bassin di Arcachon \u00e8 pieno di incredibili tesori e ricchezze naturali. Vieni a scoprirli soggiornando in una casa vacanza in La Teste de Buch! Approfitta di una posizione ideale a pochi passi di distanza <a href=\"https:\/\/www.latestedebuch.fr\/viepratique\/plages-et-securite\/plages-et-securite\/\" data-type=\"URL\" data-id=\"https:\/\/www.latestedebuch.fr\/viepratique\/plages-et-securite\/plages-et-securite\/\" target=\"_blank\" rel=\"noopener\">spiagge<\/a> e alcuni <a href=\"https:\/\/bassin-arcachon.com\/it\/i-nostri-elementi-essenziali\/la-duna-di-pilat\/\" data-type=\"page\" data-id=\"125\">Duna di Pilat<\/a> ! Scegli uno dei nostri cottage con giardino alberato per trascorrere momenti speciali con la tua famiglia!<\/p>\n\n\n\n<div class=\"wp-block-buttons is-layout-flex wp-block-buttons-is-layout-flex\">\n<div class=\"wp-block-button\"><a class=\"wp-block-button__link wp-element-button\" href=\"https:\/\/bassin-arcachon.com\/it\/alloggio\/affitti-vacanzela-teste-de-buchjardin\/\">Affitti con giardino<\/a><\/div>\n<\/div>\n<\/div>\n<\/div><\/div>\n\n\n\n<div style=\"height:60px\" aria-hidden=\"true\" class=\"wp-block-spacer\"><\/div>\n\n\n\n<div class=\"wp-block-uagb-container uagb-block-84377fed alignfull uagb-is-root-container\"><div class=\"uagb-container-inner-blocks-wrap\">\n<div class=\"wp-block-uagb-container uagb-block-b1897f48\">\n<h2 class=\"wp-block-heading\">Le nostre case vacanze in La Teste de Buch con piscina<\/h2>\n\n\n\n<p>Sebbene l&#039;Bassin sia incredibilmente bello, non \u00e8 sempre possibile nuotare l\u00ec. Con i bambini, optate per una casa vacanze con piscina <a href=\"https:\/\/bassin-arcachon.com\/it\/le-nostre-citta-e-i-nostri-villaggi\/il-test-del-libro\/\">La Teste de Buch<\/a>, e accontenta tutta la famiglia! Nei nostri alloggi con piscina il nuoto \u00e8 assicurato a qualsiasi ora della giornata!<\/p>\n\n\n\n<div class=\"wp-block-buttons is-layout-flex wp-block-buttons-is-layout-flex\">\n<div class=\"wp-block-button\"><a class=\"wp-block-button__link wp-element-button\" href=\"https:\/\/bassin-arcachon.com\/it\/alloggio\/affitti-vacanzela-teste-de-buchpiscine\/\">Affitti con piscina<\/a><\/div>\n<\/div>\n<\/div>\n\n\n\n<div class=\"wp-block-uagb-container uagb-block-2731984a\">\n<div class=\"wp-block-uagb-image uagb-block-f2202440 wp-block-uagb-image--layout-default wp-block-uagb-image--effect-static wp-block-uagb-image--align-none\"><figure class=\"wp-block-uagb-image__figure\"><img decoding=\"async\" srcset=\"https:\/\/bassin-arcachon.com\/wp-content\/uploads\/2017\/02\/lateste-general-1024x683.jpg \" sizes=\"auto, (max-width: 480px) 150px\" src=\"https:\/\/bassin-arcachon.com\/wp-content\/uploads\/2017\/02\/lateste-general-1024x683.jpg\" alt=\"- - Bassin d&#039;Arcachon\" class=\"uag-image-1090\" width=\"1024\" height=\"683\" title=\"- - Bassin d&#039;Arcachon\" loading=\"lazy\" role=\"img\"><\/figure><\/div>\n<\/div>\n<\/div><\/div>\n\n\n\n<div style=\"height:60px\" aria-hidden=\"true\" class=\"wp-block-spacer\"><\/div>\n\n\n\n<div class=\"wp-block-uagb-container uagb-block-8816c546 alignfull uagb-is-root-container\">\n<div class=\"wp-block-cover is-light has-parallax\"><span aria-hidden=\"true\" class=\"wp-block-cover__background has-background-dim-0 has-background-dim\"><\/span><div class=\"wp-block-cover__image-background wp-image-1345 has-parallax\" style=\"background-position:50% 50%;background-image:url(https:\/\/bassin-arcachon.com\/wp-content\/uploads\/2017\/03\/Camping-Panorama-du-Pyla-cottage-vue-mer-coin-farniente.jpg)\"><\/div><div class=\"wp-block-cover__inner-container is-layout-flow wp-block-cover-is-layout-flow\">\n<div class=\"wp-block-uagb-container uagb-block-17fa82e4\">\n<h2 class=\"wp-block-heading has-text-align-center has-white-color has-text-color has-large-font-size\">Trascorri le tue vacanze con facilit\u00e0 in una delle case vacanze Bassin ad Arcachon<\/h2>\n\n\n\n<p class=\"has-text-align-center has-white-color has-text-color\"><a href=\"https:\/\/bassin-arcachon.com\/it\/alloggio\/gli-affitti-per-le-vacanze\/\">INIZIA LA TUA RICERCA<\/a><\/p>\n<\/div>\n<\/div><\/div>\n<\/div>\n\n\n\n<div style=\"height:60px\" aria-hidden=\"true\" class=\"wp-block-spacer\"><\/div>\n\n\n\n<div class=\"wp-block-uagb-container uagb-block-5bc354f6 alignfull uagb-is-root-container\"><div class=\"uagb-container-inner-blocks-wrap\">\n<div class=\"wp-block-uagb-container uagb-block-014e0810\">\n<h2 class=\"wp-block-heading\">Vorresti prenotare una casa vacanza intorno a La Teste de Buch?<\/h2>\n\n\n\n<p>Scopri tutti i nostri affitti per le vacanze a Bassin Arcachon:&nbsp;<a href=\"https:\/\/bassin-arcachon.com\/it\/alloggio\/gli-affitti-per-le-vacanze+ares\/\">Ares<\/a>,&nbsp;<a href=\"https:\/\/bassin-arcachon.com\/it\/alloggio\/gli-affitti-per-le-vacanze+arcachon\/\">Arcachon<\/a>,&nbsp;<a href=\"https:\/\/bassin-arcachon.com\/it\/alloggio\/gli-affitti-per-le-vacanze+il-teico\/\">Le Teich<\/a>,&nbsp;<a href=\"https:\/\/bassin-arcachon.com\/it\/alloggio\/gli-affitti-per-le-vacanze+anderno\/\">Anderno<\/a>,&nbsp;<a href=\"https:\/\/bassin-arcachon.com\/it\/alloggio\/gli-affitti-per-le-vacanze+gujan-mestras\/\">Gujan-Mestras,<\/a>&nbsp;<a href=\"https:\/\/bassin-arcachon.com\/it\/alloggio\/gli-affitti-per-le-vacanze+cuore-pelvico\/\">Bigano,<\/a>&nbsp;<a href=\"https:\/\/bassin-arcachon.com\/it\/alloggio\/gli-affitti-per-le-vacanze+cuore-pelvico\/\">Audenge<\/a>,<a href=\"https:\/\/bassin-arcachon.com\/it\/alloggio\/gli-affitti-per-le-vacanze+cuore-pelvico\/\">&nbsp;lanto&nbsp;<\/a>e&nbsp;<a href=\"https:\/\/bassin-arcachon.com\/it\/alloggio\/gli-affitti-per-le-vacanze+furetto-lege-cap\/\">Cap-Ferret<\/a>&nbsp;!<\/p>\n<\/div>\n\n\n\n<div class=\"wp-block-uagb-container uagb-block-7d2b4334\">\n<div class=\"wp-block-uagb-image uagb-block-d9b547aa wp-block-uagb-image--layout-default wp-block-uagb-image--effect-static wp-block-uagb-image--align-none\"><figure class=\"wp-block-uagb-image__figure\"><img decoding=\"async\" srcset=\"https:\/\/bassin-arcachon.com\/wp-content\/uploads\/2018\/09\/nourri-a-lhu\u00eetre-\u00e9lev\u00e9-sous-les-pins-Bassin-dArcachon.jpg 1000w, https:\/\/bassin-arcachon.com\/wp-content\/uploads\/2018\/09\/nourri-a-lhu\u00eetre-\u00e9lev\u00e9-sous-les-pins-Bassin-dArcachon-600x400.jpg 600w, https:\/\/bassin-arcachon.com\/wp-content\/uploads\/2018\/09\/nourri-a-lhu\u00eetre-\u00e9lev\u00e9-sous-les-pins-Bassin-dArcachon-768x511.jpg 768w, https:\/\/bassin-arcachon.com\/wp-content\/uploads\/2018\/09\/nourri-a-lhu\u00eetre-\u00e9lev\u00e9-sous-les-pins-Bassin-dArcachon-18x12.jpg 18w\" sizes=\"auto, (max-width: 480px) 150px\" src=\"https:\/\/bassin-arcachon.com\/wp-content\/uploads\/2018\/09\/nourri-a-lhu\u00eetre-\u00e9lev\u00e9-sous-les-pins-Bassin-dArcachon.jpg\" alt=\"- - Bassin d&#039;Arcachon\" class=\"uag-image-26169\" width=\"1000\" height=\"666\" title=\"- - Bassin d&#039;Arcachon\" loading=\"lazy\" role=\"img\"><\/figure><\/div>\n<\/div>\n<\/div><\/div>\n\n\n\n<div style=\"height:60px\" aria-hidden=\"true\" class=\"wp-block-spacer\"><\/div>","protected":false},"excerpt":{"rendered":"<p>Nos locations avec animaux de compagnie \u00e0 La Teste de Buch Partez en vacances avec vos animaux ! Profitez d\u2019une situation id\u00e9ale pour les promenades, \u00e0 deux pas des plages [&hellip;]<\/p>\n","protected":false},"author":25,"featured_media":2217,"parent":508,"menu_order":1,"comment_status":"closed","ping_status":"closed","template":"","meta":{"_acf_changed":false,"_uag_custom_page_level_css":"","footnotes":""},"class_list":["post-45709","page","type-page","status-publish","has-post-thumbnail","hentry"],"acf":[],"uagb_featured_image_src":{"full":["https:\/\/bassin-arcachon.com\/wp-content\/uploads\/2017\/03\/camping-bassin-arcachon.jpg",1200,800,false],"thumbnail":["https:\/\/bassin-arcachon.com\/wp-content\/uploads\/2017\/03\/camping-bassin-arcachon-150x150.jpg",150,150,true],"medium":["https:\/\/bassin-arcachon.com\/wp-content\/uploads\/2017\/03\/camping-bassin-arcachon-600x400.jpg",600,400,true],"medium_large":["https:\/\/bassin-arcachon.com\/wp-content\/uploads\/2017\/03\/camping-bassin-arcachon-768x512.jpg",768,512,true],"large":["https:\/\/bassin-arcachon.com\/wp-content\/uploads\/2017\/03\/camping-bassin-arcachon-1024x683.jpg",1024,683,true],"1536x1536":["https:\/\/bassin-arcachon.com\/wp-content\/uploads\/2017\/03\/camping-bassin-arcachon.jpg",1200,800,false],"2048x2048":["https:\/\/bassin-arcachon.com\/wp-content\/uploads\/2017\/03\/camping-bassin-arcachon.jpg",1200,800,false],"trp-custom-language-flag":["https:\/\/bassin-arcachon.com\/wp-content\/uploads\/2017\/03\/camping-bassin-arcachon-18x12.jpg",18,12,true]},"uagb_author_info":{"display_name":"Marie Clauzel","author_link":"https:\/\/bassin-arcachon.com\/it\/author\/mariesiba\/"},"uagb_comment_info":0,"uagb_excerpt":"Nos locations avec animaux de compagnie \u00e0 La Teste de Buch Partez en vacances avec vos animaux ! Profitez d\u2019une situation id\u00e9ale pour les promenades, \u00e0 deux pas des plages [&hellip;]","_links":{"self":[{"href":"https:\/\/bassin-arcachon.com\/it\/wp-json\/wp\/v2\/pages\/45709","targetHints":{"allow":["GET"]}}],"collection":[{"href":"https:\/\/bassin-arcachon.com\/it\/wp-json\/wp\/v2\/pages"}],"about":[{"href":"https:\/\/bassin-arcachon.com\/it\/wp-json\/wp\/v2\/types\/page"}],"author":[{"embeddable":true,"href":"https:\/\/bassin-arcachon.com\/it\/wp-json\/wp\/v2\/users\/25"}],"replies":[{"embeddable":true,"href":"https:\/\/bassin-arcachon.com\/it\/wp-json\/wp\/v2\/comments?post=45709"}],"version-history":[{"count":2,"href":"https:\/\/bassin-arcachon.com\/it\/wp-json\/wp\/v2\/pages\/45709\/revisions"}],"predecessor-version":[{"id":68283,"href":"https:\/\/bassin-arcachon.com\/it\/wp-json\/wp\/v2\/pages\/45709\/revisions\/68283"}],"up":[{"embeddable":true,"href":"https:\/\/bassin-arcachon.com\/it\/wp-json\/wp\/v2\/pages\/508"}],"wp:featuredmedia":[{"embeddable":true,"href":"https:\/\/bassin-arcachon.com\/it\/wp-json\/wp\/v2\/media\/2217"}],"wp:attachment":[{"href":"https:\/\/bassin-arcachon.com\/it\/wp-json\/wp\/v2\/media?parent=45709"}],"curies":[{"name":"wp","href":"https:\/\/api.w.org\/{rel}","templated":true}]}}

<div class="wp-block-uagb-container uagb-block-27c706b1 alignfull uagb-is-root-container"><div class="uagb-container-inner-blocks-wrap">
<div class="wp-block-uagb-container uagb-block-92bb9597">
<h2 class="wp-block-heading">I nostri noleggi con animali domestici a La Teste de Buch</h2>



<p>Vai in vacanza con i tuoi animali domestici! Approfitta di una posizione ideale per passeggiate, a due passi dalle spiagge e da ampi spazi verdi! Trascorri un soggiorno indimenticabile in uno dei nostri affitti di La Teste de Buch, e regala ai tuoi animali una vacanza da sogno in un ambiente naturale 100%!</p>



<div class="wp-block-buttons is-layout-flex wp-block-buttons-is-layout-flex">
<div class="wp-block-button"><a class="wp-block-button__link wp-element-button" href="https://bassin-arcachon.com/it/alloggio/case-vacanzela-teste-de-buchanimaux/">Affitti con animali domestici</a></div>
</div>
</div>



<div class="wp-block-uagb-container uagb-block-e438cdb9">
<div class="wp-block-uagb-image uagb-block-d06a7a07 wp-block-uagb-image--layout-default wp-block-uagb-image--effect-static wp-block-uagb-image--align-none"><figure class="wp-block-uagb-image__figure"><img decoding="async" srcset="https://bassin-arcachon.com/wp-content/uploads/2018/04/Prés-salés-ouest-La-Teste-de-Buch-1-1024x683.jpg " sizes="auto, (max-width: 480px) 150px" src="https://bassin-arcachon.com/wp-content/uploads/2018/04/Prés-salés-ouest-La-Teste-de-Buch-1-1024x683.jpg" alt="- - Bassin d&#039;Arcachon" class="uag-image-20095" width="1024" height="683" title="- - Bassin d&#039;Arcachon" loading="lazy" role="img"></figure></div>
</div>
</div></div>



<div style="height:60px" aria-hidden="true" class="wp-block-spacer"></div>



<div class="wp-block-uagb-container uagb-block-27b472bb alignfull uagb-is-root-container"><div class="uagb-container-inner-blocks-wrap">
<div class="wp-block-uagb-container uagb-block-bff7dc46">
<div class="wp-block-uagb-image uagb-block-8d9d4794 wp-block-uagb-image--layout-default wp-block-uagb-image--effect-static wp-block-uagb-image--align-none"><figure class="wp-block-uagb-image__figure"><img decoding="async" srcset="https://bassin-arcachon.com/wp-content/uploads/2018/04/pres-sales-ouest-la-teste-e1548070131821.jpg " sizes="auto, (max-width: 480px) 150px" src="https://bassin-arcachon.com/wp-content/uploads/2018/04/pres-sales-ouest-la-teste-e1548070131821.jpg" alt="Pausa rilassante nei prati salati occidentali a Teste de Buch" class="uag-image-19913" width="1000" height="666" title="- - Bassin d&#039;Arcachon" loading="lazy" role="img"></figure></div>
</div>



<div class="wp-block-uagb-container uagb-block-c184dc85">
<h2 class="wp-block-heading">I nostri appartamenti vacanze a La Teste de Buch con giardino</h2>



<p>L&#039;Bassin di Arcachon è pieno di incredibili tesori e ricchezze naturali. Vieni a scoprirli soggiornando in una casa vacanza in La Teste de Buch! Approfitta di una posizione ideale a pochi passi di distanza <a href="https://www.latestedebuch.fr/viepratique/plages-et-securite/plages-et-securite/" data-type="URL" data-id="https://www.latestedebuch.fr/viepratique/plages-et-securite/plages-et-securite/" target="_blank" rel="noopener">spiagge</a> e alcuni <a href="https://bassin-arcachon.com/it/i-nostri-elementi-essenziali/la-duna-di-pilat/" data-type="page" data-id="125">Duna di Pilat</a> ! Scegli uno dei nostri cottage con giardino alberato per trascorrere momenti speciali con la tua famiglia!</p>



<div class="wp-block-buttons is-layout-flex wp-block-buttons-is-layout-flex">
<div class="wp-block-button"><a class="wp-block-button__link wp-element-button" href="https://bassin-arcachon.com/it/alloggio/affitti-vacanzela-teste-de-buchjardin/">Affitti con giardino</a></div>
</div>
</div>
</div></div>



<div style="height:60px" aria-hidden="true" class="wp-block-spacer"></div>



<div class="wp-block-uagb-container uagb-block-84377fed alignfull uagb-is-root-container"><div class="uagb-container-inner-blocks-wrap">
<div class="wp-block-uagb-container uagb-block-b1897f48">
<h2 class="wp-block-heading">Le nostre case vacanze in La Teste de Buch con piscina</h2>



<p>Sebbene l&#039;Bassin sia incredibilmente bello, non è sempre possibile nuotare lì. Con i bambini, optate per una casa vacanze con piscina <a href="https://bassin-arcachon.com/it/le-nostre-citta-e-i-nostri-villaggi/il-test-del-libro/">La Teste de Buch</a>, e accontenta tutta la famiglia! Nei nostri alloggi con piscina il nuoto è assicurato a qualsiasi ora della giornata!</p>



<div class="wp-block-buttons is-layout-flex wp-block-buttons-is-layout-flex">
<div class="wp-block-button"><a class="wp-block-button__link wp-element-button" href="https://bassin-arcachon.com/it/alloggio/affitti-vacanzela-teste-de-buchpiscine/">Affitti con piscina</a></div>
</div>
</div>



<div class="wp-block-uagb-container uagb-block-2731984a">
<div class="wp-block-uagb-image uagb-block-f2202440 wp-block-uagb-image--layout-default wp-block-uagb-image--effect-static wp-block-uagb-image--align-none"><figure class="wp-block-uagb-image__figure"><img decoding="async" srcset="https://bassin-arcachon.com/wp-content/uploads/2017/02/lateste-general-1024x683.jpg " sizes="auto, (max-width: 480px) 150px" src="https://bassin-arcachon.com/wp-content/uploads/2017/02/lateste-general-1024x683.jpg" alt="- - Bassin d&#039;Arcachon" class="uag-image-1090" width="1024" height="683" title="- - Bassin d&#039;Arcachon" loading="lazy" role="img"></figure></div>
</div>
</div></div>



<div style="height:60px" aria-hidden="true" class="wp-block-spacer"></div>



<div class="wp-block-uagb-container uagb-block-8816c546 alignfull uagb-is-root-container">
<div class="wp-block-cover is-light has-parallax"><span aria-hidden="true" class="wp-block-cover__background has-background-dim-0 has-background-dim"></span><div class="wp-block-cover__image-background wp-image-1345 has-parallax" style="background-position:50% 50%;background-image:url(https://bassin-arcachon.com/wp-content/uploads/2017/03/Camping-Panorama-du-Pyla-cottage-vue-mer-coin-farniente.jpg)"></div><div class="wp-block-cover__inner-container is-layout-flow wp-block-cover-is-layout-flow">
<div class="wp-block-uagb-container uagb-block-17fa82e4">
<h2 class="wp-block-heading has-text-align-center has-white-color has-text-color has-large-font-size">Trascorri le tue vacanze con facilità in una delle case vacanze Bassin ad Arcachon</h2>



<p class="has-text-align-center has-white-color has-text-color"><a href="https://bassin-arcachon.com/it/alloggio/gli-affitti-per-le-vacanze/">INIZIA LA TUA RICERCA</a></p>
</div>
</div></div>
</div>



<div style="height:60px" aria-hidden="true" class="wp-block-spacer"></div>



<div class="wp-block-uagb-container uagb-block-5bc354f6 alignfull uagb-is-root-container"><div class="uagb-container-inner-blocks-wrap">
<div class="wp-block-uagb-container uagb-block-014e0810">
<h2 class="wp-block-heading">Vorresti prenotare una casa vacanza intorno a La Teste de Buch?</h2>



<p>Scopri tutti i nostri affitti per le vacanze a Bassin Arcachon:&nbsp;<a href="https://bassin-arcachon.com/it/alloggio/gli-affitti-per-le-vacanze+ares/">Ares</a>,&nbsp;<a href="https://bassin-arcachon.com/it/alloggio/gli-affitti-per-le-vacanze+arcachon/">Arcachon</a>,&nbsp;<a href="https://bassin-arcachon.com/it/alloggio/gli-affitti-per-le-vacanze+il-teico/">Le Teich</a>,&nbsp;<a href="https://bassin-arcachon.com/it/alloggio/gli-affitti-per-le-vacanze+anderno/">Anderno</a>,&nbsp;<a href="https://bassin-arcachon.com/it/alloggio/gli-affitti-per-le-vacanze+gujan-mestras/">Gujan-Mestras,</a>&nbsp;<a href="https://bassin-arcachon.com/it/alloggio/gli-affitti-per-le-vacanze+cuore-pelvico/">Bigano,</a>&nbsp;<a href="https://bassin-arcachon.com/it/alloggio/gli-affitti-per-le-vacanze+cuore-pelvico/">Audenge</a>,<a href="https://bassin-arcachon.com/it/alloggio/gli-affitti-per-le-vacanze+cuore-pelvico/">&nbsp;lanto&nbsp;</a>e&nbsp;<a href="https://bassin-arcachon.com/it/alloggio/gli-affitti-per-le-vacanze+furetto-lege-cap/">Cap-Ferret</a>&nbsp;!</p>
</div>



<div class="wp-block-uagb-container uagb-block-7d2b4334">
<div class="wp-block-uagb-image uagb-block-d9b547aa wp-block-uagb-image--layout-default wp-block-uagb-image--effect-static wp-block-uagb-image--align-none"><figure class="wp-block-uagb-image__figure"><img decoding="async" srcset="https://bassin-arcachon.com/wp-content/uploads/2018/09/nourri-a-lhuître-élevé-sous-les-pins-Bassin-dArcachon.jpg 1000w, https://bassin-arcachon.com/wp-content/uploads/2018/09/nourri-a-lhuître-élevé-sous-les-pins-Bassin-dArcachon-600x400.jpg 600w, https://bassin-arcachon.com/wp-content/uploads/2018/09/nourri-a-lhuître-élevé-sous-les-pins-Bassin-dArcachon-768x511.jpg 768w, https://bassin-arcachon.com/wp-content/uploads/2018/09/nourri-a-lhuître-élevé-sous-les-pins-Bassin-dArcachon-18x12.jpg 18w" sizes="auto, (max-width: 480px) 150px" src="https://bassin-arcachon.com/wp-content/uploads/2018/09/nourri-a-lhuître-élevé-sous-les-pins-Bassin-dArcachon.jpg" alt="- - Bassin d&#039;Arcachon" class="uag-image-26169" width="1000" height="666" title="- - Bassin d&#039;Arcachon" loading="lazy" role="img"></figure></div>
</div>
</div></div>



<div style="height:60px" aria-hidden="true" class="wp-block-spacer"></div>

<p>Nos locations avec animaux de compagnie à La Teste de Buch Partez en vacances avec vos animaux ! Profitez d’une situation idéale pour les promenades, à deux pas des plages [&hellip;]</p>

Nos locations avec animaux de compagnie à La Teste de Buch Partez en vacances avec vos animaux ! Profitez d’une situation idéale pour les promenades, à deux pas des plages [&hellip;]
