{"id":217953,"date":"2008-09-18T15:18:00","date_gmt":"2008-09-18T13:18:00","guid":{"rendered":"https:\/\/bassin-arcachon.com\/agenda-et-sorties\/marche-de-la-teste-de-buch\/"},"modified":"2026-05-01T04:25:24","modified_gmt":"2026-05-01T02:25:24","slug":"marche-de-la-teste-de-buch","status":"publish","type":"agenda","link":"https:\/\/bassin-arcachon.com\/ru\/agenda-et-sorties\/marche-de-la-teste-de-buch\/","title":{"rendered":"\u0420\u044b\u043d\u043e\u043a \u0422\u0435\u0441\u0442-\u0434\u0435-\u0411\u044e\u0448"},"content":{"rendered":"<p>C\u2019est le march\u00e9 incontournable du bassin d\u2019Arcachon (et pas juste parce qu\u2019on l\u2019adore !).<br \/>\nSitu\u00e9 rue des Halles, au c\u0153ur de La Teste de Buch, ce march\u00e9 est un v\u00e9ritable festival de<br \/>\ncouleurs et de saveurs. Plus de 100 commer\u00e7ants, producteurs locaux et artisans s\u2019y retrouvent pour vous offrir des produits frais, de qualit\u00e9, et de saison.<br \/>\nFruits et l\u00e9gumes croquants, poissons tout juste sortis de l\u2019eau, fromages qui sentent le<br \/>\nterroir, sans oublier des cr\u00e9ations textiles et de maroquinerie&#8230;<br \/>\nC\u2019est l\u2019endroit o\u00f9 l\u2019authenticit\u00e9 se m\u00eale \u00e0 la convivialit\u00e9, le rendez-vous obligatoire du<br \/>\ntouriste local.<\/p>","protected":false},"featured_media":218073,"template":"","villea":[2174],"cat-event":[],"class_list":["post-217953","agenda","type-agenda","status-publish","has-post-thumbnail","hentry","villea-la-teste-de-buch"],"acf":[],"uagb_featured_image_src":{"full":["https:\/\/bassin-arcachon.com\/wp-content\/uploads\/2026\/01\/sirtaqui-b5cd67f5f3e27ed2a9b7b1c0916216f2.jpg",886,588,false],"thumbnail":["https:\/\/bassin-arcachon.com\/wp-content\/uploads\/2026\/01\/sirtaqui-b5cd67f5f3e27ed2a9b7b1c0916216f2-150x150.jpg",150,150,true],"medium":["https:\/\/bassin-arcachon.com\/wp-content\/uploads\/2026\/01\/sirtaqui-b5cd67f5f3e27ed2a9b7b1c0916216f2-600x398.jpg",600,398,true],"medium_large":["https:\/\/bassin-arcachon.com\/wp-content\/uploads\/2026\/01\/sirtaqui-b5cd67f5f3e27ed2a9b7b1c0916216f2-768x510.jpg",768,510,true],"large":["https:\/\/bassin-arcachon.com\/wp-content\/uploads\/2026\/01\/sirtaqui-b5cd67f5f3e27ed2a9b7b1c0916216f2.jpg",886,588,false],"1536x1536":["https:\/\/bassin-arcachon.com\/wp-content\/uploads\/2026\/01\/sirtaqui-b5cd67f5f3e27ed2a9b7b1c0916216f2.jpg",886,588,false],"2048x2048":["https:\/\/bassin-arcachon.com\/wp-content\/uploads\/2026\/01\/sirtaqui-b5cd67f5f3e27ed2a9b7b1c0916216f2.jpg",886,588,false],"trp-custom-language-flag":["https:\/\/bassin-arcachon.com\/wp-content\/uploads\/2026\/01\/sirtaqui-b5cd67f5f3e27ed2a9b7b1c0916216f2-18x12.jpg",18,12,true]},"uagb_author_info":{"display_name":"","author_link":"https:\/\/bassin-arcachon.com\/ru\/author\/"},"uagb_comment_info":0,"uagb_excerpt":"C\u2019est le march\u00e9 incontournable du bassin d\u2019Arcachon (et pas juste parce qu\u2019on l\u2019adore !). Situ\u00e9 rue des Halles, au c\u0153ur de La Teste de Buch, ce march\u00e9 est un v\u00e9ritable [&hellip;]","_links":{"self":[{"href":"https:\/\/bassin-arcachon.com\/ru\/wp-json\/wp\/v2\/agenda\/217953","targetHints":{"allow":["GET"]}}],"collection":[{"href":"https:\/\/bassin-arcachon.com\/ru\/wp-json\/wp\/v2\/agenda"}],"about":[{"href":"https:\/\/bassin-arcachon.com\/ru\/wp-json\/wp\/v2\/types\/agenda"}],"version-history":[{"count":1,"href":"https:\/\/bassin-arcachon.com\/ru\/wp-json\/wp\/v2\/agenda\/217953\/revisions"}],"predecessor-version":[{"id":218072,"href":"https:\/\/bassin-arcachon.com\/ru\/wp-json\/wp\/v2\/agenda\/217953\/revisions\/218072"}],"wp:featuredmedia":[{"embeddable":true,"href":"https:\/\/bassin-arcachon.com\/ru\/wp-json\/wp\/v2\/media\/218073"}],"wp:attachment":[{"href":"https:\/\/bassin-arcachon.com\/ru\/wp-json\/wp\/v2\/media?parent=217953"}],"wp:term":[{"taxonomy":"villea","embeddable":true,"href":"https:\/\/bassin-arcachon.com\/ru\/wp-json\/wp\/v2\/villea?post=217953"},{"taxonomy":"cat-event","embeddable":true,"href":"https:\/\/bassin-arcachon.com\/ru\/wp-json\/wp\/v2\/cat-event?post=217953"}],"curies":[{"name":"WP","href":"https:\/\/api.w.org\/{rel}","templated":true}]}}

Рынок Тест-де-Бюш

<p>C’est le marché incontournable du bassin d’Arcachon (et pas juste parce qu’on l’adore !).<br />
Situé rue des Halles, au cœur de La Teste de Buch, ce marché est un véritable festival de<br />
couleurs et de saveurs. Plus de 100 commerçants, producteurs locaux et artisans s’y retrouvent pour vous offrir des produits frais, de qualité, et de saison.<br />
Fruits et légumes croquants, poissons tout juste sortis de l’eau, fromages qui sentent le<br />
terroir, sans oublier des créations textiles et de maroquinerie&#8230;<br />
C’est l’endroit où l’authenticité se mêle à la convivialité, le rendez-vous obligatoire du<br />
touriste local.</p>

C’est le marché incontournable du bassin d’Arcachon (et pas juste parce qu’on l’adore !). Situé rue des Halles, au cœur de La Teste de Buch, ce marché est un véritable [&hellip;]
