{"id":230372,"date":"2022-05-04T16:13:52","date_gmt":"2022-05-04T14:13:52","guid":{"rendered":"https:\/\/bassin-arcachon.com\/agenda-et-sorties\/fete-de-la-nature\/"},"modified":"2026-04-29T04:31:36","modified_gmt":"2026-04-29T02:31:36","slug":"fete-de-la-nature","status":"publish","type":"agenda","link":"https:\/\/bassin-arcachon.com\/ru\/agenda-et-sorties\/fete-de-la-nature\/","title":{"rendered":"F\u00eate de la Nature"},"content":{"rendered":"<p> La F\u00eate de la Nature s\u2019installe au Parc de la Ch\u00eaneraie, en offrant \u00e0 tous l\u2019occasion de c\u00e9l\u00e9brer la nature de notre territoire.<\/p>\n<p>Venez participer \u00e0 ce temps de partage, d\u2019\u00e9changes et de f\u00eate qui sera \u00e9galement l\u2019occasion de (re)d\u00e9couvrir l\u2019embl\u00e9matique Parc de la Ch\u00eaneraie.<\/p>\n<p> \u041f\u0440\u0435\u0434\u0441\u0442\u043e\u044f\u0449\u0430\u044f \u043f\u0440\u043e\u0433\u0440\u0430\u043c\u043c\u0430<\/p>\n<p>Manifestation officiellement labellis\u00e9e : F\u00eate de la Nature\t<\/p>","protected":false},"featured_media":238924,"template":"","villea":[2177],"cat-event":[2192],"class_list":["post-230372","agenda","type-agenda","status-publish","has-post-thumbnail","hentry","villea-gujan-mestras","cat-event-nature"],"acf":[],"uagb_featured_image_src":{"full":["https:\/\/bassin-arcachon.com\/wp-content\/uploads\/2026\/03\/sirtaqui-888add3a02f27e9f54da2f8244e180bd.jpg",1151,863,false],"thumbnail":["https:\/\/bassin-arcachon.com\/wp-content\/uploads\/2026\/03\/sirtaqui-888add3a02f27e9f54da2f8244e180bd-150x150.jpg",150,150,true],"medium":["https:\/\/bassin-arcachon.com\/wp-content\/uploads\/2026\/03\/sirtaqui-888add3a02f27e9f54da2f8244e180bd-600x450.jpg",600,450,true],"medium_large":["https:\/\/bassin-arcachon.com\/wp-content\/uploads\/2026\/03\/sirtaqui-888add3a02f27e9f54da2f8244e180bd-768x576.jpg",768,576,true],"large":["https:\/\/bassin-arcachon.com\/wp-content\/uploads\/2026\/03\/sirtaqui-888add3a02f27e9f54da2f8244e180bd-1024x768.jpg",1024,768,true],"1536x1536":["https:\/\/bassin-arcachon.com\/wp-content\/uploads\/2026\/03\/sirtaqui-888add3a02f27e9f54da2f8244e180bd.jpg",1151,863,false],"2048x2048":["https:\/\/bassin-arcachon.com\/wp-content\/uploads\/2026\/03\/sirtaqui-888add3a02f27e9f54da2f8244e180bd.jpg",1151,863,false],"trp-custom-language-flag":["https:\/\/bassin-arcachon.com\/wp-content\/uploads\/2026\/03\/sirtaqui-888add3a02f27e9f54da2f8244e180bd-16x12.jpg",16,12,true]},"uagb_author_info":{"display_name":"","author_link":"https:\/\/bassin-arcachon.com\/ru\/author\/"},"uagb_comment_info":0,"uagb_excerpt":"La F\u00eate de la Nature s\u2019installe au Parc de la Ch\u00eaneraie, en offrant \u00e0 tous l\u2019occasion de c\u00e9l\u00e9brer la nature de notre territoire. Venez participer \u00e0 ce temps de partage, [&hellip;]","_links":{"self":[{"href":"https:\/\/bassin-arcachon.com\/ru\/wp-json\/wp\/v2\/agenda\/230372","targetHints":{"allow":["GET"]}}],"collection":[{"href":"https:\/\/bassin-arcachon.com\/ru\/wp-json\/wp\/v2\/agenda"}],"about":[{"href":"https:\/\/bassin-arcachon.com\/ru\/wp-json\/wp\/v2\/types\/agenda"}],"version-history":[{"count":1,"href":"https:\/\/bassin-arcachon.com\/ru\/wp-json\/wp\/v2\/agenda\/230372\/revisions"}],"predecessor-version":[{"id":230551,"href":"https:\/\/bassin-arcachon.com\/ru\/wp-json\/wp\/v2\/agenda\/230372\/revisions\/230551"}],"wp:featuredmedia":[{"embeddable":true,"href":"https:\/\/bassin-arcachon.com\/ru\/wp-json\/wp\/v2\/media\/238924"}],"wp:attachment":[{"href":"https:\/\/bassin-arcachon.com\/ru\/wp-json\/wp\/v2\/media?parent=230372"}],"wp:term":[{"taxonomy":"villea","embeddable":true,"href":"https:\/\/bassin-arcachon.com\/ru\/wp-json\/wp\/v2\/villea?post=230372"},{"taxonomy":"cat-event","embeddable":true,"href":"https:\/\/bassin-arcachon.com\/ru\/wp-json\/wp\/v2\/cat-event?post=230372"}],"curies":[{"name":"WP","href":"https:\/\/api.w.org\/{rel}","templated":true}]}}

Fête de la Nature

<p> La Fête de la Nature s’installe au Parc de la Chêneraie, en offrant à tous l’occasion de célébrer la nature de notre territoire.</p>
<p>Venez participer à ce temps de partage, d’échanges et de fête qui sera également l’occasion de (re)découvrir l’emblématique Parc de la Chêneraie.</p>
<p> Предстоящая программа</p>
<p>Manifestation officiellement labellisée : Fête de la Nature	</p>

La Fête de la Nature s’installe au Parc de la Chêneraie, en offrant à tous l’occasion de célébrer la nature de notre territoire. Venez participer à ce temps de partage, [&hellip;]
