{"id":244551,"date":"2026-04-06T17:40:35","date_gmt":"2026-04-06T15:40:35","guid":{"rendered":"https:\/\/bassin-arcachon.com\/agenda-et-sorties\/fete-de-la-mer-et-des-littoraux-flore-des-pres-sales\/"},"modified":"2026-04-28T04:38:23","modified_gmt":"2026-04-28T02:38:23","slug":"fete-de-la-mer-et-des-littoraux-flore-des-pres-sales","status":"publish","type":"agenda","link":"https:\/\/bassin-arcachon.com\/ru\/agenda-et-sorties\/fete-de-la-mer-et-des-littoraux-flore-des-pres-sales\/","title":{"rendered":"F\u00eate de la mer et des littoraux &#8211; Flore des pr\u00e9s sal\u00e9s"},"content":{"rendered":"<p>Dans le cadre de la F\u00eate de la mer et des littoraux, venez identifier les plantes embl\u00e9matiques des pr\u00e9s sal\u00e9s.<\/p>\n<p>Tout public \u2013 Gratuit &#8211; Inscription obligatoire.<br \/>\n\u0418\u043d\u0444\u043e\u0440\u043c\u0430\u0446\u0438\u044f \u043f\u043e \u0442\u0435\u043b\u0435\u0444\u043e\u043d\u0443 05 56 60 18 07.<br \/>\n\u041c\u0435\u0441\u0442\u043e: \u0430\u0432\u0442\u043e\u0441\u0442\u043e\u044f\u043d\u043a\u0430 \u043d\u0430 \u043a\u043e\u043b\u044c\u0446\u0435\u0432\u043e\u0439 \u0440\u0430\u0437\u0432\u044f\u0437\u043a\u0435 \u041b\u044c\u0435\u0436-\u0422.<\/p>","protected":false},"featured_media":244552,"template":"","villea":[2172],"cat-event":[2192],"class_list":["post-244551","agenda","type-agenda","status-publish","has-post-thumbnail","hentry","villea-ares","cat-event-nature"],"acf":[],"uagb_featured_image_src":{"full":["https:\/\/bassin-arcachon.com\/wp-content\/uploads\/2026\/04\/sirtaqui-e33969ac76b50dfb71920a999dfcf5bb.jpg",629,420,false],"thumbnail":["https:\/\/bassin-arcachon.com\/wp-content\/uploads\/2026\/04\/sirtaqui-e33969ac76b50dfb71920a999dfcf5bb-150x150.jpg",150,150,true],"medium":["https:\/\/bassin-arcachon.com\/wp-content\/uploads\/2026\/04\/sirtaqui-e33969ac76b50dfb71920a999dfcf5bb-600x401.jpg",600,401,true],"medium_large":["https:\/\/bassin-arcachon.com\/wp-content\/uploads\/2026\/04\/sirtaqui-e33969ac76b50dfb71920a999dfcf5bb.jpg",629,420,false],"large":["https:\/\/bassin-arcachon.com\/wp-content\/uploads\/2026\/04\/sirtaqui-e33969ac76b50dfb71920a999dfcf5bb.jpg",629,420,false],"1536x1536":["https:\/\/bassin-arcachon.com\/wp-content\/uploads\/2026\/04\/sirtaqui-e33969ac76b50dfb71920a999dfcf5bb.jpg",629,420,false],"2048x2048":["https:\/\/bassin-arcachon.com\/wp-content\/uploads\/2026\/04\/sirtaqui-e33969ac76b50dfb71920a999dfcf5bb.jpg",629,420,false],"trp-custom-language-flag":["https:\/\/bassin-arcachon.com\/wp-content\/uploads\/2026\/04\/sirtaqui-e33969ac76b50dfb71920a999dfcf5bb-18x12.jpg",18,12,true]},"uagb_author_info":{"display_name":"","author_link":"https:\/\/bassin-arcachon.com\/ru\/author\/"},"uagb_comment_info":0,"uagb_excerpt":"Dans le cadre de la F\u00eate de la mer et des littoraux, venez identifier les plantes embl\u00e9matiques des pr\u00e9s sal\u00e9s. Tout public \u2013 Gratuit &#8211; Inscription obligatoire. Renseignements au 05 [&hellip;]","_links":{"self":[{"href":"https:\/\/bassin-arcachon.com\/ru\/wp-json\/wp\/v2\/agenda\/244551","targetHints":{"allow":["GET"]}}],"collection":[{"href":"https:\/\/bassin-arcachon.com\/ru\/wp-json\/wp\/v2\/agenda"}],"about":[{"href":"https:\/\/bassin-arcachon.com\/ru\/wp-json\/wp\/v2\/types\/agenda"}],"version-history":[{"count":1,"href":"https:\/\/bassin-arcachon.com\/ru\/wp-json\/wp\/v2\/agenda\/244551\/revisions"}],"predecessor-version":[{"id":244789,"href":"https:\/\/bassin-arcachon.com\/ru\/wp-json\/wp\/v2\/agenda\/244551\/revisions\/244789"}],"wp:featuredmedia":[{"embeddable":true,"href":"https:\/\/bassin-arcachon.com\/ru\/wp-json\/wp\/v2\/media\/244552"}],"wp:attachment":[{"href":"https:\/\/bassin-arcachon.com\/ru\/wp-json\/wp\/v2\/media?parent=244551"}],"wp:term":[{"taxonomy":"villea","embeddable":true,"href":"https:\/\/bassin-arcachon.com\/ru\/wp-json\/wp\/v2\/villea?post=244551"},{"taxonomy":"cat-event","embeddable":true,"href":"https:\/\/bassin-arcachon.com\/ru\/wp-json\/wp\/v2\/cat-event?post=244551"}],"curies":[{"name":"WP","href":"https:\/\/api.w.org\/{rel}","templated":true}]}}

Fête de la mer et des littoraux &#8211; Flore des prés salés

<p>Dans le cadre de la Fête de la mer et des littoraux, venez identifier les plantes emblématiques des prés salés.</p>
<p>Tout public – Gratuit &#8211; Inscription obligatoire.<br />
Информация по телефону 05 56 60 18 07.<br />
Место: автостоянка на кольцевой развязке Льеж-Т.</p>

Dans le cadre de la Fête de la mer et des littoraux, venez identifier les plantes emblématiques des prés salés. Tout public – Gratuit &#8211; Inscription obligatoire. Renseignements au 05 [&hellip;]
