{"id":247226,"date":"2026-04-15T12:30:12","date_gmt":"2026-04-15T10:30:12","guid":{"rendered":"https:\/\/bassin-arcachon.com\/agenda-et-sorties\/3eme-fete-des-abeilles-et-de-la-nature\/"},"modified":"2026-04-29T04:39:04","modified_gmt":"2026-04-29T02:39:04","slug":"3eme-fete-des-abeilles-et-de-la-nature","status":"publish","type":"agenda","link":"https:\/\/bassin-arcachon.com\/ru\/agenda-et-sorties\/3eme-fete-des-abeilles-et-de-la-nature\/","title":{"rendered":"3\u00e8me f\u00eate des abeilles et de la nature"},"content":{"rendered":"<p>Dans la continuit\u00e9 de la journ\u00e9e internationale des abeilles et de la semaine de la f\u00eate de la nature du 20 au 25 mai, l&rsquo;Association Coude \u00e0 coude vous propose la 3\u00e8me  f\u00eate des abeilles et de la nature au port des Tuiles \u00e0 Biganos le dimanche 31 mai.<br \/>\nAu programme : pique nique g\u00e9ant, ateliers enfants, apiculture et miel, plantes et jardinage, artisanat nature, biodiversit\u00e9 et \u00e9cologie.<br \/>\nVenez partager votre passion pour la nature et les abeilles. <\/p>","protected":false},"featured_media":247582,"template":"","villea":[2171],"cat-event":[2192],"class_list":["post-247226","agenda","type-agenda","status-publish","has-post-thumbnail","hentry","villea-coeur-de-bassin","cat-event-nature"],"acf":[],"uagb_featured_image_src":{"full":["https:\/\/bassin-arcachon.com\/wp-content\/uploads\/2026\/04\/sirtaqui-2540394696b893350421c6f11834def0.jpg",800,1113,false],"thumbnail":["https:\/\/bassin-arcachon.com\/wp-content\/uploads\/2026\/04\/sirtaqui-2540394696b893350421c6f11834def0-150x150.jpg",150,150,true],"medium":["https:\/\/bassin-arcachon.com\/wp-content\/uploads\/2026\/04\/sirtaqui-2540394696b893350421c6f11834def0-431x600.jpg",431,600,true],"medium_large":["https:\/\/bassin-arcachon.com\/wp-content\/uploads\/2026\/04\/sirtaqui-2540394696b893350421c6f11834def0-768x1068.jpg",768,1068,true],"large":["https:\/\/bassin-arcachon.com\/wp-content\/uploads\/2026\/04\/sirtaqui-2540394696b893350421c6f11834def0-736x1024.jpg",736,1024,true],"1536x1536":["https:\/\/bassin-arcachon.com\/wp-content\/uploads\/2026\/04\/sirtaqui-2540394696b893350421c6f11834def0.jpg",800,1113,false],"2048x2048":["https:\/\/bassin-arcachon.com\/wp-content\/uploads\/2026\/04\/sirtaqui-2540394696b893350421c6f11834def0.jpg",800,1113,false],"trp-custom-language-flag":["https:\/\/bassin-arcachon.com\/wp-content\/uploads\/2026\/04\/sirtaqui-2540394696b893350421c6f11834def0-9x12.jpg",9,12,true]},"uagb_author_info":{"display_name":"","author_link":"https:\/\/bassin-arcachon.com\/ru\/author\/"},"uagb_comment_info":0,"uagb_excerpt":"Dans la continuit\u00e9 de la journ\u00e9e internationale des abeilles et de la semaine de la f\u00eate de la nature du 20 au 25 mai, l&rsquo;Association Coude \u00e0 coude vous propose [&hellip;]","_links":{"self":[{"href":"https:\/\/bassin-arcachon.com\/ru\/wp-json\/wp\/v2\/agenda\/247226","targetHints":{"allow":["GET"]}}],"collection":[{"href":"https:\/\/bassin-arcachon.com\/ru\/wp-json\/wp\/v2\/agenda"}],"about":[{"href":"https:\/\/bassin-arcachon.com\/ru\/wp-json\/wp\/v2\/types\/agenda"}],"version-history":[{"count":1,"href":"https:\/\/bassin-arcachon.com\/ru\/wp-json\/wp\/v2\/agenda\/247226\/revisions"}],"predecessor-version":[{"id":247443,"href":"https:\/\/bassin-arcachon.com\/ru\/wp-json\/wp\/v2\/agenda\/247226\/revisions\/247443"}],"wp:featuredmedia":[{"embeddable":true,"href":"https:\/\/bassin-arcachon.com\/ru\/wp-json\/wp\/v2\/media\/247582"}],"wp:attachment":[{"href":"https:\/\/bassin-arcachon.com\/ru\/wp-json\/wp\/v2\/media?parent=247226"}],"wp:term":[{"taxonomy":"villea","embeddable":true,"href":"https:\/\/bassin-arcachon.com\/ru\/wp-json\/wp\/v2\/villea?post=247226"},{"taxonomy":"cat-event","embeddable":true,"href":"https:\/\/bassin-arcachon.com\/ru\/wp-json\/wp\/v2\/cat-event?post=247226"}],"curies":[{"name":"WP","href":"https:\/\/api.w.org\/{rel}","templated":true}]}}

3ème fête des abeilles et de la nature

<p>Dans la continuité de la journée internationale des abeilles et de la semaine de la fête de la nature du 20 au 25 mai, l&rsquo;Association Coude à coude vous propose la 3ème  fête des abeilles et de la nature au port des Tuiles à Biganos le dimanche 31 mai.<br />
Au programme : pique nique géant, ateliers enfants, apiculture et miel, plantes et jardinage, artisanat nature, biodiversité et écologie.<br />
Venez partager votre passion pour la nature et les abeilles. </p>

Dans la continuité de la journée internationale des abeilles et de la semaine de la fête de la nature du 20 au 25 mai, l&rsquo;Association Coude à coude vous propose [&hellip;]
