{"id":250051,"date":"2026-04-27T17:07:34","date_gmt":"2026-04-27T15:07:34","guid":{"rendered":"https:\/\/bassin-arcachon.com\/agenda-et-sorties\/festival-regarde-5-la-hauteur-de-leau\/"},"modified":"2026-04-29T04:39:54","modified_gmt":"2026-04-29T02:39:54","slug":"festival-regarde-5-la-hauteur-de-leau","status":"publish","type":"agenda","link":"https:\/\/bassin-arcachon.com\/ru\/agenda-et-sorties\/festival-regarde-5-la-hauteur-de-leau\/","title":{"rendered":"Festival Regarde! #5 : la Hauteur de l&rsquo;Eau"},"content":{"rendered":"<p>Dans le cadre du festival Regarde!, festival des arts de l\u2019espace public \u00e0 Ar\u00e8s sur le Bassin d\u2019Arcachon, d\u00e9couvrez la Hauteur de l&rsquo;Eau (Compagnie chevale).<br \/>\n\u00ab\u00a0Quelle est la hauteur de l&rsquo;eau ?\u00a0\u00bb : une question qui fait basculer une vie. Une com\u00e9dienne accompagn\u00e9e par deux musicien.nes vous embarque pour une travers\u00e9e sensible inspir\u00e9e d&rsquo;une histoire vraie.<br \/>\nD\u00e8s 12 ans &#8211; 60 minutes. Gratuit. Restauration et buvette sur place.<\/p>","protected":false},"featured_media":250052,"template":"","villea":[2172],"cat-event":[2191],"class_list":["post-250051","agenda","type-agenda","status-publish","has-post-thumbnail","hentry","villea-ares","cat-event-musique-et-concerts"],"acf":[],"uagb_featured_image_src":{"full":["https:\/\/bassin-arcachon.com\/wp-content\/uploads\/2026\/04\/sirtaqui-93c227abb36125f6795a926aa643002c.jpg",621,879,false],"thumbnail":["https:\/\/bassin-arcachon.com\/wp-content\/uploads\/2026\/04\/sirtaqui-93c227abb36125f6795a926aa643002c-150x150.jpg",150,150,true],"medium":["https:\/\/bassin-arcachon.com\/wp-content\/uploads\/2026\/04\/sirtaqui-93c227abb36125f6795a926aa643002c-424x600.jpg",424,600,true],"medium_large":["https:\/\/bassin-arcachon.com\/wp-content\/uploads\/2026\/04\/sirtaqui-93c227abb36125f6795a926aa643002c.jpg",621,879,false],"large":["https:\/\/bassin-arcachon.com\/wp-content\/uploads\/2026\/04\/sirtaqui-93c227abb36125f6795a926aa643002c.jpg",621,879,false],"1536x1536":["https:\/\/bassin-arcachon.com\/wp-content\/uploads\/2026\/04\/sirtaqui-93c227abb36125f6795a926aa643002c.jpg",621,879,false],"2048x2048":["https:\/\/bassin-arcachon.com\/wp-content\/uploads\/2026\/04\/sirtaqui-93c227abb36125f6795a926aa643002c.jpg",621,879,false],"trp-custom-language-flag":["https:\/\/bassin-arcachon.com\/wp-content\/uploads\/2026\/04\/sirtaqui-93c227abb36125f6795a926aa643002c-8x12.jpg",8,12,true]},"uagb_author_info":{"display_name":"","author_link":"https:\/\/bassin-arcachon.com\/ru\/author\/"},"uagb_comment_info":0,"uagb_excerpt":"Dans le cadre du festival Regarde!, festival des arts de l\u2019espace public \u00e0 Ar\u00e8s sur le Bassin d\u2019Arcachon, d\u00e9couvrez la Hauteur de l&rsquo;Eau (Compagnie chevale). \u00ab\u00a0Quelle est la hauteur de [&hellip;]","_links":{"self":[{"href":"https:\/\/bassin-arcachon.com\/ru\/wp-json\/wp\/v2\/agenda\/250051","targetHints":{"allow":["GET"]}}],"collection":[{"href":"https:\/\/bassin-arcachon.com\/ru\/wp-json\/wp\/v2\/agenda"}],"about":[{"href":"https:\/\/bassin-arcachon.com\/ru\/wp-json\/wp\/v2\/types\/agenda"}],"version-history":[{"count":1,"href":"https:\/\/bassin-arcachon.com\/ru\/wp-json\/wp\/v2\/agenda\/250051\/revisions"}],"predecessor-version":[{"id":250301,"href":"https:\/\/bassin-arcachon.com\/ru\/wp-json\/wp\/v2\/agenda\/250051\/revisions\/250301"}],"wp:featuredmedia":[{"embeddable":true,"href":"https:\/\/bassin-arcachon.com\/ru\/wp-json\/wp\/v2\/media\/250052"}],"wp:attachment":[{"href":"https:\/\/bassin-arcachon.com\/ru\/wp-json\/wp\/v2\/media?parent=250051"}],"wp:term":[{"taxonomy":"villea","embeddable":true,"href":"https:\/\/bassin-arcachon.com\/ru\/wp-json\/wp\/v2\/villea?post=250051"},{"taxonomy":"cat-event","embeddable":true,"href":"https:\/\/bassin-arcachon.com\/ru\/wp-json\/wp\/v2\/cat-event?post=250051"}],"curies":[{"name":"WP","href":"https:\/\/api.w.org\/{rel}","templated":true}]}}

<p>Dans le cadre du festival Regarde!, festival des arts de l’espace public à Arès sur le Bassin d’Arcachon, découvrez la Hauteur de l&rsquo;Eau (Compagnie chevale).<br />
« Quelle est la hauteur de l&rsquo;eau ? » : une question qui fait basculer une vie. Une comédienne accompagnée par deux musicien.nes vous embarque pour une traversée sensible inspirée d&rsquo;une histoire vraie.<br />
Dès 12 ans &#8211; 60 minutes. Gratuit. Restauration et buvette sur place.</p>

Dans le cadre du festival Regarde!, festival des arts de l’espace public à Arès sur le Bassin d’Arcachon, découvrez la Hauteur de l&rsquo;Eau (Compagnie chevale). « Quelle est la hauteur de [&hellip;]
