{"id":201100,"date":"2025-12-04T12:23:10","date_gmt":"2025-12-04T11:23:10","guid":{"rendered":"https:\/\/bassin-arcachon.com\/agenda-et-sorties\/couleurs-dazur-le-midi-dans-limaginaire-des-artistes\/"},"modified":"2026-04-29T04:35:40","modified_gmt":"2026-04-29T02:35:40","slug":"couleurs-dazur-le-midi-dans-limaginaire-des-artistes","status":"publish","type":"agenda","link":"https:\/\/bassin-arcachon.com\/zh\/agenda-et-sorties\/couleurs-dazur-le-midi-dans-limaginaire-des-artistes\/","title":{"rendered":"Couleurs d&rsquo;azur : le Midi dans l&rsquo;imaginaire des artistes"},"content":{"rendered":"<p>Conf\u00e9rence Histoire de l&rsquo;Art par Formes et Couleurs,<br \/>\nCouleurs d&rsquo;azur : le Midi dans l&rsquo;imaginaire des artistes (Van Gogh, C\u00e9zanne, Nicolas de Sta\u00ebl&#8230;<\/p>\n<p>\u4ece\u963f\u5c14\u52d2\u523a\u773c\u7684\u5149\u7ebf\u5230\u827e\u514b\u65af\u6e29\u67d4\u7684\u5c71\u4e18\uff0c\u6cd5\u56fd\u5357\u90e8\u5438\u5f15\u7740\u4e00\u4ee3\u53c8\u4e00\u4ee3\u753b\u5bb6\u53bb\u5bfb\u627e\u7a7a\u95f4\u3001\u8272\u5f69\u548c\u529b\u5ea6\u3002\u5728\u68b5\u9ad8\u773c\u4e2d\uff0c\u6cd5\u56fd\u5357\u90e8\u662f\u4e00\u7247\u706b\u70ed\u7684\u571f\u5730\uff1b\u5728\u585e\u5c1a\u773c\u4e2d\uff0c\u6cd5\u56fd\u5357\u90e8\u662f\u4e00\u5ea7\u5bc2\u9759\u7684\u5efa\u7b51\uff1b\u5728\u5c3c\u53e4\u62c9\u65af-\u5fb7-\u65af\u5854\u57c3\u5c14\u773c\u4e2d\uff0c\u6cd5\u56fd\u5357\u90e8\u662f\u88ab\u5149\u7ebf\u6ecb\u517b\u7684\u62bd\u8c61\u753b\u3002\u672c\u8bb2\u5ea7\u5c06\u901a\u8fc7\u827a\u672f\u5bb6\u4eec\u7684\u89c6\u89d2\uff0c\u5728\u9050\u60f3\u3001\u73b0\u4ee3\u6027\u548c\u7ed8\u753b\u8ffd\u6c42\u4e4b\u95f4\uff0c\u4e3a\u60a8\u63d0\u4f9b\u4e00\u6b21\u91cd\u5851\u5357\u65b9\u7684\u65c5\u7a0b\u3002\u5728\u771f\u5b9e\u7684\u98ce\u666f\u548c\u7075\u9b42\u7684\u98ce\u666f\u4e4b\u95f4\uff0c\u7c73\u8fea\u6cb3\u4e0d\u4ec5\u4ec5\u662f\u4e00\u4e2a\u80cc\u666f\uff1a\u5b83\u53d8\u6210\u4e86\u4e00\u4e2a\u9732\u5929\u5de5\u4f5c\u5ba4\uff0c\u4e00\u4e2a\u53d6\u4e4b\u4e0d\u5c3d\u7684\u7075\u611f\u548c\u827a\u672f\u66f4\u65b0\u7684\u6e90\u6cc9\u3002.<\/p>","protected":false},"featured_media":228982,"template":"","villea":[2175],"cat-event":[2188],"class_list":["post-201100","agenda","type-agenda","status-publish","has-post-thumbnail","hentry","villea-andernos-les-bains","cat-event-culture"],"acf":[],"uagb_featured_image_src":{"full":["https:\/\/bassin-arcachon.com\/wp-content\/uploads\/2026\/01\/sirtaqui-b9c62299de169b5d89b60647f3051122.jpg",768,548,false],"thumbnail":["https:\/\/bassin-arcachon.com\/wp-content\/uploads\/2026\/01\/sirtaqui-b9c62299de169b5d89b60647f3051122-150x150.jpg",150,150,true],"medium":["https:\/\/bassin-arcachon.com\/wp-content\/uploads\/2026\/01\/sirtaqui-b9c62299de169b5d89b60647f3051122-600x428.jpg",600,428,true],"medium_large":["https:\/\/bassin-arcachon.com\/wp-content\/uploads\/2026\/01\/sirtaqui-b9c62299de169b5d89b60647f3051122.jpg",768,548,false],"large":["https:\/\/bassin-arcachon.com\/wp-content\/uploads\/2026\/01\/sirtaqui-b9c62299de169b5d89b60647f3051122.jpg",768,548,false],"1536x1536":["https:\/\/bassin-arcachon.com\/wp-content\/uploads\/2026\/01\/sirtaqui-b9c62299de169b5d89b60647f3051122.jpg",768,548,false],"2048x2048":["https:\/\/bassin-arcachon.com\/wp-content\/uploads\/2026\/01\/sirtaqui-b9c62299de169b5d89b60647f3051122.jpg",768,548,false],"trp-custom-language-flag":["https:\/\/bassin-arcachon.com\/wp-content\/uploads\/2026\/01\/sirtaqui-b9c62299de169b5d89b60647f3051122-18x12.jpg",18,12,true]},"uagb_author_info":{"display_name":"","author_link":"https:\/\/bassin-arcachon.com\/zh\/author\/"},"uagb_comment_info":0,"uagb_excerpt":"Conf\u00e9rence Histoire de l&rsquo;Art par Formes et Couleurs, Couleurs d&rsquo;azur : le Midi dans l&rsquo;imaginaire des artistes (Van Gogh, C\u00e9zanne, Nicolas de Sta\u00ebl&#8230; De la lumi\u00e8re crue d\u2019Arles \u00e0 la [&hellip;]","_links":{"self":[{"href":"https:\/\/bassin-arcachon.com\/zh\/wp-json\/wp\/v2\/agenda\/201100","targetHints":{"allow":["GET"]}}],"collection":[{"href":"https:\/\/bassin-arcachon.com\/zh\/wp-json\/wp\/v2\/agenda"}],"about":[{"href":"https:\/\/bassin-arcachon.com\/zh\/wp-json\/wp\/v2\/types\/agenda"}],"version-history":[{"count":1,"href":"https:\/\/bassin-arcachon.com\/zh\/wp-json\/wp\/v2\/agenda\/201100\/revisions"}],"predecessor-version":[{"id":201319,"href":"https:\/\/bassin-arcachon.com\/zh\/wp-json\/wp\/v2\/agenda\/201100\/revisions\/201319"}],"wp:featuredmedia":[{"embeddable":true,"href":"https:\/\/bassin-arcachon.com\/zh\/wp-json\/wp\/v2\/media\/228982"}],"wp:attachment":[{"href":"https:\/\/bassin-arcachon.com\/zh\/wp-json\/wp\/v2\/media?parent=201100"}],"wp:term":[{"taxonomy":"villea","embeddable":true,"href":"https:\/\/bassin-arcachon.com\/zh\/wp-json\/wp\/v2\/villea?post=201100"},{"taxonomy":"cat-event","embeddable":true,"href":"https:\/\/bassin-arcachon.com\/zh\/wp-json\/wp\/v2\/cat-event?post=201100"}],"curies":[{"name":"\u53ef\u6e7f\u6027\u7c89\u5242","href":"https:\/\/api.w.org\/{rel}","templated":true}]}}

<p>Conférence Histoire de l&rsquo;Art par Formes et Couleurs,<br />
Couleurs d&rsquo;azur : le Midi dans l&rsquo;imaginaire des artistes (Van Gogh, Cézanne, Nicolas de Staël&#8230;</p>
<p>从阿尔勒刺眼的光线到艾克斯温柔的山丘，法国南部吸引着一代又一代画家去寻找空间、色彩和力度。在梵高眼中，法国南部是一片火热的土地；在塞尚眼中，法国南部是一座寂静的建筑；在尼古拉斯-德-斯塔埃尔眼中，法国南部是被光线滋养的抽象画。本讲座将通过艺术家们的视角，在遐想、现代性和绘画追求之间，为您提供一次重塑南方的旅程。在真实的风景和灵魂的风景之间，米迪河不仅仅是一个背景：它变成了一个露天工作室，一个取之不尽的灵感和艺术更新的源泉。.</p>

Conférence Histoire de l&rsquo;Art par Formes et Couleurs, Couleurs d&rsquo;azur : le Midi dans l&rsquo;imaginaire des artistes (Van Gogh, Cézanne, Nicolas de Staël&#8230; De la lumière crue d’Arles à la [&hellip;]

可湿性粉剂
