{"id":244328,"date":"2021-07-01T16:16:59","date_gmt":"2021-07-01T14:16:59","guid":{"rendered":"https:\/\/bassin-arcachon.com\/agenda-et-sorties\/fete-du-monde-de-la-mer\/"},"modified":"2026-04-29T04:31:22","modified_gmt":"2026-04-29T02:31:22","slug":"fete-du-monde-de-la-mer","status":"publish","type":"agenda","link":"https:\/\/bassin-arcachon.com\/zh\/agenda-et-sorties\/fete-du-monde-de-la-mer\/","title":{"rendered":"F\u00eate du Monde de la Mer"},"content":{"rendered":"<p>La ville d&rsquo;Arcachon rend hommage aux marins disparus lors d&rsquo;une c\u00e9r\u00e9monie solennelle \u00e0 l&rsquo;occasion de la F\u00eate du Monde de la Mer.<\/p>\n<p>Au programme de la matin\u00e9e :<br \/>\n&#8211; 10h : Messe pour les P\u00e9ris en Mer, sous la halle.<br \/>\n&#8211; 11h : B\u00e9n\u00e9diction de la Mer, pri\u00e8re pour les P\u00e9ris en Mer et jeter d\u2019une couronne de fleurs. Pr\u00e9sence de l\u2019Orchestre d\u2019Harmonie d\u2019Arcachon.<\/p>","protected":false},"featured_media":244329,"template":"","villea":[2176],"cat-event":[2194],"class_list":["post-244328","agenda","type-agenda","status-publish","has-post-thumbnail","hentry","villea-arcachon","cat-event-traditions-et-folklore"],"acf":[],"uagb_featured_image_src":{"full":["https:\/\/bassin-arcachon.com\/wp-content\/uploads\/2026\/04\/sirtaqui-d95cdc9ab17c6ea8cd7559b23edfc7f9.jpg",800,600,false],"thumbnail":["https:\/\/bassin-arcachon.com\/wp-content\/uploads\/2026\/04\/sirtaqui-d95cdc9ab17c6ea8cd7559b23edfc7f9-150x150.jpg",150,150,true],"medium":["https:\/\/bassin-arcachon.com\/wp-content\/uploads\/2026\/04\/sirtaqui-d95cdc9ab17c6ea8cd7559b23edfc7f9-600x450.jpg",600,450,true],"medium_large":["https:\/\/bassin-arcachon.com\/wp-content\/uploads\/2026\/04\/sirtaqui-d95cdc9ab17c6ea8cd7559b23edfc7f9-768x576.jpg",768,576,true],"large":["https:\/\/bassin-arcachon.com\/wp-content\/uploads\/2026\/04\/sirtaqui-d95cdc9ab17c6ea8cd7559b23edfc7f9.jpg",800,600,false],"1536x1536":["https:\/\/bassin-arcachon.com\/wp-content\/uploads\/2026\/04\/sirtaqui-d95cdc9ab17c6ea8cd7559b23edfc7f9.jpg",800,600,false],"2048x2048":["https:\/\/bassin-arcachon.com\/wp-content\/uploads\/2026\/04\/sirtaqui-d95cdc9ab17c6ea8cd7559b23edfc7f9.jpg",800,600,false],"trp-custom-language-flag":["https:\/\/bassin-arcachon.com\/wp-content\/uploads\/2026\/04\/sirtaqui-d95cdc9ab17c6ea8cd7559b23edfc7f9-16x12.jpg",16,12,true]},"uagb_author_info":{"display_name":"","author_link":"https:\/\/bassin-arcachon.com\/zh\/author\/"},"uagb_comment_info":0,"uagb_excerpt":"La ville d&rsquo;Arcachon rend hommage aux marins disparus lors d&rsquo;une c\u00e9r\u00e9monie solennelle \u00e0 l&rsquo;occasion de la F\u00eate du Monde de la Mer. Au programme de la matin\u00e9e : &#8211; 10h [&hellip;]","_links":{"self":[{"href":"https:\/\/bassin-arcachon.com\/zh\/wp-json\/wp\/v2\/agenda\/244328","targetHints":{"allow":["GET"]}}],"collection":[{"href":"https:\/\/bassin-arcachon.com\/zh\/wp-json\/wp\/v2\/agenda"}],"about":[{"href":"https:\/\/bassin-arcachon.com\/zh\/wp-json\/wp\/v2\/types\/agenda"}],"version-history":[{"count":1,"href":"https:\/\/bassin-arcachon.com\/zh\/wp-json\/wp\/v2\/agenda\/244328\/revisions"}],"predecessor-version":[{"id":244471,"href":"https:\/\/bassin-arcachon.com\/zh\/wp-json\/wp\/v2\/agenda\/244328\/revisions\/244471"}],"wp:featuredmedia":[{"embeddable":true,"href":"https:\/\/bassin-arcachon.com\/zh\/wp-json\/wp\/v2\/media\/244329"}],"wp:attachment":[{"href":"https:\/\/bassin-arcachon.com\/zh\/wp-json\/wp\/v2\/media?parent=244328"}],"wp:term":[{"taxonomy":"villea","embeddable":true,"href":"https:\/\/bassin-arcachon.com\/zh\/wp-json\/wp\/v2\/villea?post=244328"},{"taxonomy":"cat-event","embeddable":true,"href":"https:\/\/bassin-arcachon.com\/zh\/wp-json\/wp\/v2\/cat-event?post=244328"}],"curies":[{"name":"\u53ef\u6e7f\u6027\u7c89\u5242","href":"https:\/\/api.w.org\/{rel}","templated":true}]}}

Fête du Monde de la Mer

<p>La ville d&rsquo;Arcachon rend hommage aux marins disparus lors d&rsquo;une cérémonie solennelle à l&rsquo;occasion de la Fête du Monde de la Mer.</p>
<p>Au programme de la matinée :<br />
&#8211; 10h : Messe pour les Péris en Mer, sous la halle.<br />
&#8211; 11h : Bénédiction de la Mer, prière pour les Péris en Mer et jeter d’une couronne de fleurs. Présence de l’Orchestre d’Harmonie d’Arcachon.</p>

La ville d&rsquo;Arcachon rend hommage aux marins disparus lors d&rsquo;une cérémonie solennelle à l&rsquo;occasion de la Fête du Monde de la Mer. Au programme de la matinée : &#8211; 10h [&hellip;]

可湿性粉剂
